INSERT INTO `coursereg` (`courseregid`, `sectionid`, `studentid`, `currentsemesterid`, `courseid`, `electivesub`, `forthsub`) VALUES
('146575282716-2683-BUS-83ICT-275', '1465752827', '16-2683-BUS-83', 'XI-CLASS', 'ICT-275', '0', '0'),
('146575282716-2683-BUS-83ACT-253', '1465752827', '16-2683-BUS-83', 'XI-CLASS', 'ACT-253', '1', '0'),
('146575282716-2683-BUS-83FIN-292', '1465752827', '16-2683-BUS-83', 'XI-CLASS', 'FIN-292', '1', '0'),
('146575282716-2683-BUS-83BPP-277', '1465752827', '16-2683-BUS-83', 'XI-CLASS', 'BPP-277', '1', '0'),
('146575282716-2683-BUS-83MKT-286', '1465752827', '16-2683-BUS-83', 'XI-CLASS', 'MKT-286', '0', '1'),
('146575282716-2683-BUS-83BAN-102', '1465752827', '16-2683-BUS-83', 'XII-CLASS', 'BAN-102', '0', '0'),
('146575282716-2683-BUS-83ENG-108', '1465752827', '16-2683-BUS-83', 'XII-CLASS', 'ENG-108', '0', '0'),
('146575282716-2683-BUS-83ICT:275', '1465752827', '16-2683-BUS-83', 'XII-CLASS', 'ICT:275', '0', '0'),
('146575282716-2683-BUS-83ACT-254', '1465752827', '16-2683-BUS-83', 'XII-CLASS', 'ACT-254', '1', '0'),
('146575282716-2683-BUS-83FIN-293', '1465752827', '16-2683-BUS-83', 'XII-CLASS', 'FIN-293', '1', '0'),
('146575282716-2683-BUS-83BPP-278', '1465752827', '16-2683-BUS-83', 'XII-CLASS', 'BPP-278', '1', '0'),
('146575282716-2683-BUS-83MKT-287', '1465752827', '16-2683-BUS-83', 'XII-CLASS', 'MKT-287', '0', '1'),
('146575285116-3130-HUM-30ISS-249', '1465752851', '16-3130-HUM-30', 'XI-CLASS', 'ISS-249', '0', '1'),
('146575285116-3130-HUM-30SOW-271', '1465752851', '16-3130-HUM-30', 'XI-CLASS', 'SOW-271', '1', '0'),
('146575285116-3130-HUM-30ISH-267', '1465752851', '16-3130-HUM-30', 'XI-CLASS', 'ISH-267', '1', '0'),
('146575285116-3130-HUM-30CIV-269', '1465752851', '16-3130-HUM-30', 'XI-CLASS', 'CIV-269', '1', '0'),
('146575285116-3130-HUM-30ICT-275', '1465752851', '16-3130-HUM-30', 'XI-CLASS', 'ICT-275', '0', '0'),
('146575285116-3130-HUM-30ENG-107', '1465752851', '16-3130-HUM-30', 'XI-CLASS', 'ENG-107', '0', '0'),
('146575285116-3130-HUM-30BAN-101', '1465752851', '16-3130-HUM-30', 'XI-CLASS', 'BAN-101', '0', '0'),
('146575285116-3130-HUM-30ISS-250', '1465752851', '16-3130-HUM-30', 'XII-CLASS', 'ISS-250', '0', '1'),
('146575285116-3130-HUM-30SOW-272', '1465752851', '16-3130-HUM-30', 'XII-CLASS', 'SOW-272', '1', '0'),
('146575285116-3130-HUM-30ISH-268', '1465752851', '16-3130-HUM-30', 'XII-CLASS', 'ISH-268', '1', '0'),
('146575285116-3130-HUM-30CIV-270', '1465752851', '16-3130-HUM-30', 'XII-CLASS', 'CIV-270', '1', '0'),
('146575285116-3130-HUM-30ICT:275', '1465752851', '16-3130-HUM-30', 'XII-CLASS', 'ICT:275', '0', '0'),
('146575285116-3130-HUM-30ENG-108', '1465752851', '16-3130-HUM-30', 'XII-CLASS', 'ENG-108', '0', '0'),
('146575285116-3130-HUM-30BAN-102', '1465752851', '16-3130-HUM-30', 'XII-CLASS', 'BAN-102', '0', '0'),
('146575282716-2678-BUS-73MKT-286', '1465752827', '16-2678-BUS-73', 'XI-CLASS', 'MKT-286', '0', '1'),
('146575282716-2678-BUS-73BPP-277', '1465752827', '16-2678-BUS-73', 'XI-CLASS', 'BPP-277', '1', '0'),
('146575282716-2678-BUS-73FIN-292', '1465752827', '16-2678-BUS-73', 'XI-CLASS', 'FIN-292', '1', '0'),
('146575282716-2678-BUS-73ACT-253', '1465752827', '16-2678-BUS-73', 'XI-CLASS', 'ACT-253', '1', '0'),
('146575282716-2678-BUS-73ICT-275', '1465752827', '16-2678-BUS-73', 'XI-CLASS', 'ICT-275', '0', '0'),
('146575282716-2678-BUS-73ENG-107', '1465752827', '16-2678-BUS-73', 'XI-CLASS', 'ENG-107', '0', '0'),
('146575282716-2678-BUS-73BAN-101', '1465752827', '16-2678-BUS-73', 'XI-CLASS', 'BAN-101', '0', '0'),
('146575282716-2678-BUS-73MKT-287', '1465752827', '16-2678-BUS-73', 'XII-CLASS', 'MKT-287', '0', '1'),
('146575282716-2678-BUS-73BPP-278', '1465752827', '16-2678-BUS-73', 'XII-CLASS', 'BPP-278', '1', '0'),
('146575282716-2678-BUS-73FIN-293', '1465752827', '16-2678-BUS-73', 'XII-CLASS', 'FIN-293', '1', '0'),
('146575282716-2678-BUS-73ACT-254', '1465752827', '16-2678-BUS-73', 'XII-CLASS', 'ACT-254', '1', '0'),
('146575282716-2678-BUS-73ICT:275', '1465752827', '16-2678-BUS-73', 'XII-CLASS', 'ICT:275', '0', '0'),
('146575282716-2678-BUS-73ENG-108', '1465752827', '16-2678-BUS-73', 'XII-CLASS', 'ENG-108', '0', '0'),
('146575282716-2678-BUS-73BAN-102', '1465752827', '16-2678-BUS-73', 'XII-CLASS', 'BAN-102', '0', '0'),
('146575282716-2218-BUS-61MKT-286', '1465752827', '16-2218-BUS-61', 'XI-CLASS', 'MKT-286', '0', '1'),
('146575282716-2218-BUS-61BPP-277', '1465752827', '16-2218-BUS-61', 'XI-CLASS', 'BPP-277', '1', '0'),
('146575282716-2218-BUS-61FIN-292', '1465752827', '16-2218-BUS-61', 'XI-CLASS', 'FIN-292', '1', '0'),
('146575282716-2218-BUS-61ACT-253', '1465752827', '16-2218-BUS-61', 'XI-CLASS', 'ACT-253', '1', '0'),
('146575282716-2218-BUS-61ICT-275', '1465752827', '16-2218-BUS-61', 'XI-CLASS', 'ICT-275', '0', '0'),
('146575282716-2218-BUS-61ENG-107', '1465752827', '16-2218-BUS-61', 'XI-CLASS', 'ENG-107', '0', '0'),
('146575282716-2218-BUS-61BAN-101', '1465752827', '16-2218-BUS-61', 'XI-CLASS', 'BAN-101', '0', '0'),
('146575282716-2218-BUS-61MKT-287', '1465752827', '16-2218-BUS-61', 'XII-CLASS', 'MKT-287', '0', '1'),
('146575282716-2218-BUS-61BPP-278', '1465752827', '16-2218-BUS-61', 'XII-CLASS', 'BPP-278', '1', '0'),
('146575282716-2218-BUS-61FIN-293', '1465752827', '16-2218-BUS-61', 'XII-CLASS', 'FIN-293', '1', '0'),
('146575282716-2218-BUS-61ACT-254', '1465752827', '16-2218-BUS-61', 'XII-CLASS', 'ACT-254', '1', '0'),
('146575282716-2218-BUS-61ICT:275', '1465752827', '16-2218-BUS-61', 'XII-CLASS', 'ICT:275', '0', '0'),
('146575282716-2218-BUS-61ENG-108', '1465752827', '16-2218-BUS-61', 'XII-CLASS', 'ENG-108', '0', '0'),
('146575282716-2218-BUS-61BAN-102', '1465752827', '16-2218-BUS-61', 'XII-CLASS', 'BAN-102', '0', '0'),
('146575282716-2696-BUS-11BAN-101', '1465752827', '16-2696-BUS-11', 'XI-CLASS', 'BAN-101', '0', '0'),
('146575282716-2696-BUS-11ENG-107', '1465752827', '16-2696-BUS-11', 'XI-CLASS', 'ENG-107', '0', '0'),
('146575282716-2696-BUS-11ICT-275', '1465752827', '16-2696-BUS-11', 'XI-CLASS', 'ICT-275', '0', '0'),
('146575282716-2696-BUS-11ACT-253', '1465752827', '16-2696-BUS-11', 'XI-CLASS', 'ACT-253', '1', '0'),
('146575282716-2696-BUS-11BPP-277', '1465752827', '16-2696-BUS-11', 'XI-CLASS', 'BPP-277', '1', '0'),
('146575282716-2696-BUS-11MKT-286', '1465752827', '16-2696-BUS-11', 'XI-CLASS', 'MKT-286', '1', '0'),
('146575282716-2696-BUS-11FIN-292', '1465752827', '16-2696-BUS-11', 'XI-CLASS', 'FIN-292', '0', '1'),
('146575282716-2696-BUS-11BAN-102', '1465752827', '16-2696-BUS-11', 'XII-CLASS', 'BAN-102', '0', '0'),
('146575282716-2696-BUS-11ENG-108', '1465752827', '16-2696-BUS-11', 'XII-CLASS', 'ENG-108', '0', '0'),
('146575282716-2696-BUS-11ICT:275', '1465752827', '16-2696-BUS-11', 'XII-CLASS', 'ICT:275', '0', '0'),
('146575282716-2696-BUS-11ACT-254', '1465752827', '16-2696-BUS-11', 'XII-CLASS', 'ACT-254', '1', '0'),
('146575282716-2696-BUS-11BPP-278', '1465752827', '16-2696-BUS-11', 'XII-CLASS', 'BPP-278', '1', '0'),
('146575282716-2696-BUS-11MKT-287', '1465752827', '16-2696-BUS-11', 'XII-CLASS', 'MKT-287', '1', '0'),
('146575282716-2696-BUS-11FIN-293', '1465752827', '16-2696-BUS-11', 'XII-CLASS', 'FIN-293', '0', '1'),
('146575279516-1750-SCI-08BAN-101', '1465752795', '16-1750-SCI-08', 'XI-CLASS', 'BAN-101', '0', '0'),
('146575279516-1750-SCI-08ENG-107', '1465752795', '16-1750-SCI-08', 'XI-CLASS', 'ENG-107', '0', '0'),
('146575279516-1750-SCI-08ICT-275', '1465752795', '16-1750-SCI-08', 'XI-CLASS', 'ICT-275', '0', '0'),
('146575279516-1750-SCI-08PHY-174', '1465752795', '16-1750-SCI-08', 'XI-CLASS', 'PHY-174', '1', '0'),
('146575279516-1750-SCI-08CHE-176', '1465752795', '16-1750-SCI-08', 'XI-CLASS', 'CHE-176', '1', '0'),
('146575279516-1750-SCI-08BIO-178', '1465752795', '16-1750-SCI-08', 'XI-CLASS', 'BIO-178', '1', '0'),
('146575279516-1750-SCI-08MAT-127', '1465752795', '16-1750-SCI-08', 'XI-CLASS', 'MAT-127', '0', '1'),
('146575279516-1750-SCI-08BAN-102', '1465752795', '16-1750-SCI-08', 'XII-CLASS', 'BAN-102', '0', '0'),
('146575279516-1750-SCI-08ENG-108', '1465752795', '16-1750-SCI-08', 'XII-CLASS', 'ENG-108', '0', '0'),
('146575279516-1750-SCI-08ICT:275', '1465752795', '16-1750-SCI-08', 'XII-CLASS', 'ICT:275', '0', '0'),
('146575279516-1750-SCI-08PHY-175', '1465752795', '16-1750-SCI-08', 'XII-CLASS', 'PHY-175', '1', '0'),
('146575279516-1750-SCI-08CHE-177', '1465752795', '16-1750-SCI-08', 'XII-CLASS', 'CHE-177', '1', '0'),
('146575279516-1750-SCI-08BIO-179', '1465752795', '16-1750-SCI-08', 'XII-CLASS', 'BIO-179', '1', '0'),
('146575279516-1750-SCI-08MAT-128', '1465752795', '16-1750-SCI-08', 'XII-CLASS', 'MAT-128', '0', '1'),
('146575285116-3141-HUM-01ISS-249', '1465752851', '16-3141-HUM-01', 'XI-CLASS', 'ISS-249', '0', '1'),
('146575285116-3141-HUM-01SOW-271', '1465752851', '16-3141-HUM-01', 'XI-CLASS', 'SOW-271', '1', '0'),
('146575285116-3141-HUM-01ISH-267', '1465752851', '16-3141-HUM-01', 'XI-CLASS', 'ISH-267', '1', '0'),
('146575285116-3141-HUM-01CIV-269', '1465752851', '16-3141-HUM-01', 'XI-CLASS', 'CIV-269', '1', '0'),
('146575285116-3141-HUM-01ICT-275', '1465752851', '16-3141-HUM-01', 'XI-CLASS', 'ICT-275', '0', '0'),
('146575285116-3141-HUM-01ENG-107', '1465752851', '16-3141-HUM-01', 'XI-CLASS', 'ENG-107', '0', '0'),
('146575285116-3141-HUM-01BAN-101', '1465752851', '16-3141-HUM-01', 'XI-CLASS', 'BAN-101', '0', '0'),
('146575285116-3141-HUM-01ISS-250', '1465752851', '16-3141-HUM-01', 'XII-CLASS', 'ISS-250', '0', '1'),
('146575285116-3141-HUM-01SOW-272', '1465752851', '16-3141-HUM-01', 'XII-CLASS', 'SOW-272', '1', '0'),
('146575285116-3141-HUM-01ISH-268', '1465752851', '16-3141-HUM-01', 'XII-CLASS', 'ISH-268', '1', '0'),
('146575285116-3141-HUM-01CIV-270', '1465752851', '16-3141-HUM-01', 'XII-CLASS', 'CIV-270', '1', '0'),
('146575285116-3141-HUM-01ICT:275', '1465752851', '16-3141-HUM-01', 'XII-CLASS', 'ICT:275', '0', '0'),
('146575285116-3141-HUM-01ENG-108', '1465752851', '16-3141-HUM-01', 'XII-CLASS', 'ENG-108', '0', '0'),
('146575285116-3141-HUM-01BAN-102', '1465752851', '16-3141-HUM-01', 'XII-CLASS', 'BAN-102', '0', '0'),
('146575285116-3138-HUM-83BAN-101', '1465752851', '16-3138-HUM-83', 'XI-CLASS', 'BAN-101', '0', '0'),
('146575285116-3138-HUM-83ENG-107', '1465752851', '16-3138-HUM-83', 'XI-CLASS', 'ENG-107', '0', '0'),
('146575285116-3138-HUM-83ICT-275', '1465752851', '16-3138-HUM-83', 'XI-CLASS', 'ICT-275', '0', '0'),
('146575285116-3138-HUM-83ECO:109', '1465752851', '16-3138-HUM-83', 'XI-CLASS', 'ECO:109', '1', '0'),
('146575285116-3138-HUM-83CIV-269', '1465752851', '16-3138-HUM-83', 'XI-CLASS', 'CIV-269', '1', '0'),
('146575285116-3138-HUM-83SOW-271', '1465752851', '16-3138-HUM-83', 'XI-CLASS', 'SOW-271', '1', '0'),
('146575285116-3138-HUM-83STA:129', '1465752851', '16-3138-HUM-83', 'XI-CLASS', 'STA:129', '0', '1'),
('146575285116-3138-HUM-83BAN-102', '1465752851', '16-3138-HUM-83', 'XII-CLASS', 'BAN-102', '0', '0'),
('146575285116-3138-HUM-83ENG-108', '1465752851', '16-3138-HUM-83', 'XII-CLASS', 'ENG-108', '0', '0'),
('146575285116-3138-HUM-83ICT:275', '1465752851', '16-3138-HUM-83', 'XII-CLASS', 'ICT:275', '0', '0'),
('146575285116-3138-HUM-83ECO:110', '1465752851', '16-3138-HUM-83', 'XII-CLASS', 'ECO:110', '1', '0'),
('146575285116-3138-HUM-83CIV-270', '1465752851', '16-3138-HUM-83', 'XII-CLASS', 'CIV-270', '1', '0'),
('146575285116-3138-HUM-83SOW-272', '1465752851', '16-3138-HUM-83', 'XII-CLASS', 'SOW-272', '1', '0'),
('146575285116-3138-HUM-83STA:130', '1465752851', '16-3138-HUM-83', 'XII-CLASS', 'STA:130', '0', '1'),
('146575286916-3623-HUM-27ECO:109', '1465752869', '16-3623-HUM-27', 'XI-CLASS', 'ECO:109', '0', '1'),
('146575286916-3623-HUM-27SOW-271', '1465752869', '16-3623-HUM-27', 'XI-CLASS', 'SOW-271', '1', '0'),
('146575286916-3623-HUM-27ISH-267', '1465752869', '16-3623-HUM-27', 'XI-CLASS', 'ISH-267', '1', '0'),
('146575286916-3623-HUM-27CIV-269', '1465752869', '16-3623-HUM-27', 'XI-CLASS', 'CIV-269', '1', '0'),
('146575286916-3623-HUM-27ICT-275', '1465752869', '16-3623-HUM-27', 'XI-CLASS', 'ICT-275', '0', '0'),
('146575286916-3623-HUM-27ENG-107', '1465752869', '16-3623-HUM-27', 'XI-CLASS', 'ENG-107', '0', '0'),
('146575286916-3623-HUM-27BAN-101', '1465752869', '16-3623-HUM-27', 'XI-CLASS', 'BAN-101', '0', '0'),
('146575286916-3623-HUM-27ECO:110', '1465752869', '16-3623-HUM-27', 'XII-CLASS', 'ECO:110', '0', '1'),
('146575286916-3623-HUM-27SOW-272', '1465752869', '16-3623-HUM-27', 'XII-CLASS', 'SOW-272', '1', '0'),
('146575286916-3623-HUM-27ISH-268', '1465752869', '16-3623-HUM-27', 'XII-CLASS', 'ISH-268', '1', '0'),
('146575286916-3623-HUM-27CIV-270', '1465752869', '16-3623-HUM-27', 'XII-CLASS', 'CIV-270', '1', '0'),
('146575286916-3623-HUM-27ICT:275', '1465752869', '16-3623-HUM-27', 'XII-CLASS', 'ICT:275', '0', '0'),
('146575286916-3623-HUM-27ENG-108', '1465752869', '16-3623-HUM-27', 'XII-CLASS', 'ENG-108', '0', '0'),
('146575286916-3623-HUM-27BAN-102', '1465752869', '16-3623-HUM-27', 'XII-CLASS', 'BAN-102', '0', '0'),
('146575282716-2697-BUS-58MKT-286', '1465752827', '16-2697-BUS-58', 'XI-CLASS', 'MKT-286', '0', '1'),
('146575282716-2697-BUS-58FIN-292', '1465752827', '16-2697-BUS-58', 'XI-CLASS', 'FIN-292', '1', '0'),
('146575282716-2697-BUS-58BPP-277', '1465752827', '16-2697-BUS-58', 'XI-CLASS', 'BPP-277', '1', '0'),
('146575282716-2697-BUS-58ACT-253', '1465752827', '16-2697-BUS-58', 'XI-CLASS', 'ACT-253', '1', '0'),
('146575282716-2697-BUS-58ICT-275', '1465752827', '16-2697-BUS-58', 'XI-CLASS', 'ICT-275', '0', '0'),
('146575282716-2697-BUS-58ENG-107', '1465752827', '16-2697-BUS-58', 'XI-CLASS', 'ENG-107', '0', '0'),
('146575282716-2697-BUS-58BAN-101', '1465752827', '16-2697-BUS-58', 'XI-CLASS', 'BAN-101', '0', '0'),
('146575282716-2697-BUS-58MKT-287', '1465752827', '16-2697-BUS-58', 'XII-CLASS', 'MKT-287', '0', '1'),
('146575282716-2697-BUS-58FIN-293', '1465752827', '16-2697-BUS-58', 'XII-CLASS', 'FIN-293', '1', '0'),
('146575282716-2697-BUS-58BPP-278', '1465752827', '16-2697-BUS-58', 'XII-CLASS', 'BPP-278', '1', '0'),
('146575282716-2697-BUS-58ACT-254', '1465752827', '16-2697-BUS-58', 'XII-CLASS', 'ACT-254', '1', '0'),
('146575282716-2697-BUS-58ICT:275', '1465752827', '16-2697-BUS-58', 'XII-CLASS', 'ICT:275', '0', '0'),
('146575282716-2697-BUS-58ENG-108', '1465752827', '16-2697-BUS-58', 'XII-CLASS', 'ENG-108', '0', '0'),
('146575282716-2697-BUS-58BAN-102', '1465752827', '16-2697-BUS-58', 'XII-CLASS', 'BAN-102', '0', '0'),
('146575282716-2681-BUS-82BAN-101', '1465752827', '16-2681-BUS-82', 'XI-CLASS', 'BAN-101', '0', '0'),
('146575282716-2681-BUS-82ENG-107', '1465752827', '16-2681-BUS-82', 'XI-CLASS', 'ENG-107', '0', '0'),
('146575282716-2681-BUS-82ICT-275', '1465752827', '16-2681-BUS-82', 'XI-CLASS', 'ICT-275', '0', '0'),
('146575282716-2681-BUS-82ACT-253', '1465752827', '16-2681-BUS-82', 'XI-CLASS', 'ACT-253', '1', '0'),
('146575282716-2681-BUS-82BPP-277', '1465752827', '16-2681-BUS-82', 'XI-CLASS', 'BPP-277', '1', '0'),
('146575282716-2681-BUS-82FIN-292', '1465752827', '16-2681-BUS-82', 'XI-CLASS', 'FIN-292', '1', '0'),
('146575282716-2681-BUS-82STA-129', '1465752827', '16-2681-BUS-82', 'XI-CLASS', 'STA-129', '0', '1'),
('146575282716-2681-BUS-82BAN-102', '1465752827', '16-2681-BUS-82', 'XII-CLASS', 'BAN-102', '0', '0'),
('146575282716-2681-BUS-82ENG-108', '1465752827', '16-2681-BUS-82', 'XII-CLASS', 'ENG-108', '0', '0'),
('146575282716-2681-BUS-82ICT:275', '1465752827', '16-2681-BUS-82', 'XII-CLASS', 'ICT:275', '0', '0'),
('146575282716-2681-BUS-82ACT-254', '1465752827', '16-2681-BUS-82', 'XII-CLASS', 'ACT-254', '1', '0'),
('146575282716-2681-BUS-82BPP-278', '1465752827', '16-2681-BUS-82', 'XII-CLASS', 'BPP-278', '1', '0'),
('146575282716-2681-BUS-82FIN-293', '1465752827', '16-2681-BUS-82', 'XII-CLASS', 'FIN-293', '1', '0'),
('146575282716-2681-BUS-82STA-130', '1465752827', '16-2681-BUS-82', 'XII-CLASS', 'STA-130', '0', '1'),
('146575281116-2178-BUS-06BAN-101', '1465752811', '16-2178-BUS-06', 'XI-CLASS', 'BAN-101', '0', '0'),
('146575281116-2178-BUS-06ENG-107', '1465752811', '16-2178-BUS-06', 'XI-CLASS', 'ENG-107', '0', '0'),
('146575281116-2178-BUS-06ICT-275', '1465752811', '16-2178-BUS-06', 'XI-CLASS', 'ICT-275', '0', '0'),
('146575281116-2178-BUS-06ACT-253', '1465752811', '16-2178-BUS-06', 'XI-CLASS', 'ACT-253', '1', '0'),
('146575281116-2178-BUS-06BPP-277', '1465752811', '16-2178-BUS-06', 'XI-CLASS', 'BPP-277', '1', '0'),
('146575281116-2178-BUS-06FIN-292', '1465752811', '16-2178-BUS-06', 'XI-CLASS', 'FIN-292', '1', '0'),
('146575281116-2178-BUS-06ECO-109', '1465752811', '16-2178-BUS-06', 'XI-CLASS', 'ECO-109', '0', '1'),
('146575281116-2178-BUS-06BAN-102', '1465752811', '16-2178-BUS-06', 'XII-CLASS', 'BAN-102', '0', '0'),
('146575281116-2178-BUS-06ENG-108', '1465752811', '16-2178-BUS-06', 'XII-CLASS', 'ENG-108', '0', '0'),
('146575281116-2178-BUS-06ICT:275', '1465752811', '16-2178-BUS-06', 'XII-CLASS', 'ICT:275', '0', '0'),
('146575281116-2178-BUS-06ACT-254', '1465752811', '16-2178-BUS-06', 'XII-CLASS', 'ACT-254', '1', '0'),
('146575281116-2178-BUS-06BPP-278', '1465752811', '16-2178-BUS-06', 'XII-CLASS', 'BPP-278', '1', '0'),
('146575281116-2178-BUS-06FIN-293', '1465752811', '16-2178-BUS-06', 'XII-CLASS', 'FIN-293', '1', '0'),
('146575281116-2178-BUS-06ECO-110', '1465752811', '16-2178-BUS-06', 'XII-CLASS', 'ECO-110', '0', '1'),
('146575282716-2664-BUS-54FIN-293', '1465752827', '16-2664-BUS-54', 'XII-CLASS', 'FIN-293', '1', '0'),
('146575282716-2664-BUS-54BPP-278', '1465752827', '16-2664-BUS-54', 'XII-CLASS', 'BPP-278', '1', '0'),
('146575282716-2664-BUS-54MKT-286', '1465752827', '16-2664-BUS-54', 'XI-CLASS', 'MKT-286', '0', '1'),
('146575282716-2664-BUS-54FIN-292', '1465752827', '16-2664-BUS-54', 'XI-CLASS', 'FIN-292', '1', '0'),
('146575282716-2664-BUS-54BPP-277', '1465752827', '16-2664-BUS-54', 'XI-CLASS', 'BPP-277', '1', '0'),
('146575282716-2664-BUS-54BAN-101', '1465752827', '16-2664-BUS-54', 'XI-CLASS', 'BAN-101', '0', '0'),
('146575282716-2664-BUS-54ENG-107', '1465752827', '16-2664-BUS-54', 'XI-CLASS', 'ENG-107', '0', '0'),
('146575282716-2664-BUS-54ICT-275', '1465752827', '16-2664-BUS-54', 'XI-CLASS', 'ICT-275', '0', '0'),
('146575282716-2664-BUS-54ACT-253', '1465752827', '16-2664-BUS-54', 'XI-CLASS', 'ACT-253', '1', '0'),
('146575282716-2664-BUS-54ACT-254', '1465752827', '16-2664-BUS-54', 'XII-CLASS', 'ACT-254', '1', '0'),
('146575282716-2664-BUS-54ICT:275', '1465752827', '16-2664-BUS-54', 'XII-CLASS', 'ICT:275', '0', '0'),
('146575282716-2664-BUS-54ENG-108', '1465752827', '16-2664-BUS-54', 'XII-CLASS', 'ENG-108', '0', '0'),
('146575282716-2664-BUS-54BAN-102', '1465752827', '16-2664-BUS-54', 'XII-CLASS', 'BAN-102', '0', '0'),
('146575281116-2220-BUS-19BAN-101', '1465752811', '16-2220-BUS-19', 'XI-CLASS', 'BAN-101', '0', '0'),
('146575281116-2220-BUS-19ENG-107', '1465752811', '16-2220-BUS-19', 'XI-CLASS', 'ENG-107', '0', '0'),
('146575281116-2220-BUS-19ICT-275', '1465752811', '16-2220-BUS-19', 'XI-CLASS', 'ICT-275', '0', '0'),
('146575281116-2220-BUS-19ACT-253', '1465752811', '16-2220-BUS-19', 'XI-CLASS', 'ACT-253', '1', '0'),
('146575281116-2220-BUS-19FIN-292', '1465752811', '16-2220-BUS-19', 'XI-CLASS', 'FIN-292', '1', '0'),
('146575281116-2220-BUS-19BPP-277', '1465752811', '16-2220-BUS-19', 'XI-CLASS', 'BPP-277', '1', '0'),
('146575281116-2220-BUS-19MKT-286', '1465752811', '16-2220-BUS-19', 'XI-CLASS', 'MKT-286', '0', '1'),
('146575281116-2220-BUS-19BAN-102', '1465752811', '16-2220-BUS-19', 'XII-CLASS', 'BAN-102', '0', '0'),
('146575281116-2220-BUS-19ENG-108', '1465752811', '16-2220-BUS-19', 'XII-CLASS', 'ENG-108', '0', '0'),
('146575281116-2220-BUS-19ICT:275', '1465752811', '16-2220-BUS-19', 'XII-CLASS', 'ICT:275', '0', '0'),
('146575281116-2220-BUS-19ACT-254', '1465752811', '16-2220-BUS-19', 'XII-CLASS', 'ACT-254', '1', '0'),
('146575281116-2220-BUS-19FIN-293', '1465752811', '16-2220-BUS-19', 'XII-CLASS', 'FIN-293', '1', '0'),
('146575281116-2220-BUS-19BPP-278', '1465752811', '16-2220-BUS-19', 'XII-CLASS', 'BPP-278', '1', '0'),
('146575281116-2220-BUS-19MKT-287', '1465752811', '16-2220-BUS-19', 'XII-CLASS', 'MKT-287', '0', '1'),
('146575281116-2221-BUS-49BAN-101', '1465752811', '16-2221-BUS-49', 'XI-CLASS', 'BAN-101', '0', '0'),
('146575281116-2221-BUS-49ENG-107', '1465752811', '16-2221-BUS-49', 'XI-CLASS', 'ENG-107', '0', '0'),
('146575281116-2221-BUS-49ICT-275', '1465752811', '16-2221-BUS-49', 'XI-CLASS', 'ICT-275', '0', '0'),
('146575281116-2221-BUS-49ACT-253', '1465752811', '16-2221-BUS-49', 'XI-CLASS', 'ACT-253', '1', '0'),
('146575281116-2221-BUS-49FIN-292', '1465752811', '16-2221-BUS-49', 'XI-CLASS', 'FIN-292', '1', '0'),
('146575281116-2221-BUS-49MKT-286', '1465752811', '16-2221-BUS-49', 'XI-CLASS', 'MKT-286', '1', '0'),
('146575281116-2221-BUS-49BPP-277', '1465752811', '16-2221-BUS-49', 'XI-CLASS', 'BPP-277', '0', '1'),
('146575281116-2221-BUS-49BAN-102', '1465752811', '16-2221-BUS-49', 'XII-CLASS', 'BAN-102', '0', '0'),
('146575281116-2221-BUS-49ENG-108', '1465752811', '16-2221-BUS-49', 'XII-CLASS', 'ENG-108', '0', '0'),
('146575281116-2221-BUS-49ICT:275', '1465752811', '16-2221-BUS-49', 'XII-CLASS', 'ICT:275', '0', '0'),
('146575281116-2221-BUS-49ACT-254', '1465752811', '16-2221-BUS-49', 'XII-CLASS', 'ACT-254', '1', '0'),
('146575281116-2221-BUS-49FIN-293', '1465752811', '16-2221-BUS-49', 'XII-CLASS', 'FIN-293', '1', '0'),
('146575281116-2221-BUS-49MKT-287', '1465752811', '16-2221-BUS-49', 'XII-CLASS', 'MKT-287', '1', '0'),
('146575281116-2221-BUS-49BPP-278', '1465752811', '16-2221-BUS-49', 'XII-CLASS', 'BPP-278', '0', '1'),
('146575282716-2691-BUS-35BAN-101', '1465752827', '16-2691-BUS-35', 'XI-CLASS', 'BAN-101', '0', '0'),
('146575282716-2691-BUS-35ENG-107', '1465752827', '16-2691-BUS-35', 'XI-CLASS', 'ENG-107', '0', '0'),
('146575282716-2691-BUS-35ICT-275', '1465752827', '16-2691-BUS-35', 'XI-CLASS', 'ICT-275', '0', '0'),
('146575282716-2691-BUS-35ACT-253', '1465752827', '16-2691-BUS-35', 'XI-CLASS', 'ACT-253', '1', '0'),
('146575282716-2691-BUS-35BPP-277', '1465752827', '16-2691-BUS-35', 'XI-CLASS', 'BPP-277', '1', '0'),
('146575282716-2691-BUS-35FIN-292', '1465752827', '16-2691-BUS-35', 'XI-CLASS', 'FIN-292', '1', '0'),
('146575282716-2691-BUS-35MKT-286', '1465752827', '16-2691-BUS-35', 'XI-CLASS', 'MKT-286', '0', '1'),
('146575282716-2691-BUS-35BAN-102', '1465752827', '16-2691-BUS-35', 'XII-CLASS', 'BAN-102', '0', '0'),
('146575282716-2691-BUS-35ENG-108', '1465752827', '16-2691-BUS-35', 'XII-CLASS', 'ENG-108', '0', '0'),
('146575282716-2691-BUS-35ICT:275', '1465752827', '16-2691-BUS-35', 'XII-CLASS', 'ICT:275', '0', '0'),
('146575282716-2691-BUS-35ACT-254', '1465752827', '16-2691-BUS-35', 'XII-CLASS', 'ACT-254', '1', '0'),
('146575282716-2691-BUS-35BPP-278', '1465752827', '16-2691-BUS-35', 'XII-CLASS', 'BPP-278', '1', '0'),
('146575282716-2691-BUS-35FIN-293', '1465752827', '16-2691-BUS-35', 'XII-CLASS', 'FIN-293', '1', '0'),
('146575282716-2691-BUS-35MKT-287', '1465752827', '16-2691-BUS-35', 'XII-CLASS', 'MKT-287', '0', '1'),
('146575281116-2210-BUS-20MKT-286', '1465752811', '16-2210-BUS-20', 'XI-CLASS', 'MKT-286', '0', '1'),
('146575281116-2210-BUS-20FIN-292', '1465752811', '16-2210-BUS-20', 'XI-CLASS', 'FIN-292', '1', '0'),
('146575281116-2210-BUS-20BPP-277', '1465752811', '16-2210-BUS-20', 'XI-CLASS', 'BPP-277', '1', '0'),
('146575281116-2210-BUS-20ACT-253', '1465752811', '16-2210-BUS-20', 'XI-CLASS', 'ACT-253', '1', '0'),
('146575281116-2210-BUS-20ICT-275', '1465752811', '16-2210-BUS-20', 'XI-CLASS', 'ICT-275', '0', '0'),
('146575281116-2210-BUS-20ENG-107', '1465752811', '16-2210-BUS-20', 'XI-CLASS', 'ENG-107', '0', '0'),
('146575281116-2210-BUS-20BAN-101', '1465752811', '16-2210-BUS-20', 'XI-CLASS', 'BAN-101', '0', '0'),
('146575281116-2210-BUS-20MKT-287', '1465752811', '16-2210-BUS-20', 'XII-CLASS', 'MKT-287', '0', '1'),
('146575281116-2210-BUS-20FIN-293', '1465752811', '16-2210-BUS-20', 'XII-CLASS', 'FIN-293', '1', '0'),
('146575281116-2210-BUS-20BPP-278', '1465752811', '16-2210-BUS-20', 'XII-CLASS', 'BPP-278', '1', '0'),
('146575281116-2210-BUS-20ACT-254', '1465752811', '16-2210-BUS-20', 'XII-CLASS', 'ACT-254', '1', '0'),
('146575281116-2210-BUS-20ICT:275', '1465752811', '16-2210-BUS-20', 'XII-CLASS', 'ICT:275', '0', '0'),
('146575281116-2210-BUS-20ENG-108', '1465752811', '16-2210-BUS-20', 'XII-CLASS', 'ENG-108', '0', '0'),
('146575281116-2210-BUS-20BAN-102', '1465752811', '16-2210-BUS-20', 'XII-CLASS', 'BAN-102', '0', '0'),
('146575282716-2224-BUS-23STA-129', '1465752827', '16-2224-BUS-23', 'XI-CLASS', 'STA-129', '0', '1'),
('146575282716-2224-BUS-23FIN-292', '1465752827', '16-2224-BUS-23', 'XI-CLASS', 'FIN-292', '1', '0'),
('146575282716-2224-BUS-23BPP-277', '1465752827', '16-2224-BUS-23', 'XI-CLASS', 'BPP-277', '1', '0'),
('146575282716-2224-BUS-23ACT-253', '1465752827', '16-2224-BUS-23', 'XI-CLASS', 'ACT-253', '1', '0'),
('146575282716-2224-BUS-23ICT-275', '1465752827', '16-2224-BUS-23', 'XI-CLASS', 'ICT-275', '0', '0'),
('146575282716-2224-BUS-23ENG-107', '1465752827', '16-2224-BUS-23', 'XI-CLASS', 'ENG-107', '0', '0'),
('146575282716-2224-BUS-23BAN-101', '1465752827', '16-2224-BUS-23', 'XI-CLASS', 'BAN-101', '0', '0'),
('146575282716-2224-BUS-23STA-130', '1465752827', '16-2224-BUS-23', 'XII-CLASS', 'STA-130', '0', '1'),
('146575282716-2224-BUS-23FIN-293', '1465752827', '16-2224-BUS-23', 'XII-CLASS', 'FIN-293', '1', '0'),
('146575282716-2224-BUS-23BPP-278', '1465752827', '16-2224-BUS-23', 'XII-CLASS', 'BPP-278', '1', '0'),
('146575282716-2224-BUS-23ACT-254', '1465752827', '16-2224-BUS-23', 'XII-CLASS', 'ACT-254', '1', '0'),
('146575282716-2224-BUS-23ICT:275', '1465752827', '16-2224-BUS-23', 'XII-CLASS', 'ICT:275', '0', '0'),
('146575282716-2224-BUS-23ENG-108', '1465752827', '16-2224-BUS-23', 'XII-CLASS', 'ENG-108', '0', '0'),
('146575282716-2224-BUS-23BAN-102', '1465752827', '16-2224-BUS-23', 'XII-CLASS', 'BAN-102', '0', '0'),
('146575281116-2219-BUS-66BAN-101', '1465752811', '16-2219-BUS-66', 'XI-CLASS', 'BAN-101', '0', '0'),
('146575281116-2219-BUS-66ENG-107', '1465752811', '16-2219-BUS-66', 'XI-CLASS', 'ENG-107', '0', '0'),
('146575281116-2219-BUS-66ICT-275', '1465752811', '16-2219-BUS-66', 'XI-CLASS', 'ICT-275', '0', '0'),
('146575281116-2219-BUS-66ACT-253', '1465752811', '16-2219-BUS-66', 'XI-CLASS', 'ACT-253', '1', '0'),
('146575281116-2219-BUS-66FIN-292', '1465752811', '16-2219-BUS-66', 'XI-CLASS', 'FIN-292', '1', '0'),
('146575281116-2219-BUS-66BPP-277', '1465752811', '16-2219-BUS-66', 'XI-CLASS', 'BPP-277', '1', '0'),
('146575281116-2219-BUS-66MKT-286', '1465752811', '16-2219-BUS-66', 'XI-CLASS', 'MKT-286', '0', '1'),
('146575281116-2219-BUS-66BAN-102', '1465752811', '16-2219-BUS-66', 'XII-CLASS', 'BAN-102', '0', '0'),
('146575281116-2219-BUS-66ENG-108', '1465752811', '16-2219-BUS-66', 'XII-CLASS', 'ENG-108', '0', '0'),
('146575281116-2219-BUS-66ICT:275', '1465752811', '16-2219-BUS-66', 'XII-CLASS', 'ICT:275', '0', '0'),
('146575281116-2219-BUS-66ACT-254', '1465752811', '16-2219-BUS-66', 'XII-CLASS', 'ACT-254', '1', '0'),
('146575281116-2219-BUS-66FIN-293', '1465752811', '16-2219-BUS-66', 'XII-CLASS', 'FIN-293', '1', '0'),
('146575281116-2219-BUS-66BPP-278', '1465752811', '16-2219-BUS-66', 'XII-CLASS', 'BPP-278', '1', '0'),
('146575281116-2219-BUS-66MKT-287', '1465752811', '16-2219-BUS-66', 'XII-CLASS', 'MKT-287', '0', '1'),
('146575286916-3624-HUM-12ISS-249', '1465752869', '16-3624-HUM-12', 'XI-CLASS', 'ISS-249', '0', '1'),
('146575286916-3624-HUM-12CIV-269', '1465752869', '16-3624-HUM-12', 'XI-CLASS', 'CIV-269', '1', '0'),
('146575286916-3624-HUM-12SOW-271', '1465752869', '16-3624-HUM-12', 'XI-CLASS', 'SOW-271', '1', '0'),
('146575286916-3624-HUM-12ECO:109', '1465752869', '16-3624-HUM-12', 'XI-CLASS', 'ECO:109', '1', '0'),
('146575286916-3624-HUM-12ICT-275', '1465752869', '16-3624-HUM-12', 'XI-CLASS', 'ICT-275', '0', '0'),
('146575286916-3624-HUM-12ENG-107', '1465752869', '16-3624-HUM-12', 'XI-CLASS', 'ENG-107', '0', '0'),
('146575286916-3624-HUM-12BAN-101', '1465752869', '16-3624-HUM-12', 'XI-CLASS', 'BAN-101', '0', '0'),
('146575286916-3624-HUM-12ISS-250', '1465752869', '16-3624-HUM-12', 'XII-CLASS', 'ISS-250', '0', '1'),
('146575286916-3624-HUM-12CIV-270', '1465752869', '16-3624-HUM-12', 'XII-CLASS', 'CIV-270', '1', '0'),
('146575286916-3624-HUM-12SOW-272', '1465752869', '16-3624-HUM-12', 'XII-CLASS', 'SOW-272', '1', '0'),
('146575286916-3624-HUM-12ECO:110', '1465752869', '16-3624-HUM-12', 'XII-CLASS', 'ECO:110', '1', '0'),
('146575286916-3624-HUM-12ICT:275', '1465752869', '16-3624-HUM-12', 'XII-CLASS', 'ICT:275', '0', '0'),
('146575286916-3624-HUM-12ENG-108', '1465752869', '16-3624-HUM-12', 'XII-CLASS', 'ENG-108', '0', '0'),
('146575286916-3624-HUM-12BAN-102', '1465752869', '16-3624-HUM-12', 'XII-CLASS', 'BAN-102', '0', '0'),
('146575281116-2205-BUS-95MKT-286', '1465752811', '16-2205-BUS-95', 'XI-CLASS', 'MKT-286', '0', '1'),
('146575281116-2205-BUS-95FIN-292', '1465752811', '16-2205-BUS-95', 'XI-CLASS', 'FIN-292', '1', '0'),
('146575281116-2205-BUS-95BPP-277', '1465752811', '16-2205-BUS-95', 'XI-CLASS', 'BPP-277', '1', '0'),
('146575281116-2205-BUS-95ACT-253', '1465752811', '16-2205-BUS-95', 'XI-CLASS', 'ACT-253', '1', '0'),
('146575281116-2205-BUS-95ICT-275', '1465752811', '16-2205-BUS-95', 'XI-CLASS', 'ICT-275', '0', '0'),
('146575281116-2205-BUS-95ENG-107', '1465752811', '16-2205-BUS-95', 'XI-CLASS', 'ENG-107', '0', '0'),
('146575281116-2205-BUS-95BAN-101', '1465752811', '16-2205-BUS-95', 'XI-CLASS', 'BAN-101', '0', '0'),
('146575281116-2205-BUS-95MKT-287', '1465752811', '16-2205-BUS-95', 'XII-CLASS', 'MKT-287', '0', '1'),
('146575281116-2205-BUS-95FIN-293', '1465752811', '16-2205-BUS-95', 'XII-CLASS', 'FIN-293', '1', '0'),
('146575281116-2205-BUS-95BPP-278', '1465752811', '16-2205-BUS-95', 'XII-CLASS', 'BPP-278', '1', '0'),
('146575281116-2205-BUS-95ACT-254', '1465752811', '16-2205-BUS-95', 'XII-CLASS', 'ACT-254', '1', '0'),
('146575281116-2205-BUS-95ICT:275', '1465752811', '16-2205-BUS-95', 'XII-CLASS', 'ICT:275', '0', '0'),
('146575281116-2205-BUS-95ENG-108', '1465752811', '16-2205-BUS-95', 'XII-CLASS', 'ENG-108', '0', '0'),
('146575281116-2205-BUS-95BAN-102', '1465752811', '16-2205-BUS-95', 'XII-CLASS', 'BAN-102', '0', '0'),
('146575281116-2208-BUS-27BAN-101', '1465752811', '16-2208-BUS-27', 'XI-CLASS', 'BAN-101', '0', '0'),
('146575281116-2208-BUS-27ENG-107', '1465752811', '16-2208-BUS-27', 'XI-CLASS', 'ENG-107', '0', '0'),
('146575281116-2208-BUS-27ICT-275', '1465752811', '16-2208-BUS-27', 'XI-CLASS', 'ICT-275', '0', '0'),
('146575281116-2208-BUS-27ACT-253', '1465752811', '16-2208-BUS-27', 'XI-CLASS', 'ACT-253', '1', '0'),
('146575281116-2208-BUS-27BPP-277', '1465752811', '16-2208-BUS-27', 'XI-CLASS', 'BPP-277', '1', '0'),
('146575281116-2208-BUS-27FIN-292', '1465752811', '16-2208-BUS-27', 'XI-CLASS', 'FIN-292', '1', '0'),
('146575281116-2208-BUS-27ECO-109', '1465752811', '16-2208-BUS-27', 'XI-CLASS', 'ECO-109', '0', '1'),
('146575281116-2208-BUS-27BAN-102', '1465752811', '16-2208-BUS-27', 'XII-CLASS', 'BAN-102', '0', '0'),
('146575281116-2208-BUS-27ENG-108', '1465752811', '16-2208-BUS-27', 'XII-CLASS', 'ENG-108', '0', '0'),
('146575281116-2208-BUS-27ICT:275', '1465752811', '16-2208-BUS-27', 'XII-CLASS', 'ICT:275', '0', '0'),
('146575281116-2208-BUS-27ACT-254', '1465752811', '16-2208-BUS-27', 'XII-CLASS', 'ACT-254', '1', '0'),
('146575281116-2208-BUS-27BPP-278', '1465752811', '16-2208-BUS-27', 'XII-CLASS', 'BPP-278', '1', '0'),
('146575281116-2208-BUS-27FIN-293', '1465752811', '16-2208-BUS-27', 'XII-CLASS', 'FIN-293', '1', '0'),
('146575281116-2208-BUS-27ECO-110', '1465752811', '16-2208-BUS-27', 'XII-CLASS', 'ECO-110', '0', '1'),
('146575281116-2223-BUS-60BAN-101', '1465752811', '16-2223-BUS-60', 'XI-CLASS', 'BAN-101', '0', '0'),
('146575281116-2223-BUS-60ENG-107', '1465752811', '16-2223-BUS-60', 'XI-CLASS', 'ENG-107', '0', '0'),
('146575281116-2223-BUS-60ICT-275', '1465752811', '16-2223-BUS-60', 'XI-CLASS', 'ICT-275', '0', '0'),
('146575281116-2223-BUS-60ACT-253', '1465752811', '16-2223-BUS-60', 'XI-CLASS', 'ACT-253', '1', '0'),
('146575281116-2223-BUS-60FIN-292', '1465752811', '16-2223-BUS-60', 'XI-CLASS', 'FIN-292', '1', '0'),
('146575281116-2223-BUS-60MKT-286', '1465752811', '16-2223-BUS-60', 'XI-CLASS', 'MKT-286', '1', '0'),
('146575281116-2223-BUS-60BPP-277', '1465752811', '16-2223-BUS-60', 'XI-CLASS', 'BPP-277', '0', '1'),
('146575281116-2223-BUS-60BAN-102', '1465752811', '16-2223-BUS-60', 'XII-CLASS', 'BAN-102', '0', '0'),
('146575281116-2223-BUS-60ENG-108', '1465752811', '16-2223-BUS-60', 'XII-CLASS', 'ENG-108', '0', '0'),
('146575281116-2223-BUS-60ICT:275', '1465752811', '16-2223-BUS-60', 'XII-CLASS', 'ICT:275', '0', '0'),
('146575281116-2223-BUS-60ACT-254', '1465752811', '16-2223-BUS-60', 'XII-CLASS', 'ACT-254', '1', '0'),
('146575281116-2223-BUS-60FIN-293', '1465752811', '16-2223-BUS-60', 'XII-CLASS', 'FIN-293', '1', '0'),
('146575281116-2223-BUS-60MKT-287', '1465752811', '16-2223-BUS-60', 'XII-CLASS', 'MKT-287', '1', '0'),
('146575281116-2223-BUS-60BPP-278', '1465752811', '16-2223-BUS-60', 'XII-CLASS', 'BPP-278', '0', '1'),
('146575285116-3140-HUM-71ISH-267', '1465752851', '16-3140-HUM-71', 'XI-CLASS', 'ISH-267', '0', '1'),
('146575285116-3140-HUM-71SOS-117', '1465752851', '16-3140-HUM-71', 'XI-CLASS', 'SOS-117', '1', '0'),
('146575285116-3140-HUM-71ECO:109', '1465752851', '16-3140-HUM-71', 'XI-CLASS', 'ECO:109', '1', '0'),
('146575285116-3140-HUM-71CIV-269', '1465752851', '16-3140-HUM-71', 'XI-CLASS', 'CIV-269', '1', '0'),
('146575285116-3140-HUM-71ICT-275', '1465752851', '16-3140-HUM-71', 'XI-CLASS', 'ICT-275', '0', '0'),
('146575285116-3140-HUM-71ENG-107', '1465752851', '16-3140-HUM-71', 'XI-CLASS', 'ENG-107', '0', '0'),
('146575285116-3140-HUM-71BAN-101', '1465752851', '16-3140-HUM-71', 'XI-CLASS', 'BAN-101', '0', '0'),
('146575285116-3140-HUM-71ISH-268', '1465752851', '16-3140-HUM-71', 'XII-CLASS', 'ISH-268', '0', '1'),
('146575285116-3140-HUM-71SOS-118', '1465752851', '16-3140-HUM-71', 'XII-CLASS', 'SOS-118', '1', '0'),
('146575285116-3140-HUM-71ECO:110', '1465752851', '16-3140-HUM-71', 'XII-CLASS', 'ECO:110', '1', '0'),
('146575285116-3140-HUM-71CIV-270', '1465752851', '16-3140-HUM-71', 'XII-CLASS', 'CIV-270', '1', '0'),
('146575285116-3140-HUM-71ICT:275', '1465752851', '16-3140-HUM-71', 'XII-CLASS', 'ICT:275', '0', '0'),
('146575285116-3140-HUM-71ENG-108', '1465752851', '16-3140-HUM-71', 'XII-CLASS', 'ENG-108', '0', '0'),
('146575285116-3140-HUM-71BAN-102', '1465752851', '16-3140-HUM-71', 'XII-CLASS', 'BAN-102', '0', '0'),
('146575281116-2214-BUS-15BAN-101', '1465752811', '16-2214-BUS-15', 'XI-CLASS', 'BAN-101', '0', '0'),
('146575281116-2214-BUS-15ENG-107', '1465752811', '16-2214-BUS-15', 'XI-CLASS', 'ENG-107', '0', '0'),
('146575281116-2214-BUS-15ICT-275', '1465752811', '16-2214-BUS-15', 'XI-CLASS', 'ICT-275', '0', '0'),
('146575281116-2214-BUS-15ACT-253', '1465752811', '16-2214-BUS-15', 'XI-CLASS', 'ACT-253', '1', '0'),
('146575281116-2214-BUS-15BPP-277', '1465752811', '16-2214-BUS-15', 'XI-CLASS', 'BPP-277', '1', '0'),
('146575281116-2214-BUS-15FIN-292', '1465752811', '16-2214-BUS-15', 'XI-CLASS', 'FIN-292', '1', '0'),
('146575281116-2214-BUS-15MKT-286', '1465752811', '16-2214-BUS-15', 'XI-CLASS', 'MKT-286', '0', '1'),
('146575281116-2214-BUS-15BAN-102', '1465752811', '16-2214-BUS-15', 'XII-CLASS', 'BAN-102', '0', '0'),
('146575281116-2214-BUS-15ENG-108', '1465752811', '16-2214-BUS-15', 'XII-CLASS', 'ENG-108', '0', '0'),
('146575281116-2214-BUS-15ICT:275', '1465752811', '16-2214-BUS-15', 'XII-CLASS', 'ICT:275', '0', '0'),
('146575281116-2214-BUS-15ACT-254', '1465752811', '16-2214-BUS-15', 'XII-CLASS', 'ACT-254', '1', '0'),
('146575281116-2214-BUS-15BPP-278', '1465752811', '16-2214-BUS-15', 'XII-CLASS', 'BPP-278', '1', '0'),
('146575281116-2214-BUS-15FIN-293', '1465752811', '16-2214-BUS-15', 'XII-CLASS', 'FIN-293', '1', '0'),
('146575281116-2214-BUS-15MKT-287', '1465752811', '16-2214-BUS-15', 'XII-CLASS', 'MKT-287', '0', '1'),
('146575285116-3136-HUM-07ISS-249', '1465752851', '16-3136-HUM-07', 'XI-CLASS', 'ISS-249', '0', '1'),
('146575285116-3136-HUM-07SOW-271', '1465752851', '16-3136-HUM-07', 'XI-CLASS', 'SOW-271', '1', '0'),
('146575285116-3136-HUM-07CIV-269', '1465752851', '16-3136-HUM-07', 'XI-CLASS', 'CIV-269', '1', '0'),
('146575285116-3136-HUM-07ISH-304', '1465752851', '16-3136-HUM-07', 'XI-CLASS', 'ISH-304', '1', '0'),
('146575285116-3136-HUM-07ICT-275', '1465752851', '16-3136-HUM-07', 'XI-CLASS', 'ICT-275', '0', '0'),
('146575285116-3136-HUM-07ENG-107', '1465752851', '16-3136-HUM-07', 'XI-CLASS', 'ENG-107', '0', '0'),
('146575285116-3136-HUM-07BAN-101', '1465752851', '16-3136-HUM-07', 'XI-CLASS', 'BAN-101', '0', '0'),
('146575285116-3136-HUM-07ISS-250', '1465752851', '16-3136-HUM-07', 'XII-CLASS', 'ISS-250', '0', '1'),
('146575285116-3136-HUM-07SOW-272', '1465752851', '16-3136-HUM-07', 'XII-CLASS', 'SOW-272', '1', '0'),
('146575285116-3136-HUM-07CIV-270', '1465752851', '16-3136-HUM-07', 'XII-CLASS', 'CIV-270', '1', '0'),
('146575285116-3136-HUM-07ISH-305', '1465752851', '16-3136-HUM-07', 'XII-CLASS', 'ISH-305', '1', '0'),
('146575285116-3136-HUM-07ICT:275', '1465752851', '16-3136-HUM-07', 'XII-CLASS', 'ICT:275', '0', '0'),
('146575285116-3136-HUM-07ENG-108', '1465752851', '16-3136-HUM-07', 'XII-CLASS', 'ENG-108', '0', '0'),
('146575285116-3136-HUM-07BAN-102', '1465752851', '16-3136-HUM-07', 'XII-CLASS', 'BAN-102', '0', '0'),
('146575286916-3625-HUM-25ECO:109', '1465752869', '16-3625-HUM-25', 'XI-CLASS', 'ECO:109', '0', '1'),
('146575286916-3625-HUM-25SOW-271', '1465752869', '16-3625-HUM-25', 'XI-CLASS', 'SOW-271', '1', '0'),
('146575286916-3625-HUM-25ISH-267', '1465752869', '16-3625-HUM-25', 'XI-CLASS', 'ISH-267', '1', '0'),
('146575286916-3625-HUM-25CIV-269', '1465752869', '16-3625-HUM-25', 'XI-CLASS', 'CIV-269', '1', '0'),
('146575286916-3625-HUM-25ICT-275', '1465752869', '16-3625-HUM-25', 'XI-CLASS', 'ICT-275', '0', '0'),
('146575286916-3625-HUM-25ENG-107', '1465752869', '16-3625-HUM-25', 'XI-CLASS', 'ENG-107', '0', '0'),
('146575286916-3625-HUM-25BAN-101', '1465752869', '16-3625-HUM-25', 'XI-CLASS', 'BAN-101', '0', '0'),
('146575286916-3625-HUM-25ECO:110', '1465752869', '16-3625-HUM-25', 'XII-CLASS', 'ECO:110', '0', '1'),
('146575286916-3625-HUM-25SOW-272', '1465752869', '16-3625-HUM-25', 'XII-CLASS', 'SOW-272', '1', '0'),
('146575286916-3625-HUM-25ISH-268', '1465752869', '16-3625-HUM-25', 'XII-CLASS', 'ISH-268', '1', '0'),
('146575286916-3625-HUM-25CIV-270', '1465752869', '16-3625-HUM-25', 'XII-CLASS', 'CIV-270', '1', '0'),
('146575286916-3625-HUM-25ICT:275', '1465752869', '16-3625-HUM-25', 'XII-CLASS', 'ICT:275', '0', '0'),
('146575286916-3625-HUM-25ENG-108', '1465752869', '16-3625-HUM-25', 'XII-CLASS', 'ENG-108', '0', '0'),
('146575286916-3625-HUM-25BAN-102', '1465752869', '16-3625-HUM-25', 'XII-CLASS', 'BAN-102', '0', '0'),
('146575282716-2692-BUS-85MKT-286', '1465752827', '16-2692-BUS-85', 'XI-CLASS', 'MKT-286', '0', '1'),
('146575282716-2692-BUS-85BPP-277', '1465752827', '16-2692-BUS-85', 'XI-CLASS', 'BPP-277', '1', '0'),
('146575282716-2692-BUS-85FIN-292', '1465752827', '16-2692-BUS-85', 'XI-CLASS', 'FIN-292', '1', '0'),
('146575282716-2692-BUS-85ACT-253', '1465752827', '16-2692-BUS-85', 'XI-CLASS', 'ACT-253', '1', '0'),
('146575282716-2692-BUS-85ICT-275', '1465752827', '16-2692-BUS-85', 'XI-CLASS', 'ICT-275', '0', '0'),
('146575282716-2692-BUS-85ENG-107', '1465752827', '16-2692-BUS-85', 'XI-CLASS', 'ENG-107', '0', '0'),
('146575282716-2692-BUS-85BAN-101', '1465752827', '16-2692-BUS-85', 'XI-CLASS', 'BAN-101', '0', '0'),
('146575282716-2692-BUS-85MKT-287', '1465752827', '16-2692-BUS-85', 'XII-CLASS', 'MKT-287', '0', '1'),
('146575282716-2692-BUS-85BPP-278', '1465752827', '16-2692-BUS-85', 'XII-CLASS', 'BPP-278', '1', '0'),
('146575282716-2692-BUS-85FIN-293', '1465752827', '16-2692-BUS-85', 'XII-CLASS', 'FIN-293', '1', '0'),
('146575282716-2692-BUS-85ACT-254', '1465752827', '16-2692-BUS-85', 'XII-CLASS', 'ACT-254', '1', '0'),
('146575282716-2692-BUS-85ICT:275', '1465752827', '16-2692-BUS-85', 'XII-CLASS', 'ICT:275', '0', '0'),
('146575282716-2692-BUS-85ENG-108', '1465752827', '16-2692-BUS-85', 'XII-CLASS', 'ENG-108', '0', '0'),
('146575282716-2692-BUS-85BAN-102', '1465752827', '16-2692-BUS-85', 'XII-CLASS', 'BAN-102', '0', '0'),
('146575281116-2222-BUS-04BAN-101', '1465752811', '16-2222-BUS-04', 'XI-CLASS', 'BAN-101', '0', '0'),
('146575281116-2222-BUS-04ENG-107', '1465752811', '16-2222-BUS-04', 'XI-CLASS', 'ENG-107', '0', '0'),
('146575281116-2222-BUS-04ICT-275', '1465752811', '16-2222-BUS-04', 'XI-CLASS', 'ICT-275', '0', '0'),
('146575281116-2222-BUS-04ACT-253', '1465752811', '16-2222-BUS-04', 'XI-CLASS', 'ACT-253', '1', '0'),
('146575281116-2222-BUS-04BPP-277', '1465752811', '16-2222-BUS-04', 'XI-CLASS', 'BPP-277', '1', '0'),
('146575281116-2222-BUS-04FIN-292', '1465752811', '16-2222-BUS-04', 'XI-CLASS', 'FIN-292', '1', '0'),
('146575281116-2222-BUS-04MKT-286', '1465752811', '16-2222-BUS-04', 'XI-CLASS', 'MKT-286', '0', '1'),
('146575281116-2222-BUS-04BAN-102', '1465752811', '16-2222-BUS-04', 'XII-CLASS', 'BAN-102', '0', '0'),
('146575281116-2222-BUS-04ENG-108', '1465752811', '16-2222-BUS-04', 'XII-CLASS', 'ENG-108', '0', '0'),
('146575281116-2222-BUS-04ICT:275', '1465752811', '16-2222-BUS-04', 'XII-CLASS', 'ICT:275', '0', '0'),
('146575281116-2222-BUS-04ACT-254', '1465752811', '16-2222-BUS-04', 'XII-CLASS', 'ACT-254', '1', '0'),
('146575281116-2222-BUS-04BPP-278', '1465752811', '16-2222-BUS-04', 'XII-CLASS', 'BPP-278', '1', '0'),
('146575281116-2222-BUS-04FIN-293', '1465752811', '16-2222-BUS-04', 'XII-CLASS', 'FIN-293', '1', '0'),
('146575281116-2222-BUS-04MKT-287', '1465752811', '16-2222-BUS-04', 'XII-CLASS', 'MKT-287', '0', '1'),
('146575281116-2216-BUS-32BAN-101', '1465752811', '16-2216-BUS-32', 'XI-CLASS', 'BAN-101', '0', '0'),
('146575281116-2216-BUS-32ENG-107', '1465752811', '16-2216-BUS-32', 'XI-CLASS', 'ENG-107', '0', '0'),
('146575281116-2216-BUS-32ICT-275', '1465752811', '16-2216-BUS-32', 'XI-CLASS', 'ICT-275', '0', '0'),
('146575281116-2216-BUS-32ACT-253', '1465752811', '16-2216-BUS-32', 'XI-CLASS', 'ACT-253', '1', '0'),
('146575281116-2216-BUS-32FIN-292', '1465752811', '16-2216-BUS-32', 'XI-CLASS', 'FIN-292', '1', '0'),
('146575281116-2216-BUS-32MKT-286', '1465752811', '16-2216-BUS-32', 'XI-CLASS', 'MKT-286', '1', '0'),
('146575281116-2216-BUS-32BPP-277', '1465752811', '16-2216-BUS-32', 'XI-CLASS', 'BPP-277', '0', '1'),
('146575281116-2216-BUS-32BAN-102', '1465752811', '16-2216-BUS-32', 'XII-CLASS', 'BAN-102', '0', '0'),
('146575281116-2216-BUS-32ENG-108', '1465752811', '16-2216-BUS-32', 'XII-CLASS', 'ENG-108', '0', '0'),
('146575281116-2216-BUS-32ICT:275', '1465752811', '16-2216-BUS-32', 'XII-CLASS', 'ICT:275', '0', '0'),
('146575281116-2216-BUS-32ACT-254', '1465752811', '16-2216-BUS-32', 'XII-CLASS', 'ACT-254', '1', '0'),
('146575281116-2216-BUS-32FIN-293', '1465752811', '16-2216-BUS-32', 'XII-CLASS', 'FIN-293', '1', '0'),
('146575281116-2216-BUS-32MKT-287', '1465752811', '16-2216-BUS-32', 'XII-CLASS', 'MKT-287', '1', '0'),
('146575281116-2216-BUS-32BPP-278', '1465752811', '16-2216-BUS-32', 'XII-CLASS', 'BPP-278', '0', '1'),
('146575285116-3139-HUM-63BAN-101', '1465752851', '16-3139-HUM-63', 'XI-CLASS', 'BAN-101', '0', '0'),
('146575285116-3139-HUM-63ENG-107', '1465752851', '16-3139-HUM-63', 'XI-CLASS', 'ENG-107', '0', '0'),
('146575285116-3139-HUM-63ICT-275', '1465752851', '16-3139-HUM-63', 'XI-CLASS', 'ICT-275', '0', '0'),
('146575285116-3139-HUM-63CIV-269', '1465752851', '16-3139-HUM-63', 'XI-CLASS', 'CIV-269', '1', '0'),
('146575285116-3139-HUM-63ECO:109', '1465752851', '16-3139-HUM-63', 'XI-CLASS', 'ECO:109', '1', '0'),
('146575285116-3139-HUM-63SOS-117', '1465752851', '16-3139-HUM-63', 'XI-CLASS', 'SOS-117', '1', '0'),
('146575285116-3139-HUM-63STA:129', '1465752851', '16-3139-HUM-63', 'XI-CLASS', 'STA:129', '0', '1'),
('146575285116-3139-HUM-63BAN-102', '1465752851', '16-3139-HUM-63', 'XII-CLASS', 'BAN-102', '0', '0'),
('146575285116-3139-HUM-63ENG-108', '1465752851', '16-3139-HUM-63', 'XII-CLASS', 'ENG-108', '0', '0'),
('146575285116-3139-HUM-63ICT:275', '1465752851', '16-3139-HUM-63', 'XII-CLASS', 'ICT:275', '0', '0'),
('146575285116-3139-HUM-63CIV-270', '1465752851', '16-3139-HUM-63', 'XII-CLASS', 'CIV-270', '1', '0'),
('146575285116-3139-HUM-63ECO:110', '1465752851', '16-3139-HUM-63', 'XII-CLASS', 'ECO:110', '1', '0'),
('146575285116-3139-HUM-63SOS-118', '1465752851', '16-3139-HUM-63', 'XII-CLASS', 'SOS-118', '1', '0'),
('146575285116-3139-HUM-63STA:130', '1465752851', '16-3139-HUM-63', 'XII-CLASS', 'STA:130', '0', '1'),
('146575281116-2225-BUS-59BAN-101', '1465752811', '16-2225-BUS-59', 'XI-CLASS', 'BAN-101', '0', '0'),
('146575281116-2225-BUS-59ENG-107', '1465752811', '16-2225-BUS-59', 'XI-CLASS', 'ENG-107', '0', '0'),
('146575281116-2225-BUS-59ICT-275', '1465752811', '16-2225-BUS-59', 'XI-CLASS', 'ICT-275', '0', '0'),
('146575281116-2225-BUS-59ACT-253', '1465752811', '16-2225-BUS-59', 'XI-CLASS', 'ACT-253', '1', '0'),
('146575281116-2225-BUS-59FIN-292', '1465752811', '16-2225-BUS-59', 'XI-CLASS', 'FIN-292', '1', '0'),
('146575281116-2225-BUS-59BPP-277', '1465752811', '16-2225-BUS-59', 'XI-CLASS', 'BPP-277', '1', '0'),
('146575281116-2225-BUS-59MKT-286', '1465752811', '16-2225-BUS-59', 'XI-CLASS', 'MKT-286', '0', '1'),
('146575281116-2225-BUS-59BAN-102', '1465752811', '16-2225-BUS-59', 'XII-CLASS', 'BAN-102', '0', '0'),
('146575281116-2225-BUS-59ENG-108', '1465752811', '16-2225-BUS-59', 'XII-CLASS', 'ENG-108', '0', '0'),
('146575281116-2225-BUS-59ICT:275', '1465752811', '16-2225-BUS-59', 'XII-CLASS', 'ICT:275', '0', '0'),
('146575281116-2225-BUS-59ACT-254', '1465752811', '16-2225-BUS-59', 'XII-CLASS', 'ACT-254', '1', '0'),
('146575281116-2225-BUS-59FIN-293', '1465752811', '16-2225-BUS-59', 'XII-CLASS', 'FIN-293', '1', '0'),
('146575281116-2225-BUS-59BPP-278', '1465752811', '16-2225-BUS-59', 'XII-CLASS', 'BPP-278', '1', '0'),
('146575281116-2225-BUS-59MKT-287', '1465752811', '16-2225-BUS-59', 'XII-CLASS', 'MKT-287', '0', '1'),
('146575282716-2684-BUS-69MKT-286', '1465752827', '16-2684-BUS-69', 'XI-CLASS', 'MKT-286', '0', '1'),
('146575282716-2684-BUS-69BPP-277', '1465752827', '16-2684-BUS-69', 'XI-CLASS', 'BPP-277', '1', '0'),
('146575282716-2684-BUS-69FIN-292', '1465752827', '16-2684-BUS-69', 'XI-CLASS', 'FIN-292', '1', '0'),
('146575282716-2684-BUS-69ACT-253', '1465752827', '16-2684-BUS-69', 'XI-CLASS', 'ACT-253', '1', '0'),
('146575282716-2684-BUS-69ICT-275', '1465752827', '16-2684-BUS-69', 'XI-CLASS', 'ICT-275', '0', '0'),
('146575282716-2684-BUS-69ENG-107', '1465752827', '16-2684-BUS-69', 'XI-CLASS', 'ENG-107', '0', '0'),
('146575282716-2684-BUS-69BAN-101', '1465752827', '16-2684-BUS-69', 'XI-CLASS', 'BAN-101', '0', '0'),
('146575282716-2684-BUS-69MKT-287', '1465752827', '16-2684-BUS-69', 'XII-CLASS', 'MKT-287', '0', '1'),
('146575282716-2684-BUS-69BPP-278', '1465752827', '16-2684-BUS-69', 'XII-CLASS', 'BPP-278', '1', '0'),
('146575282716-2684-BUS-69FIN-293', '1465752827', '16-2684-BUS-69', 'XII-CLASS', 'FIN-293', '1', '0'),
('146575282716-2684-BUS-69ACT-254', '1465752827', '16-2684-BUS-69', 'XII-CLASS', 'ACT-254', '1', '0'),
('146575282716-2684-BUS-69ICT:275', '1465752827', '16-2684-BUS-69', 'XII-CLASS', 'ICT:275', '0', '0'),
('146575282716-2684-BUS-69ENG-108', '1465752827', '16-2684-BUS-69', 'XII-CLASS', 'ENG-108', '0', '0'),
('146575282716-2684-BUS-69BAN-102', '1465752827', '16-2684-BUS-69', 'XII-CLASS', 'BAN-102', '0', '0'),
('146575285116-3146-HUM-34ISS-249', '1465752851', '16-3146-HUM-34', 'XI-CLASS', 'ISS-249', '0', '1'),
('146575285116-3146-HUM-34SOW-271', '1465752851', '16-3146-HUM-34', 'XI-CLASS', 'SOW-271', '1', '0'),
('146575285116-3146-HUM-34ECO:109', '1465752851', '16-3146-HUM-34', 'XI-CLASS', 'ECO:109', '1', '0'),
('146575285116-3146-HUM-34CIV-269', '1465752851', '16-3146-HUM-34', 'XI-CLASS', 'CIV-269', '1', '0'),
('146575285116-3146-HUM-34ICT-275', '1465752851', '16-3146-HUM-34', 'XI-CLASS', 'ICT-275', '0', '0'),
('146575285116-3146-HUM-34ENG-107', '1465752851', '16-3146-HUM-34', 'XI-CLASS', 'ENG-107', '0', '0'),
('146575285116-3146-HUM-34BAN-101', '1465752851', '16-3146-HUM-34', 'XI-CLASS', 'BAN-101', '0', '0'),
('146575285116-3146-HUM-34ISS-250', '1465752851', '16-3146-HUM-34', 'XII-CLASS', 'ISS-250', '0', '1'),
('146575285116-3146-HUM-34SOW-272', '1465752851', '16-3146-HUM-34', 'XII-CLASS', 'SOW-272', '1', '0'),
('146575285116-3146-HUM-34ECO:110', '1465752851', '16-3146-HUM-34', 'XII-CLASS', 'ECO:110', '1', '0'),
('146575285116-3146-HUM-34CIV-270', '1465752851', '16-3146-HUM-34', 'XII-CLASS', 'CIV-270', '1', '0'),
('146575285116-3146-HUM-34ICT:275', '1465752851', '16-3146-HUM-34', 'XII-CLASS', 'ICT:275', '0', '0'),
('146575285116-3146-HUM-34ENG-108', '1465752851', '16-3146-HUM-34', 'XII-CLASS', 'ENG-108', '0', '0'),
('146575285116-3146-HUM-34BAN-102', '1465752851', '16-3146-HUM-34', 'XII-CLASS', 'BAN-102', '0', '0'),
('146575282716-2699-BUS-69BAN-101', '1465752827', '16-2699-BUS-69', 'XI-CLASS', 'BAN-101', '0', '0'),
('146575282716-2699-BUS-69ENG-107', '1465752827', '16-2699-BUS-69', 'XI-CLASS', 'ENG-107', '0', '0'),
('146575282716-2699-BUS-69ICT-275', '1465752827', '16-2699-BUS-69', 'XI-CLASS', 'ICT-275', '0', '0'),
('146575282716-2699-BUS-69ACT-253', '1465752827', '16-2699-BUS-69', 'XI-CLASS', 'ACT-253', '1', '0'),
('146575282716-2699-BUS-69BPP-277', '1465752827', '16-2699-BUS-69', 'XI-CLASS', 'BPP-277', '1', '0'),
('146575282716-2699-BUS-69FIN-292', '1465752827', '16-2699-BUS-69', 'XI-CLASS', 'FIN-292', '1', '0'),
('146575282716-2699-BUS-69ECO-109', '1465752827', '16-2699-BUS-69', 'XI-CLASS', 'ECO-109', '0', '1'),
('146575282716-2699-BUS-69BAN-102', '1465752827', '16-2699-BUS-69', 'XII-CLASS', 'BAN-102', '0', '0'),
('146575282716-2699-BUS-69ENG-108', '1465752827', '16-2699-BUS-69', 'XII-CLASS', 'ENG-108', '0', '0'),
('146575282716-2699-BUS-69ICT:275', '1465752827', '16-2699-BUS-69', 'XII-CLASS', 'ICT:275', '0', '0'),
('146575282716-2699-BUS-69ACT-254', '1465752827', '16-2699-BUS-69', 'XII-CLASS', 'ACT-254', '1', '0'),
('146575282716-2699-BUS-69BPP-278', '1465752827', '16-2699-BUS-69', 'XII-CLASS', 'BPP-278', '1', '0'),
('146575282716-2699-BUS-69FIN-293', '1465752827', '16-2699-BUS-69', 'XII-CLASS', 'FIN-293', '1', '0'),
('146575282716-2699-BUS-69ECO-110', '1465752827', '16-2699-BUS-69', 'XII-CLASS', 'ECO-110', '0', '1'),
('146575286916-3628-HUM-56ISS-249', '1465752869', '16-3628-HUM-56', 'XI-CLASS', 'ISS-249', '0', '1'),
('146575286916-3628-HUM-56SOW-271', '1465752869', '16-3628-HUM-56', 'XI-CLASS', 'SOW-271', '1', '0'),
('146575286916-3628-HUM-56CIV-269', '1465752869', '16-3628-HUM-56', 'XI-CLASS', 'CIV-269', '1', '0'),
('146575286916-3628-HUM-56ECO:109', '1465752869', '16-3628-HUM-56', 'XI-CLASS', 'ECO:109', '1', '0'),
('146575286916-3628-HUM-56ICT-275', '1465752869', '16-3628-HUM-56', 'XI-CLASS', 'ICT-275', '0', '0'),
('146575286916-3628-HUM-56ENG-107', '1465752869', '16-3628-HUM-56', 'XI-CLASS', 'ENG-107', '0', '0'),
('146575286916-3628-HUM-56BAN-101', '1465752869', '16-3628-HUM-56', 'XI-CLASS', 'BAN-101', '0', '0'),
('146575286916-3628-HUM-56ISS-250', '1465752869', '16-3628-HUM-56', 'XII-CLASS', 'ISS-250', '0', '1'),
('146575286916-3628-HUM-56SOW-272', '1465752869', '16-3628-HUM-56', 'XII-CLASS', 'SOW-272', '1', '0');
INSERT INTO `coursereg` (`courseregid`, `sectionid`, `studentid`, `currentsemesterid`, `courseid`, `electivesub`, `forthsub`) VALUES
('146575286916-3628-HUM-56CIV-270', '1465752869', '16-3628-HUM-56', 'XII-CLASS', 'CIV-270', '1', '0'),
('146575286916-3628-HUM-56ECO:110', '1465752869', '16-3628-HUM-56', 'XII-CLASS', 'ECO:110', '1', '0'),
('146575286916-3628-HUM-56ICT:275', '1465752869', '16-3628-HUM-56', 'XII-CLASS', 'ICT:275', '0', '0'),
('146575286916-3628-HUM-56ENG-108', '1465752869', '16-3628-HUM-56', 'XII-CLASS', 'ENG-108', '0', '0'),
('146575286916-3628-HUM-56BAN-102', '1465752869', '16-3628-HUM-56', 'XII-CLASS', 'BAN-102', '0', '0'),
('146575281116-2174-BUS-89BAN-101', '1465752811', '16-2174-BUS-89', 'XI-CLASS', 'BAN-101', '0', '0'),
('146575281116-2174-BUS-89ENG-107', '1465752811', '16-2174-BUS-89', 'XI-CLASS', 'ENG-107', '0', '0'),
('146575281116-2174-BUS-89ICT-275', '1465752811', '16-2174-BUS-89', 'XI-CLASS', 'ICT-275', '0', '0'),
('146575281116-2174-BUS-89ACT-253', '1465752811', '16-2174-BUS-89', 'XI-CLASS', 'ACT-253', '1', '0'),
('146575281116-2174-BUS-89FIN-292', '1465752811', '16-2174-BUS-89', 'XI-CLASS', 'FIN-292', '1', '0'),
('146575281116-2174-BUS-89BPP-277', '1465752811', '16-2174-BUS-89', 'XI-CLASS', 'BPP-277', '1', '0'),
('146575281116-2174-BUS-89MKT-286', '1465752811', '16-2174-BUS-89', 'XI-CLASS', 'MKT-286', '0', '1'),
('146575281116-2174-BUS-89BAN-102', '1465752811', '16-2174-BUS-89', 'XII-CLASS', 'BAN-102', '0', '0'),
('146575281116-2174-BUS-89ENG-108', '1465752811', '16-2174-BUS-89', 'XII-CLASS', 'ENG-108', '0', '0'),
('146575281116-2174-BUS-89ICT:275', '1465752811', '16-2174-BUS-89', 'XII-CLASS', 'ICT:275', '0', '0'),
('146575281116-2174-BUS-89ACT-254', '1465752811', '16-2174-BUS-89', 'XII-CLASS', 'ACT-254', '1', '0'),
('146575281116-2174-BUS-89FIN-293', '1465752811', '16-2174-BUS-89', 'XII-CLASS', 'FIN-293', '1', '0'),
('146575281116-2174-BUS-89BPP-278', '1465752811', '16-2174-BUS-89', 'XII-CLASS', 'BPP-278', '1', '0'),
('146575281116-2174-BUS-89MKT-287', '1465752811', '16-2174-BUS-89', 'XII-CLASS', 'MKT-287', '0', '1'),
('146575282716-2700-BUS-88ECO-109', '1465752827', '16-2700-BUS-88', 'XI-CLASS', 'ECO-109', '0', '1'),
('146575282716-2700-BUS-88FIN-292', '1465752827', '16-2700-BUS-88', 'XI-CLASS', 'FIN-292', '1', '0'),
('146575282716-2700-BUS-88BPP-277', '1465752827', '16-2700-BUS-88', 'XI-CLASS', 'BPP-277', '1', '0'),
('146575282716-2700-BUS-88ACT-253', '1465752827', '16-2700-BUS-88', 'XI-CLASS', 'ACT-253', '1', '0'),
('146575282716-2700-BUS-88ICT-275', '1465752827', '16-2700-BUS-88', 'XI-CLASS', 'ICT-275', '0', '0'),
('146575282716-2700-BUS-88ENG-107', '1465752827', '16-2700-BUS-88', 'XI-CLASS', 'ENG-107', '0', '0'),
('146575282716-2700-BUS-88BAN-101', '1465752827', '16-2700-BUS-88', 'XI-CLASS', 'BAN-101', '0', '0'),
('146575282716-2700-BUS-88ECO-110', '1465752827', '16-2700-BUS-88', 'XII-CLASS', 'ECO-110', '0', '1'),
('146575282716-2700-BUS-88FIN-293', '1465752827', '16-2700-BUS-88', 'XII-CLASS', 'FIN-293', '1', '0'),
('146575282716-2700-BUS-88BPP-278', '1465752827', '16-2700-BUS-88', 'XII-CLASS', 'BPP-278', '1', '0'),
('146575282716-2700-BUS-88ACT-254', '1465752827', '16-2700-BUS-88', 'XII-CLASS', 'ACT-254', '1', '0'),
('146575282716-2700-BUS-88ICT:275', '1465752827', '16-2700-BUS-88', 'XII-CLASS', 'ICT:275', '0', '0'),
('146575282716-2700-BUS-88ENG-108', '1465752827', '16-2700-BUS-88', 'XII-CLASS', 'ENG-108', '0', '0'),
('146575282716-2700-BUS-88BAN-102', '1465752827', '16-2700-BUS-88', 'XII-CLASS', 'BAN-102', '0', '0'),
('146575285116-3147-HUM-86ARB-133', '1465752851', '16-3147-HUM-86', 'XI-CLASS', 'ARB-133', '0', '1'),
('146575285116-3147-HUM-86ISH-267', '1465752851', '16-3147-HUM-86', 'XI-CLASS', 'ISH-267', '1', '0'),
('146575285116-3147-HUM-86SOW-271', '1465752851', '16-3147-HUM-86', 'XI-CLASS', 'SOW-271', '1', '0'),
('146575285116-3147-HUM-86CIV-269', '1465752851', '16-3147-HUM-86', 'XI-CLASS', 'CIV-269', '1', '0'),
('146575285116-3147-HUM-86ICT-275', '1465752851', '16-3147-HUM-86', 'XI-CLASS', 'ICT-275', '0', '0'),
('146575285116-3147-HUM-86ENG-107', '1465752851', '16-3147-HUM-86', 'XI-CLASS', 'ENG-107', '0', '0'),
('146575285116-3147-HUM-86BAN-101', '1465752851', '16-3147-HUM-86', 'XI-CLASS', 'BAN-101', '0', '0'),
('146575285116-3147-HUM-86ARB-134', '1465752851', '16-3147-HUM-86', 'XII-CLASS', 'ARB-134', '0', '1'),
('146575285116-3147-HUM-86ISH-268', '1465752851', '16-3147-HUM-86', 'XII-CLASS', 'ISH-268', '1', '0'),
('146575285116-3147-HUM-86SOW-272', '1465752851', '16-3147-HUM-86', 'XII-CLASS', 'SOW-272', '1', '0'),
('146575285116-3147-HUM-86CIV-270', '1465752851', '16-3147-HUM-86', 'XII-CLASS', 'CIV-270', '1', '0'),
('146575285116-3147-HUM-86ICT:275', '1465752851', '16-3147-HUM-86', 'XII-CLASS', 'ICT:275', '0', '0'),
('146575285116-3147-HUM-86ENG-108', '1465752851', '16-3147-HUM-86', 'XII-CLASS', 'ENG-108', '0', '0'),
('146575285116-3147-HUM-86BAN-102', '1465752851', '16-3147-HUM-86', 'XII-CLASS', 'BAN-102', '0', '0'),
('146575286916-3630-HUM-05ISS-249', '1465752869', '16-3630-HUM-05', 'XI-CLASS', 'ISS-249', '0', '1'),
('146575286916-3630-HUM-05SOW-271', '1465752869', '16-3630-HUM-05', 'XI-CLASS', 'SOW-271', '1', '0'),
('146575286916-3630-HUM-05ISH-267', '1465752869', '16-3630-HUM-05', 'XI-CLASS', 'ISH-267', '1', '0'),
('146575286916-3630-HUM-05ECO:109', '1465752869', '16-3630-HUM-05', 'XI-CLASS', 'ECO:109', '1', '0'),
('146575286916-3630-HUM-05ICT-275', '1465752869', '16-3630-HUM-05', 'XI-CLASS', 'ICT-275', '0', '0'),
('146575286916-3630-HUM-05ENG-107', '1465752869', '16-3630-HUM-05', 'XI-CLASS', 'ENG-107', '0', '0'),
('146575286916-3630-HUM-05BAN-101', '1465752869', '16-3630-HUM-05', 'XI-CLASS', 'BAN-101', '0', '0'),
('146575286916-3630-HUM-05ISS-250', '1465752869', '16-3630-HUM-05', 'XII-CLASS', 'ISS-250', '0', '1'),
('146575286916-3630-HUM-05SOW-272', '1465752869', '16-3630-HUM-05', 'XII-CLASS', 'SOW-272', '1', '0'),
('146575286916-3630-HUM-05ISH-268', '1465752869', '16-3630-HUM-05', 'XII-CLASS', 'ISH-268', '1', '0'),
('146575286916-3630-HUM-05ECO:110', '1465752869', '16-3630-HUM-05', 'XII-CLASS', 'ECO:110', '1', '0'),
('146575286916-3630-HUM-05ICT:275', '1465752869', '16-3630-HUM-05', 'XII-CLASS', 'ICT:275', '0', '0'),
('146575286916-3630-HUM-05ENG-108', '1465752869', '16-3630-HUM-05', 'XII-CLASS', 'ENG-108', '0', '0'),
('146575286916-3630-HUM-05BAN-102', '1465752869', '16-3630-HUM-05', 'XII-CLASS', 'BAN-102', '0', '0'),
('146575281116-2217-BUS-12BAN-101', '1465752811', '16-2217-BUS-12', 'XI-CLASS', 'BAN-101', '0', '0'),
('146575281116-2217-BUS-12ENG-107', '1465752811', '16-2217-BUS-12', 'XI-CLASS', 'ENG-107', '0', '0'),
('146575281116-2217-BUS-12ICT-275', '1465752811', '16-2217-BUS-12', 'XI-CLASS', 'ICT-275', '0', '0'),
('146575281116-2217-BUS-12ACT-253', '1465752811', '16-2217-BUS-12', 'XI-CLASS', 'ACT-253', '1', '0'),
('146575281116-2217-BUS-12BPP-277', '1465752811', '16-2217-BUS-12', 'XI-CLASS', 'BPP-277', '1', '0'),
('146575281116-2217-BUS-12FIN-292', '1465752811', '16-2217-BUS-12', 'XI-CLASS', 'FIN-292', '1', '0'),
('146575281116-2217-BUS-12MKT-286', '1465752811', '16-2217-BUS-12', 'XI-CLASS', 'MKT-286', '0', '1'),
('146575281116-2217-BUS-12BAN-102', '1465752811', '16-2217-BUS-12', 'XII-CLASS', 'BAN-102', '0', '0'),
('146575281116-2217-BUS-12ENG-108', '1465752811', '16-2217-BUS-12', 'XII-CLASS', 'ENG-108', '0', '0'),
('146575281116-2217-BUS-12ICT:275', '1465752811', '16-2217-BUS-12', 'XII-CLASS', 'ICT:275', '0', '0'),
('146575281116-2217-BUS-12ACT-254', '1465752811', '16-2217-BUS-12', 'XII-CLASS', 'ACT-254', '1', '0'),
('146575281116-2217-BUS-12BPP-278', '1465752811', '16-2217-BUS-12', 'XII-CLASS', 'BPP-278', '1', '0'),
('146575281116-2217-BUS-12FIN-293', '1465752811', '16-2217-BUS-12', 'XII-CLASS', 'FIN-293', '1', '0'),
('146575281116-2217-BUS-12MKT-287', '1465752811', '16-2217-BUS-12', 'XII-CLASS', 'MKT-287', '0', '1'),
('146575285116-3144-HUM-53BAN-101', '1465752851', '16-3144-HUM-53', 'XI-CLASS', 'BAN-101', '0', '0'),
('146575285116-3144-HUM-53ENG-107', '1465752851', '16-3144-HUM-53', 'XI-CLASS', 'ENG-107', '0', '0'),
('146575285116-3144-HUM-53ICT-275', '1465752851', '16-3144-HUM-53', 'XI-CLASS', 'ICT-275', '0', '0'),
('146575285116-3144-HUM-53ISH-267', '1465752851', '16-3144-HUM-53', 'XI-CLASS', 'ISH-267', '1', '0'),
('146575285116-3144-HUM-53ECO:109', '1465752851', '16-3144-HUM-53', 'XI-CLASS', 'ECO:109', '1', '0'),
('146575285116-3144-HUM-53CIV-269', '1465752851', '16-3144-HUM-53', 'XI-CLASS', 'CIV-269', '1', '0'),
('146575285116-3144-HUM-53ISS-249', '1465752851', '16-3144-HUM-53', 'XI-CLASS', 'ISS-249', '0', '1'),
('146575285116-3144-HUM-53BAN-102', '1465752851', '16-3144-HUM-53', 'XII-CLASS', 'BAN-102', '0', '0'),
('146575285116-3144-HUM-53ENG-108', '1465752851', '16-3144-HUM-53', 'XII-CLASS', 'ENG-108', '0', '0'),
('146575285116-3144-HUM-53ICT:275', '1465752851', '16-3144-HUM-53', 'XII-CLASS', 'ICT:275', '0', '0'),
('146575285116-3144-HUM-53ISH-268', '1465752851', '16-3144-HUM-53', 'XII-CLASS', 'ISH-268', '1', '0'),
('146575285116-3144-HUM-53ECO:110', '1465752851', '16-3144-HUM-53', 'XII-CLASS', 'ECO:110', '1', '0'),
('146575285116-3144-HUM-53CIV-270', '1465752851', '16-3144-HUM-53', 'XII-CLASS', 'CIV-270', '1', '0'),
('146575285116-3144-HUM-53ISS-250', '1465752851', '16-3144-HUM-53', 'XII-CLASS', 'ISS-250', '0', '1'),
('146575282716-2695-BUS-06FIN-292', '1465752827', '16-2695-BUS-06', 'XI-CLASS', 'FIN-292', '0', '1'),
('146575282716-2695-BUS-06MKT-286', '1465752827', '16-2695-BUS-06', 'XI-CLASS', 'MKT-286', '1', '0'),
('146575282716-2695-BUS-06BPP-277', '1465752827', '16-2695-BUS-06', 'XI-CLASS', 'BPP-277', '1', '0'),
('146575282716-2695-BUS-06ACT-253', '1465752827', '16-2695-BUS-06', 'XI-CLASS', 'ACT-253', '1', '0'),
('146575282716-2695-BUS-06ICT-275', '1465752827', '16-2695-BUS-06', 'XI-CLASS', 'ICT-275', '0', '0'),
('146575282716-2695-BUS-06ENG-107', '1465752827', '16-2695-BUS-06', 'XI-CLASS', 'ENG-107', '0', '0'),
('146575282716-2695-BUS-06BAN-101', '1465752827', '16-2695-BUS-06', 'XI-CLASS', 'BAN-101', '0', '0'),
('146575282716-2695-BUS-06FIN-293', '1465752827', '16-2695-BUS-06', 'XII-CLASS', 'FIN-293', '0', '1'),
('146575282716-2695-BUS-06MKT-287', '1465752827', '16-2695-BUS-06', 'XII-CLASS', 'MKT-287', '1', '0'),
('146575282716-2695-BUS-06BPP-278', '1465752827', '16-2695-BUS-06', 'XII-CLASS', 'BPP-278', '1', '0'),
('146575282716-2695-BUS-06ACT-254', '1465752827', '16-2695-BUS-06', 'XII-CLASS', 'ACT-254', '1', '0'),
('146575282716-2695-BUS-06ICT:275', '1465752827', '16-2695-BUS-06', 'XII-CLASS', 'ICT:275', '0', '0'),
('146575282716-2695-BUS-06ENG-108', '1465752827', '16-2695-BUS-06', 'XII-CLASS', 'ENG-108', '0', '0'),
('146575282716-2695-BUS-06BAN-102', '1465752827', '16-2695-BUS-06', 'XII-CLASS', 'BAN-102', '0', '0'),
('146575285116-3145-HUM-77BAN-101', '1465752851', '16-3145-HUM-77', 'XI-CLASS', 'BAN-101', '0', '0'),
('146575285116-3145-HUM-77ENG-107', '1465752851', '16-3145-HUM-77', 'XI-CLASS', 'ENG-107', '0', '0'),
('146575285116-3145-HUM-77ICT-275', '1465752851', '16-3145-HUM-77', 'XI-CLASS', 'ICT-275', '0', '0'),
('146575285116-3145-HUM-77CIV-269', '1465752851', '16-3145-HUM-77', 'XI-CLASS', 'CIV-269', '1', '0'),
('146575285116-3145-HUM-77ECO:109', '1465752851', '16-3145-HUM-77', 'XI-CLASS', 'ECO:109', '1', '0'),
('146575285116-3145-HUM-77SOW-271', '1465752851', '16-3145-HUM-77', 'XI-CLASS', 'SOW-271', '1', '0'),
('146575285116-3145-HUM-77ISS-249', '1465752851', '16-3145-HUM-77', 'XI-CLASS', 'ISS-249', '0', '1'),
('146575285116-3145-HUM-77BAN-102', '1465752851', '16-3145-HUM-77', 'XII-CLASS', 'BAN-102', '0', '0'),
('146575285116-3145-HUM-77ENG-108', '1465752851', '16-3145-HUM-77', 'XII-CLASS', 'ENG-108', '0', '0'),
('146575285116-3145-HUM-77ICT:275', '1465752851', '16-3145-HUM-77', 'XII-CLASS', 'ICT:275', '0', '0'),
('146575285116-3145-HUM-77CIV-270', '1465752851', '16-3145-HUM-77', 'XII-CLASS', 'CIV-270', '1', '0'),
('146575285116-3145-HUM-77ECO:110', '1465752851', '16-3145-HUM-77', 'XII-CLASS', 'ECO:110', '1', '0'),
('146575285116-3145-HUM-77SOW-272', '1465752851', '16-3145-HUM-77', 'XII-CLASS', 'SOW-272', '1', '0'),
('146575285116-3145-HUM-77ISS-250', '1465752851', '16-3145-HUM-77', 'XII-CLASS', 'ISS-250', '0', '1'),
('146575285116-3148-HUM-01ISS-249', '1465752851', '16-3148-HUM-01', 'XI-CLASS', 'ISS-249', '0', '1'),
('146575285116-3148-HUM-01ISH-267', '1465752851', '16-3148-HUM-01', 'XI-CLASS', 'ISH-267', '1', '0'),
('146575285116-3148-HUM-01ECO:109', '1465752851', '16-3148-HUM-01', 'XI-CLASS', 'ECO:109', '1', '0'),
('146575285116-3148-HUM-01CIV-269', '1465752851', '16-3148-HUM-01', 'XI-CLASS', 'CIV-269', '1', '0'),
('146575285116-3148-HUM-01ICT-275', '1465752851', '16-3148-HUM-01', 'XI-CLASS', 'ICT-275', '0', '0'),
('146575285116-3148-HUM-01ENG-107', '1465752851', '16-3148-HUM-01', 'XI-CLASS', 'ENG-107', '0', '0'),
('146575285116-3148-HUM-01BAN-101', '1465752851', '16-3148-HUM-01', 'XI-CLASS', 'BAN-101', '0', '0'),
('146575285116-3148-HUM-01ISS-250', '1465752851', '16-3148-HUM-01', 'XII-CLASS', 'ISS-250', '0', '1'),
('146575285116-3148-HUM-01ISH-268', '1465752851', '16-3148-HUM-01', 'XII-CLASS', 'ISH-268', '1', '0'),
('146575285116-3148-HUM-01ECO:110', '1465752851', '16-3148-HUM-01', 'XII-CLASS', 'ECO:110', '1', '0'),
('146575285116-3148-HUM-01CIV-270', '1465752851', '16-3148-HUM-01', 'XII-CLASS', 'CIV-270', '1', '0'),
('146575285116-3148-HUM-01ICT:275', '1465752851', '16-3148-HUM-01', 'XII-CLASS', 'ICT:275', '0', '0'),
('146575285116-3148-HUM-01ENG-108', '1465752851', '16-3148-HUM-01', 'XII-CLASS', 'ENG-108', '0', '0'),
('146575285116-3148-HUM-01BAN-102', '1465752851', '16-3148-HUM-01', 'XII-CLASS', 'BAN-102', '0', '0'),
('146575279516-1751-SCI-83BAN-101', '1465752795', '16-1751-SCI-83', 'XI-CLASS', 'BAN-101', '0', '0'),
('146575279516-1751-SCI-83ENG-107', '1465752795', '16-1751-SCI-83', 'XI-CLASS', 'ENG-107', '0', '0'),
('146575279516-1751-SCI-83ICT-275', '1465752795', '16-1751-SCI-83', 'XI-CLASS', 'ICT-275', '0', '0'),
('146575279516-1751-SCI-83PHY-174', '1465752795', '16-1751-SCI-83', 'XI-CLASS', 'PHY-174', '1', '0'),
('146575279516-1751-SCI-83CHE-176', '1465752795', '16-1751-SCI-83', 'XI-CLASS', 'CHE-176', '1', '0'),
('146575279516-1751-SCI-83MAT-127', '1465752795', '16-1751-SCI-83', 'XI-CLASS', 'MAT-127', '1', '0'),
('146575279516-1751-SCI-83BIO-178', '1465752795', '16-1751-SCI-83', 'XI-CLASS', 'BIO-178', '0', '1'),
('146575279516-1751-SCI-83BAN-102', '1465752795', '16-1751-SCI-83', 'XII-CLASS', 'BAN-102', '0', '0'),
('146575279516-1751-SCI-83ENG-108', '1465752795', '16-1751-SCI-83', 'XII-CLASS', 'ENG-108', '0', '0'),
('146575279516-1751-SCI-83ICT:275', '1465752795', '16-1751-SCI-83', 'XII-CLASS', 'ICT:275', '0', '0'),
('146575279516-1751-SCI-83PHY-175', '1465752795', '16-1751-SCI-83', 'XII-CLASS', 'PHY-175', '1', '0'),
('146575279516-1751-SCI-83CHE-177', '1465752795', '16-1751-SCI-83', 'XII-CLASS', 'CHE-177', '1', '0'),
('146575279516-1751-SCI-83MAT-128', '1465752795', '16-1751-SCI-83', 'XII-CLASS', 'MAT-128', '1', '0'),
('146575279516-1751-SCI-83BIO-179', '1465752795', '16-1751-SCI-83', 'XII-CLASS', 'BIO-179', '0', '1'),
('146575286916-3632-HUM-25ISS-249', '1465752869', '16-3632-HUM-25', 'XI-CLASS', 'ISS-249', '0', '1'),
('146575286916-3632-HUM-25SOW-271', '1465752869', '16-3632-HUM-25', 'XI-CLASS', 'SOW-271', '1', '0'),
('146575286916-3632-HUM-25ISH-304', '1465752869', '16-3632-HUM-25', 'XI-CLASS', 'ISH-304', '1', '0'),
('146575286916-3632-HUM-25CIV-269', '1465752869', '16-3632-HUM-25', 'XI-CLASS', 'CIV-269', '1', '0'),
('146575286916-3632-HUM-25ICT-275', '1465752869', '16-3632-HUM-25', 'XI-CLASS', 'ICT-275', '0', '0'),
('146575286916-3632-HUM-25ENG-107', '1465752869', '16-3632-HUM-25', 'XI-CLASS', 'ENG-107', '0', '0'),
('146575286916-3632-HUM-25BAN-101', '1465752869', '16-3632-HUM-25', 'XI-CLASS', 'BAN-101', '0', '0'),
('146575286916-3632-HUM-25ISS-250', '1465752869', '16-3632-HUM-25', 'XII-CLASS', 'ISS-250', '0', '1'),
('146575286916-3632-HUM-25SOW-272', '1465752869', '16-3632-HUM-25', 'XII-CLASS', 'SOW-272', '1', '0'),
('146575286916-3632-HUM-25ISH-305', '1465752869', '16-3632-HUM-25', 'XII-CLASS', 'ISH-305', '1', '0'),
('146575286916-3632-HUM-25CIV-270', '1465752869', '16-3632-HUM-25', 'XII-CLASS', 'CIV-270', '1', '0'),
('146575286916-3632-HUM-25ICT:275', '1465752869', '16-3632-HUM-25', 'XII-CLASS', 'ICT:275', '0', '0'),
('146575286916-3632-HUM-25ENG-108', '1465752869', '16-3632-HUM-25', 'XII-CLASS', 'ENG-108', '0', '0'),
('146575286916-3632-HUM-25BAN-102', '1465752869', '16-3632-HUM-25', 'XII-CLASS', 'BAN-102', '0', '0'),
('146575281116-2229-BUS-95FIN-292', '1465752811', '16-2229-BUS-95', 'XI-CLASS', 'FIN-292', '1', '0'),
('146575281116-2229-BUS-95BPP-277', '1465752811', '16-2229-BUS-95', 'XI-CLASS', 'BPP-277', '1', '0'),
('146575281116-2229-BUS-95ACT-253', '1465752811', '16-2229-BUS-95', 'XI-CLASS', 'ACT-253', '1', '0'),
('146575281116-2229-BUS-95ICT-275', '1465752811', '16-2229-BUS-95', 'XI-CLASS', 'ICT-275', '0', '0'),
('146575281116-2229-BUS-95ENG-107', '1465752811', '16-2229-BUS-95', 'XI-CLASS', 'ENG-107', '0', '0'),
('146575281116-2229-BUS-95BAN-101', '1465752811', '16-2229-BUS-95', 'XI-CLASS', 'BAN-101', '0', '0'),
('146575281116-2229-BUS-95MKT-287', '1465752811', '16-2229-BUS-95', 'XII-CLASS', 'MKT-287', '0', '1'),
('146575281116-2229-BUS-95FIN-293', '1465752811', '16-2229-BUS-95', 'XII-CLASS', 'FIN-293', '1', '0'),
('146575281116-2229-BUS-95BPP-278', '1465752811', '16-2229-BUS-95', 'XII-CLASS', 'BPP-278', '1', '0'),
('146575281116-2229-BUS-95ACT-254', '1465752811', '16-2229-BUS-95', 'XII-CLASS', 'ACT-254', '1', '0'),
('146575281116-2229-BUS-95ICT:275', '1465752811', '16-2229-BUS-95', 'XII-CLASS', 'ICT:275', '0', '0'),
('146575281116-2229-BUS-95ENG-108', '1465752811', '16-2229-BUS-95', 'XII-CLASS', 'ENG-108', '0', '0'),
('146575281116-2229-BUS-95BAN-102', '1465752811', '16-2229-BUS-95', 'XII-CLASS', 'BAN-102', '0', '0'),
('146575286916-2703-HUM-92ISS-249', '1465752869', '16-2703-HUM-92', 'XI-CLASS', 'ISS-249', '0', '1'),
('146575286916-2703-HUM-92LOG-121', '1465752869', '16-2703-HUM-92', 'XI-CLASS', 'LOG-121', '1', '0'),
('146575286916-2703-HUM-92SOW-271', '1465752869', '16-2703-HUM-92', 'XI-CLASS', 'SOW-271', '1', '0'),
('146575286916-2703-HUM-92ECO:109', '1465752869', '16-2703-HUM-92', 'XI-CLASS', 'ECO:109', '1', '0'),
('146575286916-2703-HUM-92ICT-275', '1465752869', '16-2703-HUM-92', 'XI-CLASS', 'ICT-275', '0', '0'),
('146575286916-2703-HUM-92ENG-107', '1465752869', '16-2703-HUM-92', 'XI-CLASS', 'ENG-107', '0', '0'),
('146575286916-2703-HUM-92BAN-101', '1465752869', '16-2703-HUM-92', 'XI-CLASS', 'BAN-101', '0', '0'),
('146575286916-2703-HUM-92ISS-250', '1465752869', '16-2703-HUM-92', 'XII-CLASS', 'ISS-250', '0', '1'),
('146575286916-2703-HUM-92LOG-122', '1465752869', '16-2703-HUM-92', 'XII-CLASS', 'LOG-122', '1', '0'),
('146575286916-2703-HUM-92SOW-272', '1465752869', '16-2703-HUM-92', 'XII-CLASS', 'SOW-272', '1', '0'),
('146575286916-2703-HUM-92ECO:110', '1465752869', '16-2703-HUM-92', 'XII-CLASS', 'ECO:110', '1', '0'),
('146575286916-2703-HUM-92ICT:275', '1465752869', '16-2703-HUM-92', 'XII-CLASS', 'ICT:275', '0', '0'),
('146575286916-2703-HUM-92ENG-108', '1465752869', '16-2703-HUM-92', 'XII-CLASS', 'ENG-108', '0', '0'),
('146575286916-2703-HUM-92BAN-102', '1465752869', '16-2703-HUM-92', 'XII-CLASS', 'BAN-102', '0', '0'),
('146575285116-3149-HUM-78BAN-101', '1465752851', '16-3149-HUM-78', 'XI-CLASS', 'BAN-101', '0', '0'),
('146575285116-3149-HUM-78ENG-107', '1465752851', '16-3149-HUM-78', 'XI-CLASS', 'ENG-107', '0', '0'),
('146575285116-3149-HUM-78ICT-275', '1465752851', '16-3149-HUM-78', 'XI-CLASS', 'ICT-275', '0', '0'),
('146575285116-3149-HUM-78ECO:109', '1465752851', '16-3149-HUM-78', 'XI-CLASS', 'ECO:109', '1', '0'),
('146575285116-3149-HUM-78ISH-267', '1465752851', '16-3149-HUM-78', 'XI-CLASS', 'ISH-267', '1', '0'),
('146575285116-3149-HUM-78SOW-271', '1465752851', '16-3149-HUM-78', 'XI-CLASS', 'SOW-271', '1', '0'),
('146575285116-3149-HUM-78ISS-249', '1465752851', '16-3149-HUM-78', 'XI-CLASS', 'ISS-249', '0', '1'),
('146575285116-3149-HUM-78BAN-102', '1465752851', '16-3149-HUM-78', 'XII-CLASS', 'BAN-102', '0', '0'),
('146575285116-3149-HUM-78ENG-108', '1465752851', '16-3149-HUM-78', 'XII-CLASS', 'ENG-108', '0', '0'),
('146575285116-3149-HUM-78ICT:275', '1465752851', '16-3149-HUM-78', 'XII-CLASS', 'ICT:275', '0', '0'),
('146575285116-3149-HUM-78ECO:110', '1465752851', '16-3149-HUM-78', 'XII-CLASS', 'ECO:110', '1', '0'),
('146575285116-3149-HUM-78ISH-268', '1465752851', '16-3149-HUM-78', 'XII-CLASS', 'ISH-268', '1', '0'),
('146575285116-3149-HUM-78SOW-272', '1465752851', '16-3149-HUM-78', 'XII-CLASS', 'SOW-272', '1', '0'),
('146575285116-3149-HUM-78ISS-250', '1465752851', '16-3149-HUM-78', 'XII-CLASS', 'ISS-250', '0', '1'),
('146575285116-3151-HUM-02ISS-249', '1465752851', '16-3151-HUM-02', 'XI-CLASS', 'ISS-249', '0', '1'),
('146575285116-3151-HUM-02ISH-267', '1465752851', '16-3151-HUM-02', 'XI-CLASS', 'ISH-267', '1', '0'),
('146575285116-3151-HUM-02SOW-271', '1465752851', '16-3151-HUM-02', 'XI-CLASS', 'SOW-271', '1', '0'),
('146575285116-3151-HUM-02CIV-269', '1465752851', '16-3151-HUM-02', 'XI-CLASS', 'CIV-269', '1', '0'),
('146575285116-3151-HUM-02ICT-275', '1465752851', '16-3151-HUM-02', 'XI-CLASS', 'ICT-275', '0', '0'),
('146575285116-3151-HUM-02ENG-107', '1465752851', '16-3151-HUM-02', 'XI-CLASS', 'ENG-107', '0', '0'),
('146575285116-3151-HUM-02BAN-101', '1465752851', '16-3151-HUM-02', 'XI-CLASS', 'BAN-101', '0', '0'),
('146575285116-3151-HUM-02ISS-250', '1465752851', '16-3151-HUM-02', 'XII-CLASS', 'ISS-250', '0', '1'),
('146575285116-3151-HUM-02ISH-268', '1465752851', '16-3151-HUM-02', 'XII-CLASS', 'ISH-268', '1', '0'),
('146575285116-3151-HUM-02SOW-272', '1465752851', '16-3151-HUM-02', 'XII-CLASS', 'SOW-272', '1', '0'),
('146575285116-3151-HUM-02CIV-270', '1465752851', '16-3151-HUM-02', 'XII-CLASS', 'CIV-270', '1', '0'),
('146575285116-3151-HUM-02ICT:275', '1465752851', '16-3151-HUM-02', 'XII-CLASS', 'ICT:275', '0', '0'),
('146575285116-3151-HUM-02ENG-108', '1465752851', '16-3151-HUM-02', 'XII-CLASS', 'ENG-108', '0', '0'),
('146575285116-3151-HUM-02BAN-102', '1465752851', '16-3151-HUM-02', 'XII-CLASS', 'BAN-102', '0', '0'),
('146575286916-3652-HUM-97ISH-268', '1465752869', '16-3652-HUM-97', 'XII-CLASS', 'ISH-268', '0', '1'),
('146575286916-3652-HUM-97SOW-272', '1465752869', '16-3652-HUM-97', 'XII-CLASS', 'SOW-272', '1', '0'),
('146575286916-3652-HUM-97CIV-270', '1465752869', '16-3652-HUM-97', 'XII-CLASS', 'CIV-270', '1', '0'),
('146575286916-3652-HUM-97ECO:110', '1465752869', '16-3652-HUM-97', 'XII-CLASS', 'ECO:110', '1', '0'),
('146575286916-3652-HUM-97ICT:275', '1465752869', '16-3652-HUM-97', 'XII-CLASS', 'ICT:275', '0', '0'),
('146575286916-3652-HUM-97ENG-108', '1465752869', '16-3652-HUM-97', 'XII-CLASS', 'ENG-108', '0', '0'),
('146575286916-3652-HUM-97BAN-102', '1465752869', '16-3652-HUM-97', 'XII-CLASS', 'BAN-102', '0', '0'),
('146575286916-3652-HUM-97ISH-267', '1465752869', '16-3652-HUM-97', 'XI-CLASS', 'ISH-267', '0', '1'),
('146575286916-3652-HUM-97SOW-271', '1465752869', '16-3652-HUM-97', 'XI-CLASS', 'SOW-271', '1', '0'),
('146575286916-3652-HUM-97CIV-269', '1465752869', '16-3652-HUM-97', 'XI-CLASS', 'CIV-269', '1', '0'),
('146575286916-3652-HUM-97ECO:109', '1465752869', '16-3652-HUM-97', 'XI-CLASS', 'ECO:109', '1', '0'),
('146575286916-3652-HUM-97ICT-275', '1465752869', '16-3652-HUM-97', 'XI-CLASS', 'ICT-275', '0', '0'),
('146575286916-3652-HUM-97ENG-107', '1465752869', '16-3652-HUM-97', 'XI-CLASS', 'ENG-107', '0', '0'),
('146575286916-3652-HUM-97BAN-101', '1465752869', '16-3652-HUM-97', 'XI-CLASS', 'BAN-101', '0', '0'),
('146575281116-2227-BUS-53BAN-101', '1465752811', '16-2227-BUS-53', 'XI-CLASS', 'BAN-101', '0', '0'),
('146575281116-2227-BUS-53ENG-107', '1465752811', '16-2227-BUS-53', 'XI-CLASS', 'ENG-107', '0', '0'),
('146575281116-2227-BUS-53ICT-275', '1465752811', '16-2227-BUS-53', 'XI-CLASS', 'ICT-275', '0', '0'),
('146575281116-2227-BUS-53ACT-253', '1465752811', '16-2227-BUS-53', 'XI-CLASS', 'ACT-253', '1', '0'),
('146575281116-2227-BUS-53FIN-292', '1465752811', '16-2227-BUS-53', 'XI-CLASS', 'FIN-292', '1', '0'),
('146575281116-2227-BUS-53BPP-277', '1465752811', '16-2227-BUS-53', 'XI-CLASS', 'BPP-277', '1', '0'),
('146575281116-2227-BUS-53MKT-286', '1465752811', '16-2227-BUS-53', 'XI-CLASS', 'MKT-286', '0', '1'),
('146575281116-2227-BUS-53BAN-102', '1465752811', '16-2227-BUS-53', 'XII-CLASS', 'BAN-102', '0', '0'),
('146575281116-2227-BUS-53ENG-108', '1465752811', '16-2227-BUS-53', 'XII-CLASS', 'ENG-108', '0', '0'),
('146575281116-2227-BUS-53ICT:275', '1465752811', '16-2227-BUS-53', 'XII-CLASS', 'ICT:275', '0', '0'),
('146575281116-2227-BUS-53ACT-254', '1465752811', '16-2227-BUS-53', 'XII-CLASS', 'ACT-254', '1', '0'),
('146575281116-2227-BUS-53FIN-293', '1465752811', '16-2227-BUS-53', 'XII-CLASS', 'FIN-293', '1', '0'),
('146575281116-2227-BUS-53BPP-278', '1465752811', '16-2227-BUS-53', 'XII-CLASS', 'BPP-278', '1', '0'),
('146575281116-2227-BUS-53MKT-287', '1465752811', '16-2227-BUS-53', 'XII-CLASS', 'MKT-287', '0', '1'),
('146575285116-3137-HUM-97ISS-249', '1465752851', '16-3137-HUM-97', 'XI-CLASS', 'ISS-249', '0', '1'),
('146575285116-3137-HUM-97SOW-271', '1465752851', '16-3137-HUM-97', 'XI-CLASS', 'SOW-271', '1', '0'),
('146575285116-3137-HUM-97CIV-269', '1465752851', '16-3137-HUM-97', 'XI-CLASS', 'CIV-269', '1', '0'),
('146575285116-3137-HUM-97ECO:109', '1465752851', '16-3137-HUM-97', 'XI-CLASS', 'ECO:109', '1', '0'),
('146575285116-3137-HUM-97ICT-275', '1465752851', '16-3137-HUM-97', 'XI-CLASS', 'ICT-275', '0', '0'),
('146575285116-3137-HUM-97ENG-107', '1465752851', '16-3137-HUM-97', 'XI-CLASS', 'ENG-107', '0', '0'),
('146575285116-3137-HUM-97BAN-101', '1465752851', '16-3137-HUM-97', 'XI-CLASS', 'BAN-101', '0', '0'),
('146575285116-3137-HUM-97ISS-250', '1465752851', '16-3137-HUM-97', 'XII-CLASS', 'ISS-250', '0', '1'),
('146575285116-3137-HUM-97SOW-272', '1465752851', '16-3137-HUM-97', 'XII-CLASS', 'SOW-272', '1', '0'),
('146575285116-3137-HUM-97CIV-270', '1465752851', '16-3137-HUM-97', 'XII-CLASS', 'CIV-270', '1', '0'),
('146575285116-3137-HUM-97ECO:110', '1465752851', '16-3137-HUM-97', 'XII-CLASS', 'ECO:110', '1', '0'),
('146575285116-3137-HUM-97ICT:275', '1465752851', '16-3137-HUM-97', 'XII-CLASS', 'ICT:275', '0', '0'),
('146575285116-3137-HUM-97ENG-108', '1465752851', '16-3137-HUM-97', 'XII-CLASS', 'ENG-108', '0', '0'),
('146575285116-3137-HUM-97BAN-102', '1465752851', '16-3137-HUM-97', 'XII-CLASS', 'BAN-102', '0', '0'),
('146575285116-3142-HUM-96BAN-101', '1465752851', '16-3142-HUM-96', 'XI-CLASS', 'BAN-101', '0', '0'),
('146575285116-3142-HUM-96ENG-107', '1465752851', '16-3142-HUM-96', 'XI-CLASS', 'ENG-107', '0', '0'),
('146575285116-3142-HUM-96ICT-275', '1465752851', '16-3142-HUM-96', 'XI-CLASS', 'ICT-275', '0', '0'),
('146575285116-3142-HUM-96ECO:109', '1465752851', '16-3142-HUM-96', 'XI-CLASS', 'ECO:109', '1', '0'),
('146575285116-3142-HUM-96SOW-271', '1465752851', '16-3142-HUM-96', 'XI-CLASS', 'SOW-271', '1', '0'),
('146575285116-3142-HUM-96CIV-269', '1465752851', '16-3142-HUM-96', 'XI-CLASS', 'CIV-269', '1', '0'),
('146575285116-3142-HUM-96STA:129', '1465752851', '16-3142-HUM-96', 'XI-CLASS', 'STA:129', '0', '1'),
('146575285116-3142-HUM-96BAN-102', '1465752851', '16-3142-HUM-96', 'XII-CLASS', 'BAN-102', '0', '0'),
('146575285116-3142-HUM-96ENG-108', '1465752851', '16-3142-HUM-96', 'XII-CLASS', 'ENG-108', '0', '0'),
('146575285116-3142-HUM-96ICT:275', '1465752851', '16-3142-HUM-96', 'XII-CLASS', 'ICT:275', '0', '0'),
('146575285116-3142-HUM-96ECO:110', '1465752851', '16-3142-HUM-96', 'XII-CLASS', 'ECO:110', '1', '0'),
('146575285116-3142-HUM-96SOW-272', '1465752851', '16-3142-HUM-96', 'XII-CLASS', 'SOW-272', '1', '0'),
('146575285116-3142-HUM-96CIV-270', '1465752851', '16-3142-HUM-96', 'XII-CLASS', 'CIV-270', '1', '0'),
('146575285116-3142-HUM-96STA:130', '1465752851', '16-3142-HUM-96', 'XII-CLASS', 'STA:130', '0', '1'),
('146575286916-3629-HUM-55BAN-101', '1465752869', '16-3629-HUM-55', 'XI-CLASS', 'BAN-101', '0', '0'),
('146575286916-3629-HUM-55ENG-107', '1465752869', '16-3629-HUM-55', 'XI-CLASS', 'ENG-107', '0', '0'),
('146575286916-3629-HUM-55ICT-275', '1465752869', '16-3629-HUM-55', 'XI-CLASS', 'ICT-275', '0', '0'),
('146575286916-3629-HUM-55SOW-271', '1465752869', '16-3629-HUM-55', 'XI-CLASS', 'SOW-271', '1', '0'),
('146575286916-3629-HUM-55SOS-117', '1465752869', '16-3629-HUM-55', 'XI-CLASS', 'SOS-117', '1', '0'),
('146575286916-3629-HUM-55ISH-267', '1465752869', '16-3629-HUM-55', 'XI-CLASS', 'ISH-267', '1', '0'),
('146575286916-3629-HUM-55ECO:109', '1465752869', '16-3629-HUM-55', 'XI-CLASS', 'ECO:109', '0', '1'),
('146575286916-3629-HUM-55BAN-102', '1465752869', '16-3629-HUM-55', 'XII-CLASS', 'BAN-102', '0', '0'),
('146575286916-3629-HUM-55ENG-108', '1465752869', '16-3629-HUM-55', 'XII-CLASS', 'ENG-108', '0', '0'),
('146575286916-3629-HUM-55ICT:275', '1465752869', '16-3629-HUM-55', 'XII-CLASS', 'ICT:275', '0', '0'),
('146575286916-3629-HUM-55SOW-272', '1465752869', '16-3629-HUM-55', 'XII-CLASS', 'SOW-272', '1', '0'),
('146575286916-3629-HUM-55SOS-118', '1465752869', '16-3629-HUM-55', 'XII-CLASS', 'SOS-118', '1', '0'),
('146575286916-3629-HUM-55ISH-268', '1465752869', '16-3629-HUM-55', 'XII-CLASS', 'ISH-268', '1', '0'),
('146575286916-3629-HUM-55ECO:110', '1465752869', '16-3629-HUM-55', 'XII-CLASS', 'ECO:110', '0', '1'),
('146575285116-3109-HUM-88ISS-249', '1465752851', '16-3109-HUM-88', 'XI-CLASS', 'ISS-249', '0', '1'),
('146575285116-3109-HUM-88ECO:109', '1465752851', '16-3109-HUM-88', 'XI-CLASS', 'ECO:109', '1', '0'),
('146575285116-3109-HUM-88SOW-271', '1465752851', '16-3109-HUM-88', 'XI-CLASS', 'SOW-271', '1', '0'),
('146575285116-3109-HUM-88CIV-269', '1465752851', '16-3109-HUM-88', 'XI-CLASS', 'CIV-269', '1', '0'),
('146575285116-3109-HUM-88ICT-275', '1465752851', '16-3109-HUM-88', 'XI-CLASS', 'ICT-275', '0', '0'),
('146575285116-3109-HUM-88ENG-107', '1465752851', '16-3109-HUM-88', 'XI-CLASS', 'ENG-107', '0', '0'),
('146575285116-3109-HUM-88BAN-101', '1465752851', '16-3109-HUM-88', 'XI-CLASS', 'BAN-101', '0', '0'),
('146575285116-3109-HUM-88ISS-250', '1465752851', '16-3109-HUM-88', 'XII-CLASS', 'ISS-250', '0', '1'),
('146575285116-3109-HUM-88ECO:110', '1465752851', '16-3109-HUM-88', 'XII-CLASS', 'ECO:110', '1', '0'),
('146575285116-3109-HUM-88SOW-272', '1465752851', '16-3109-HUM-88', 'XII-CLASS', 'SOW-272', '1', '0'),
('146575285116-3109-HUM-88CIV-270', '1465752851', '16-3109-HUM-88', 'XII-CLASS', 'CIV-270', '1', '0'),
('146575285116-3109-HUM-88ICT:275', '1465752851', '16-3109-HUM-88', 'XII-CLASS', 'ICT:275', '0', '0'),
('146575285116-3109-HUM-88ENG-108', '1465752851', '16-3109-HUM-88', 'XII-CLASS', 'ENG-108', '0', '0'),
('146575285116-3109-HUM-88BAN-102', '1465752851', '16-3109-HUM-88', 'XII-CLASS', 'BAN-102', '0', '0'),
('146575286916-3634-HUM-12ISS-249', '1465752869', '16-3634-HUM-12', 'XI-CLASS', 'ISS-249', '0', '1'),
('146575286916-3634-HUM-12CIV-269', '1465752869', '16-3634-HUM-12', 'XI-CLASS', 'CIV-269', '1', '0'),
('146575286916-3634-HUM-12SOW-271', '1465752869', '16-3634-HUM-12', 'XI-CLASS', 'SOW-271', '1', '0'),
('146575286916-3634-HUM-12ECO:109', '1465752869', '16-3634-HUM-12', 'XI-CLASS', 'ECO:109', '1', '0'),
('146575286916-3634-HUM-12ICT-275', '1465752869', '16-3634-HUM-12', 'XI-CLASS', 'ICT-275', '0', '0'),
('146575286916-3634-HUM-12ENG-107', '1465752869', '16-3634-HUM-12', 'XI-CLASS', 'ENG-107', '0', '0'),
('146575286916-3634-HUM-12BAN-101', '1465752869', '16-3634-HUM-12', 'XI-CLASS', 'BAN-101', '0', '0'),
('146575286916-3634-HUM-12ISS-250', '1465752869', '16-3634-HUM-12', 'XII-CLASS', 'ISS-250', '0', '1'),
('146575286916-3634-HUM-12CIV-270', '1465752869', '16-3634-HUM-12', 'XII-CLASS', 'CIV-270', '1', '0'),
('146575286916-3634-HUM-12SOW-272', '1465752869', '16-3634-HUM-12', 'XII-CLASS', 'SOW-272', '1', '0'),
('146575286916-3634-HUM-12ECO:110', '1465752869', '16-3634-HUM-12', 'XII-CLASS', 'ECO:110', '1', '0'),
('146575286916-3634-HUM-12ICT:275', '1465752869', '16-3634-HUM-12', 'XII-CLASS', 'ICT:275', '0', '0'),
('146575286916-3634-HUM-12ENG-108', '1465752869', '16-3634-HUM-12', 'XII-CLASS', 'ENG-108', '0', '0'),
('146575286916-3634-HUM-12BAN-102', '1465752869', '16-3634-HUM-12', 'XII-CLASS', 'BAN-102', '0', '0'),
('146575286916-3626-HUM-59STA:129', '1465752869', '16-3626-HUM-59', 'XI-CLASS', 'STA:129', '0', '1'),
('146575286916-3626-HUM-59SOW-271', '1465752869', '16-3626-HUM-59', 'XI-CLASS', 'SOW-271', '1', '0'),
('146575286916-3626-HUM-59CIV-269', '1465752869', '16-3626-HUM-59', 'XI-CLASS', 'CIV-269', '1', '0'),
('146575286916-3626-HUM-59ECO:109', '1465752869', '16-3626-HUM-59', 'XI-CLASS', 'ECO:109', '1', '0'),
('146575286916-3626-HUM-59ICT-275', '1465752869', '16-3626-HUM-59', 'XI-CLASS', 'ICT-275', '0', '0'),
('146575286916-3626-HUM-59ENG-107', '1465752869', '16-3626-HUM-59', 'XI-CLASS', 'ENG-107', '0', '0'),
('146575286916-3626-HUM-59BAN-101', '1465752869', '16-3626-HUM-59', 'XI-CLASS', 'BAN-101', '0', '0'),
('146575286916-3626-HUM-59STA:130', '1465752869', '16-3626-HUM-59', 'XII-CLASS', 'STA:130', '0', '1'),
('146575286916-3626-HUM-59SOW-272', '1465752869', '16-3626-HUM-59', 'XII-CLASS', 'SOW-272', '1', '0'),
('146575286916-3626-HUM-59CIV-270', '1465752869', '16-3626-HUM-59', 'XII-CLASS', 'CIV-270', '1', '0'),
('146575286916-3626-HUM-59ECO:110', '1465752869', '16-3626-HUM-59', 'XII-CLASS', 'ECO:110', '1', '0'),
('146575286916-3626-HUM-59ICT:275', '1465752869', '16-3626-HUM-59', 'XII-CLASS', 'ICT:275', '0', '0'),
('146575286916-3626-HUM-59ENG-108', '1465752869', '16-3626-HUM-59', 'XII-CLASS', 'ENG-108', '0', '0'),
('146575286916-3626-HUM-59BAN-102', '1465752869', '16-3626-HUM-59', 'XII-CLASS', 'BAN-102', '0', '0'),
('146575281116-2230-BUS-97MKT-286', '1465752811', '16-2230-BUS-97', 'XI-CLASS', 'MKT-286', '0', '1'),
('146575281116-2230-BUS-97FIN-292', '1465752811', '16-2230-BUS-97', 'XI-CLASS', 'FIN-292', '1', '0'),
('146575281116-2230-BUS-97BPP-277', '1465752811', '16-2230-BUS-97', 'XI-CLASS', 'BPP-277', '1', '0'),
('146575281116-2230-BUS-97ACT-253', '1465752811', '16-2230-BUS-97', 'XI-CLASS', 'ACT-253', '1', '0'),
('146575281116-2230-BUS-97ICT-275', '1465752811', '16-2230-BUS-97', 'XI-CLASS', 'ICT-275', '0', '0'),
('146575281116-2230-BUS-97ENG-107', '1465752811', '16-2230-BUS-97', 'XI-CLASS', 'ENG-107', '0', '0'),
('146575281116-2230-BUS-97BAN-101', '1465752811', '16-2230-BUS-97', 'XI-CLASS', 'BAN-101', '0', '0'),
('146575282716-2648-BUS-08BPP-277', '1465752827', '16-2648-BUS-08', 'XI-CLASS', 'BPP-277', '1', '0'),
('146575282716-2648-BUS-08FIN-292', '1465752827', '16-2648-BUS-08', 'XI-CLASS', 'FIN-292', '1', '0'),
('146575282716-2648-BUS-08ACT-253', '1465752827', '16-2648-BUS-08', 'XI-CLASS', 'ACT-253', '1', '0'),
('146575281116-2230-BUS-97MKT-287', '1465752811', '16-2230-BUS-97', 'XII-CLASS', 'MKT-287', '0', '1'),
('146575281116-2230-BUS-97FIN-293', '1465752811', '16-2230-BUS-97', 'XII-CLASS', 'FIN-293', '1', '0'),
('146575281116-2230-BUS-97BPP-278', '1465752811', '16-2230-BUS-97', 'XII-CLASS', 'BPP-278', '1', '0'),
('146575281116-2230-BUS-97BAN-102', '1465752811', '16-2230-BUS-97', 'XII-CLASS', 'BAN-102', '0', '0'),
('146575281116-2230-BUS-97ENG-108', '1465752811', '16-2230-BUS-97', 'XII-CLASS', 'ENG-108', '0', '0'),
('146575281116-2230-BUS-97ICT:275', '1465752811', '16-2230-BUS-97', 'XII-CLASS', 'ICT:275', '0', '0'),
('146575281116-2230-BUS-97ACT-254', '1465752811', '16-2230-BUS-97', 'XII-CLASS', 'ACT-254', '1', '0'),
('17-94-HUM-26SOW-272', '', '17-94-HUM-26', 'XII-CLASS', 'SOW-272', '1', '0'),
('17-94-HUM-26ISH-268', '', '17-94-HUM-26', 'XII-CLASS', 'ISH-268', '1', '0'),
('17-94-HUM-26CIV-270', '', '17-94-HUM-26', 'XII-CLASS', 'CIV-270', '1', '0'),
('17-94-HUM-26ICT:275', '', '17-94-HUM-26', 'XII-CLASS', 'ICT:275', '0', '0'),
('17-94-HUM-26ENG-108', '', '17-94-HUM-26', 'XII-CLASS', 'ENG-108', '0', '0'),
('17-94-HUM-26BAN-102', '', '17-94-HUM-26', 'XII-CLASS', 'BAN-102', '0', '0'),
('17-94-HUM-26ISS-249', '', '17-94-HUM-26', 'XI-CLASS', 'ISS-249', '0', '1'),
('17-94-HUM-26SOW-271', '', '17-94-HUM-26', 'XI-CLASS', 'SOW-271', '1', '0'),
('17-94-HUM-26ISH-267', '', '17-94-HUM-26', 'XI-CLASS', 'ISH-267', '1', '0'),
('17-94-HUM-26CIV-269', '', '17-94-HUM-26', 'XI-CLASS', 'CIV-269', '1', '0'),
('146575281116-2228-BUS-61MKT-286', '1465752811', '16-2228-BUS-61', 'XI-CLASS', 'MKT-286', '0', '1'),
('146575281116-2228-BUS-61FIN-292', '1465752811', '16-2228-BUS-61', 'XI-CLASS', 'FIN-292', '1', '0'),
('146575281116-2228-BUS-61BPP-277', '1465752811', '16-2228-BUS-61', 'XI-CLASS', 'BPP-277', '1', '0'),
('146575281116-2228-BUS-61ACT-253', '1465752811', '16-2228-BUS-61', 'XI-CLASS', 'ACT-253', '1', '0'),
('146575281116-2228-BUS-61ICT-275', '1465752811', '16-2228-BUS-61', 'XI-CLASS', 'ICT-275', '0', '0'),
('146575281116-2228-BUS-61ENG-107', '1465752811', '16-2228-BUS-61', 'XI-CLASS', 'ENG-107', '0', '0'),
('146575281116-2228-BUS-61BAN-101', '1465752811', '16-2228-BUS-61', 'XI-CLASS', 'BAN-101', '0', '0'),
('146575281116-2228-BUS-61MKT-287', '1465752811', '16-2228-BUS-61', 'XII-CLASS', 'MKT-287', '0', '1'),
('146575281116-2228-BUS-61FIN-293', '1465752811', '16-2228-BUS-61', 'XII-CLASS', 'FIN-293', '1', '0'),
('146575281116-2228-BUS-61BPP-278', '1465752811', '16-2228-BUS-61', 'XII-CLASS', 'BPP-278', '1', '0'),
('146575281116-2228-BUS-61ACT-254', '1465752811', '16-2228-BUS-61', 'XII-CLASS', 'ACT-254', '1', '0'),
('146575281116-2228-BUS-61ICT:275', '1465752811', '16-2228-BUS-61', 'XII-CLASS', 'ICT:275', '0', '0'),
('146575281116-2228-BUS-61ENG-108', '1465752811', '16-2228-BUS-61', 'XII-CLASS', 'ENG-108', '0', '0'),
('146575281116-2228-BUS-61BAN-102', '1465752811', '16-2228-BUS-61', 'XII-CLASS', 'BAN-102', '0', '0'),
('146575281116-2231-BUS-76MKT-286', '1465752811', '16-2231-BUS-76', 'XI-CLASS', 'MKT-286', '0', '1'),
('146575281116-2231-BUS-76BPP-277', '1465752811', '16-2231-BUS-76', 'XI-CLASS', 'BPP-277', '1', '0'),
('146575281116-2231-BUS-76FIN-292', '1465752811', '16-2231-BUS-76', 'XI-CLASS', 'FIN-292', '1', '0'),
('146575281116-2231-BUS-76ACT-253', '1465752811', '16-2231-BUS-76', 'XI-CLASS', 'ACT-253', '1', '0'),
('146575281116-2231-BUS-76ICT-275', '1465752811', '16-2231-BUS-76', 'XI-CLASS', 'ICT-275', '0', '0'),
('146575281116-2231-BUS-76ENG-107', '1465752811', '16-2231-BUS-76', 'XI-CLASS', 'ENG-107', '0', '0'),
('146575281116-2231-BUS-76BAN-101', '1465752811', '16-2231-BUS-76', 'XI-CLASS', 'BAN-101', '0', '0'),
('146575281116-2231-BUS-76MKT-287', '1465752811', '16-2231-BUS-76', 'XII-CLASS', 'MKT-287', '0', '1'),
('146575281116-2231-BUS-76BPP-278', '1465752811', '16-2231-BUS-76', 'XII-CLASS', 'BPP-278', '1', '0'),
('146575281116-2231-BUS-76FIN-293', '1465752811', '16-2231-BUS-76', 'XII-CLASS', 'FIN-293', '1', '0'),
('146575281116-2231-BUS-76ACT-254', '1465752811', '16-2231-BUS-76', 'XII-CLASS', 'ACT-254', '1', '0'),
('146575281116-2231-BUS-76ICT:275', '1465752811', '16-2231-BUS-76', 'XII-CLASS', 'ICT:275', '0', '0'),
('146575281116-2231-BUS-76ENG-108', '1465752811', '16-2231-BUS-76', 'XII-CLASS', 'ENG-108', '0', '0'),
('146575281116-2231-BUS-76BAN-102', '1465752811', '16-2231-BUS-76', 'XII-CLASS', 'BAN-102', '0', '0'),
('146575278116-1211-SCI-44BIO-178', '1465752781', '16-1211-SCI-44', 'XI-CLASS', 'BIO-178', '0', '1'),
('146575278116-1211-SCI-44MAT-127', '1465752781', '16-1211-SCI-44', 'XI-CLASS', 'MAT-127', '1', '0'),
('146575278116-1211-SCI-44CHE-176', '1465752781', '16-1211-SCI-44', 'XI-CLASS', 'CHE-176', '1', '0'),
('146575278116-1211-SCI-44PHY-174', '1465752781', '16-1211-SCI-44', 'XI-CLASS', 'PHY-174', '1', '0'),
('146575278116-1211-SCI-44ICT-275', '1465752781', '16-1211-SCI-44', 'XI-CLASS', 'ICT-275', '0', '0'),
('146575278116-1211-SCI-44ENG-107', '1465752781', '16-1211-SCI-44', 'XI-CLASS', 'ENG-107', '0', '0'),
('146575278116-1211-SCI-44BAN-101', '1465752781', '16-1211-SCI-44', 'XI-CLASS', 'BAN-101', '0', '0'),
('146575278116-1211-SCI-44BIO-179', '1465752781', '16-1211-SCI-44', 'XII-CLASS', 'BIO-179', '0', '1'),
('146575278116-1211-SCI-44MAT-128', '1465752781', '16-1211-SCI-44', 'XII-CLASS', 'MAT-128', '1', '0'),
('146575278116-1211-SCI-44CHE-177', '1465752781', '16-1211-SCI-44', 'XII-CLASS', 'CHE-177', '1', '0'),
('146575278116-1211-SCI-44PHY-175', '1465752781', '16-1211-SCI-44', 'XII-CLASS', 'PHY-175', '1', '0'),
('146575278116-1211-SCI-44ICT:275', '1465752781', '16-1211-SCI-44', 'XII-CLASS', 'ICT:275', '0', '0'),
('146575278116-1211-SCI-44ENG-108', '1465752781', '16-1211-SCI-44', 'XII-CLASS', 'ENG-108', '0', '0'),
('146575278116-1211-SCI-44BAN-102', '1465752781', '16-1211-SCI-44', 'XII-CLASS', 'BAN-102', '0', '0'),
('146575286916-3633-HUM-33ISS-249', '1465752869', '16-3633-HUM-33', 'XI-CLASS', 'ISS-249', '0', '1'),
('146575286916-3633-HUM-33SOW-271', '1465752869', '16-3633-HUM-33', 'XI-CLASS', 'SOW-271', '1', '0'),
('146575286916-3633-HUM-33ECO:109', '1465752869', '16-3633-HUM-33', 'XI-CLASS', 'ECO:109', '1', '0'),
('146575286916-3633-HUM-33CIV-269', '1465752869', '16-3633-HUM-33', 'XI-CLASS', 'CIV-269', '1', '0'),
('146575286916-3633-HUM-33ICT-275', '1465752869', '16-3633-HUM-33', 'XI-CLASS', 'ICT-275', '0', '0'),
('146575286916-3633-HUM-33ENG-107', '1465752869', '16-3633-HUM-33', 'XI-CLASS', 'ENG-107', '0', '0'),
('146575286916-3633-HUM-33BAN-101', '1465752869', '16-3633-HUM-33', 'XI-CLASS', 'BAN-101', '0', '0'),
('146575286916-3633-HUM-33ISS-250', '1465752869', '16-3633-HUM-33', 'XII-CLASS', 'ISS-250', '0', '1'),
('146575286916-3633-HUM-33SOW-272', '1465752869', '16-3633-HUM-33', 'XII-CLASS', 'SOW-272', '1', '0'),
('146575286916-3633-HUM-33ECO:110', '1465752869', '16-3633-HUM-33', 'XII-CLASS', 'ECO:110', '1', '0'),
('146575286916-3633-HUM-33CIV-270', '1465752869', '16-3633-HUM-33', 'XII-CLASS', 'CIV-270', '1', '0'),
('146575286916-3633-HUM-33ICT:275', '1465752869', '16-3633-HUM-33', 'XII-CLASS', 'ICT:275', '0', '0'),
('146575286916-3633-HUM-33ENG-108', '1465752869', '16-3633-HUM-33', 'XII-CLASS', 'ENG-108', '0', '0'),
('146575286916-3633-HUM-33BAN-102', '1465752869', '16-3633-HUM-33', 'XII-CLASS', 'BAN-102', '0', '0'),
('146575285116-3635-HUM-82ISS-249', '1465752851', '16-3635-HUM-82', 'XI-CLASS', 'ISS-249', '0', '1'),
('146575285116-3635-HUM-82SOW-271', '1465752851', '16-3635-HUM-82', 'XI-CLASS', 'SOW-271', '1', '0'),
('146575285116-3635-HUM-82CIV-269', '1465752851', '16-3635-HUM-82', 'XI-CLASS', 'CIV-269', '1', '0'),
('146575285116-3635-HUM-82ECO:109', '1465752851', '16-3635-HUM-82', 'XI-CLASS', 'ECO:109', '1', '0'),
('146575285116-3635-HUM-82ICT-275', '1465752851', '16-3635-HUM-82', 'XI-CLASS', 'ICT-275', '0', '0'),
('146575285116-3635-HUM-82ENG-107', '1465752851', '16-3635-HUM-82', 'XI-CLASS', 'ENG-107', '0', '0'),
('146575285116-3635-HUM-82BAN-101', '1465752851', '16-3635-HUM-82', 'XI-CLASS', 'BAN-101', '0', '0'),
('146575285116-3635-HUM-82ISS-250', '1465752851', '16-3635-HUM-82', 'XII-CLASS', 'ISS-250', '0', '1'),
('146575285116-3635-HUM-82SOW-272', '1465752851', '16-3635-HUM-82', 'XII-CLASS', 'SOW-272', '1', '0'),
('146575285116-3635-HUM-82CIV-270', '1465752851', '16-3635-HUM-82', 'XII-CLASS', 'CIV-270', '1', '0'),
('146575285116-3635-HUM-82ECO:110', '1465752851', '16-3635-HUM-82', 'XII-CLASS', 'ECO:110', '1', '0'),
('146575285116-3635-HUM-82ICT:275', '1465752851', '16-3635-HUM-82', 'XII-CLASS', 'ICT:275', '0', '0'),
('146575285116-3635-HUM-82ENG-108', '1465752851', '16-3635-HUM-82', 'XII-CLASS', 'ENG-108', '0', '0'),
('146575285116-3635-HUM-82BAN-102', '1465752851', '16-3635-HUM-82', 'XII-CLASS', 'BAN-102', '0', '0'),
('146575286916-3602-HUM-27ISS-249', '1465752869', '16-3602-HUM-27', 'XI-CLASS', 'ISS-249', '0', '1'),
('146575286916-3602-HUM-27ECO:109', '1465752869', '16-3602-HUM-27', 'XI-CLASS', 'ECO:109', '1', '0'),
('146575286916-3602-HUM-27LOG-121', '1465752869', '16-3602-HUM-27', 'XI-CLASS', 'LOG-121', '1', '0'),
('146575286916-3602-HUM-27CIV-269', '1465752869', '16-3602-HUM-27', 'XI-CLASS', 'CIV-269', '1', '0'),
('146575286916-3602-HUM-27ICT-275', '1465752869', '16-3602-HUM-27', 'XI-CLASS', 'ICT-275', '0', '0'),
('146575286916-3602-HUM-27ENG-107', '1465752869', '16-3602-HUM-27', 'XI-CLASS', 'ENG-107', '0', '0'),
('146575286916-3602-HUM-27BAN-101', '1465752869', '16-3602-HUM-27', 'XI-CLASS', 'BAN-101', '0', '0'),
('146575286916-3602-HUM-27ISS-250', '1465752869', '16-3602-HUM-27', 'XII-CLASS', 'ISS-250', '0', '1'),
('146575286916-3602-HUM-27ECO:110', '1465752869', '16-3602-HUM-27', 'XII-CLASS', 'ECO:110', '1', '0'),
('146575286916-3602-HUM-27LOG-122', '1465752869', '16-3602-HUM-27', 'XII-CLASS', 'LOG-122', '1', '0'),
('146575286916-3602-HUM-27CIV-270', '1465752869', '16-3602-HUM-27', 'XII-CLASS', 'CIV-270', '1', '0'),
('146575286916-3602-HUM-27ICT:275', '1465752869', '16-3602-HUM-27', 'XII-CLASS', 'ICT:275', '0', '0'),
('146575286916-3602-HUM-27ENG-108', '1465752869', '16-3602-HUM-27', 'XII-CLASS', 'ENG-108', '0', '0'),
('146575286916-3602-HUM-27BAN-102', '1465752869', '16-3602-HUM-27', 'XII-CLASS', 'BAN-102', '0', '0'),
('146575278116-1240-SCI-20BAN-101', '1465752781', '16-1240-SCI-20', 'XI-CLASS', 'BAN-101', '0', '0'),
('146575278116-1240-SCI-20ENG-107', '1465752781', '16-1240-SCI-20', 'XI-CLASS', 'ENG-107', '0', '0'),
('146575278116-1240-SCI-20ICT-275', '1465752781', '16-1240-SCI-20', 'XI-CLASS', 'ICT-275', '0', '0'),
('146575278116-1240-SCI-20PHY-174', '1465752781', '16-1240-SCI-20', 'XI-CLASS', 'PHY-174', '1', '0'),
('146575278116-1240-SCI-20CHE-176', '1465752781', '16-1240-SCI-20', 'XI-CLASS', 'CHE-176', '1', '0'),
('146575278116-1240-SCI-20MAT-127', '1465752781', '16-1240-SCI-20', 'XI-CLASS', 'MAT-127', '1', '0'),
('146575278116-1240-SCI-20BIO-178', '1465752781', '16-1240-SCI-20', 'XI-CLASS', 'BIO-178', '0', '1'),
('146575278116-1240-SCI-20BAN-102', '1465752781', '16-1240-SCI-20', 'XII-CLASS', 'BAN-102', '0', '0'),
('146575278116-1240-SCI-20ENG-108', '1465752781', '16-1240-SCI-20', 'XII-CLASS', 'ENG-108', '0', '0'),
('146575278116-1240-SCI-20ICT:275', '1465752781', '16-1240-SCI-20', 'XII-CLASS', 'ICT:275', '0', '0'),
('146575278116-1240-SCI-20PHY-175', '1465752781', '16-1240-SCI-20', 'XII-CLASS', 'PHY-175', '1', '0'),
('146575278116-1240-SCI-20CHE-177', '1465752781', '16-1240-SCI-20', 'XII-CLASS', 'CHE-177', '1', '0'),
('146575278116-1240-SCI-20MAT-128', '1465752781', '16-1240-SCI-20', 'XII-CLASS', 'MAT-128', '1', '0'),
('146575278116-1240-SCI-20BIO-179', '1465752781', '16-1240-SCI-20', 'XII-CLASS', 'BIO-179', '0', '1'),
('146575281116-2184-BUS-37MKT-286', '1465752811', '16-2184-BUS-37', 'XI-CLASS', 'MKT-286', '0', '1'),
('146575281116-2184-BUS-37FIN-292', '1465752811', '16-2184-BUS-37', 'XI-CLASS', 'FIN-292', '1', '0'),
('146575281116-2184-BUS-37BPP-277', '1465752811', '16-2184-BUS-37', 'XI-CLASS', 'BPP-277', '1', '0'),
('146575281116-2184-BUS-37ACT-253', '1465752811', '16-2184-BUS-37', 'XI-CLASS', 'ACT-253', '1', '0'),
('146575281116-2184-BUS-37ICT-275', '1465752811', '16-2184-BUS-37', 'XI-CLASS', 'ICT-275', '0', '0'),
('146575281116-2184-BUS-37ENG-107', '1465752811', '16-2184-BUS-37', 'XI-CLASS', 'ENG-107', '0', '0'),
('146575281116-2184-BUS-37BAN-101', '1465752811', '16-2184-BUS-37', 'XI-CLASS', 'BAN-101', '0', '0'),
('146575281116-2184-BUS-37MKT-287', '1465752811', '16-2184-BUS-37', 'XII-CLASS', 'MKT-287', '0', '1'),
('146575281116-2184-BUS-37FIN-293', '1465752811', '16-2184-BUS-37', 'XII-CLASS', 'FIN-293', '1', '0'),
('146575281116-2184-BUS-37BPP-278', '1465752811', '16-2184-BUS-37', 'XII-CLASS', 'BPP-278', '1', '0'),
('146575281116-2184-BUS-37ACT-254', '1465752811', '16-2184-BUS-37', 'XII-CLASS', 'ACT-254', '1', '0'),
('146575281116-2184-BUS-37ICT:275', '1465752811', '16-2184-BUS-37', 'XII-CLASS', 'ICT:275', '0', '0'),
('146575281116-2184-BUS-37ENG-108', '1465752811', '16-2184-BUS-37', 'XII-CLASS', 'ENG-108', '0', '0'),
('146575281116-2184-BUS-37BAN-102', '1465752811', '16-2184-BUS-37', 'XII-CLASS', 'BAN-102', '0', '0'),
('146575278116-1226-SCI-57BAN-101', '1465752781', '16-1226-SCI-57', 'XI-CLASS', 'BAN-101', '0', '0'),
('146575278116-1226-SCI-57ENG-107', '1465752781', '16-1226-SCI-57', 'XI-CLASS', 'ENG-107', '0', '0'),
('146575278116-1226-SCI-57ICT-275', '1465752781', '16-1226-SCI-57', 'XI-CLASS', 'ICT-275', '0', '0'),
('146575278116-1226-SCI-57PHY-174', '1465752781', '16-1226-SCI-57', 'XI-CLASS', 'PHY-174', '1', '0'),
('146575278116-1226-SCI-57CHE-176', '1465752781', '16-1226-SCI-57', 'XI-CLASS', 'CHE-176', '1', '0'),
('146575278116-1226-SCI-57MAT-127', '1465752781', '16-1226-SCI-57', 'XI-CLASS', 'MAT-127', '1', '0'),
('146575278116-1226-SCI-57BIO-178', '1465752781', '16-1226-SCI-57', 'XI-CLASS', 'BIO-178', '0', '1'),
('146575278116-1226-SCI-57BAN-102', '1465752781', '16-1226-SCI-57', 'XII-CLASS', 'BAN-102', '0', '0'),
('146575278116-1226-SCI-57ENG-108', '1465752781', '16-1226-SCI-57', 'XII-CLASS', 'ENG-108', '0', '0'),
('146575278116-1226-SCI-57ICT:275', '1465752781', '16-1226-SCI-57', 'XII-CLASS', 'ICT:275', '0', '0'),
('146575278116-1226-SCI-57PHY-175', '1465752781', '16-1226-SCI-57', 'XII-CLASS', 'PHY-175', '1', '0'),
('146575278116-1226-SCI-57CHE-177', '1465752781', '16-1226-SCI-57', 'XII-CLASS', 'CHE-177', '1', '0'),
('146575278116-1226-SCI-57MAT-128', '1465752781', '16-1226-SCI-57', 'XII-CLASS', 'MAT-128', '1', '0'),
('146575278116-1226-SCI-57BIO-179', '1465752781', '16-1226-SCI-57', 'XII-CLASS', 'BIO-179', '0', '1'),
('146575285116-3154-HUM-42STA:129', '1465752851', '16-3154-HUM-42', 'XI-CLASS', 'STA:129', '0', '1'),
('146575285116-3154-HUM-42SOW-271', '1465752851', '16-3154-HUM-42', 'XI-CLASS', 'SOW-271', '1', '0'),
('146575285116-3154-HUM-42CIV-269', '1465752851', '16-3154-HUM-42', 'XI-CLASS', 'CIV-269', '1', '0'),
('146575285116-3154-HUM-42ECO:109', '1465752851', '16-3154-HUM-42', 'XI-CLASS', 'ECO:109', '1', '0'),
('146575285116-3154-HUM-42ICT-275', '1465752851', '16-3154-HUM-42', 'XI-CLASS', 'ICT-275', '0', '0'),
('146575285116-3154-HUM-42ENG-107', '1465752851', '16-3154-HUM-42', 'XI-CLASS', 'ENG-107', '0', '0'),
('146575285116-3154-HUM-42BAN-101', '1465752851', '16-3154-HUM-42', 'XI-CLASS', 'BAN-101', '0', '0'),
('146575285116-3154-HUM-42STA:130', '1465752851', '16-3154-HUM-42', 'XII-CLASS', 'STA:130', '0', '1'),
('146575285116-3154-HUM-42SOW-272', '1465752851', '16-3154-HUM-42', 'XII-CLASS', 'SOW-272', '1', '0'),
('146575285116-3154-HUM-42CIV-270', '1465752851', '16-3154-HUM-42', 'XII-CLASS', 'CIV-270', '1', '0'),
('146575285116-3154-HUM-42ECO:110', '1465752851', '16-3154-HUM-42', 'XII-CLASS', 'ECO:110', '1', '0'),
('146575285116-3154-HUM-42ICT:275', '1465752851', '16-3154-HUM-42', 'XII-CLASS', 'ICT:275', '0', '0'),
('146575285116-3154-HUM-42ENG-108', '1465752851', '16-3154-HUM-42', 'XII-CLASS', 'ENG-108', '0', '0'),
('146575285116-3154-HUM-42BAN-102', '1465752851', '16-3154-HUM-42', 'XII-CLASS', 'BAN-102', '0', '0'),
('146575285116-3111-HUM-95ISS-249', '1465752851', '16-3111-HUM-95', 'XI-CLASS', 'ISS-249', '0', '1'),
('146575285116-3111-HUM-95SOW-271', '1465752851', '16-3111-HUM-95', 'XI-CLASS', 'SOW-271', '1', '0'),
('146575285116-3111-HUM-95ISH-267', '1465752851', '16-3111-HUM-95', 'XI-CLASS', 'ISH-267', '1', '0'),
('146575285116-3111-HUM-95CIV-269', '1465752851', '16-3111-HUM-95', 'XI-CLASS', 'CIV-269', '1', '0'),
('146575285116-3111-HUM-95ICT-275', '1465752851', '16-3111-HUM-95', 'XI-CLASS', 'ICT-275', '0', '0');
INSERT INTO `coursereg` (`courseregid`, `sectionid`, `studentid`, `currentsemesterid`, `courseid`, `electivesub`, `forthsub`) VALUES
('146575285116-3111-HUM-95ENG-107', '1465752851', '16-3111-HUM-95', 'XI-CLASS', 'ENG-107', '0', '0'),
('146575285116-3111-HUM-95BAN-101', '1465752851', '16-3111-HUM-95', 'XI-CLASS', 'BAN-101', '0', '0'),
('146575285116-3111-HUM-95ISS-250', '1465752851', '16-3111-HUM-95', 'XII-CLASS', 'ISS-250', '0', '1'),
('146575285116-3111-HUM-95SOW-272', '1465752851', '16-3111-HUM-95', 'XII-CLASS', 'SOW-272', '1', '0'),
('146575285116-3111-HUM-95ISH-268', '1465752851', '16-3111-HUM-95', 'XII-CLASS', 'ISH-268', '1', '0'),
('146575285116-3111-HUM-95CIV-270', '1465752851', '16-3111-HUM-95', 'XII-CLASS', 'CIV-270', '1', '0'),
('146575285116-3111-HUM-95ICT:275', '1465752851', '16-3111-HUM-95', 'XII-CLASS', 'ICT:275', '0', '0'),
('146575285116-3111-HUM-95ENG-108', '1465752851', '16-3111-HUM-95', 'XII-CLASS', 'ENG-108', '0', '0'),
('146575285116-3111-HUM-95BAN-102', '1465752851', '16-3111-HUM-95', 'XII-CLASS', 'BAN-102', '0', '0'),
('146575282716-2704-BUS-64MKT-286', '1465752827', '16-2704-BUS-64', 'XI-CLASS', 'MKT-286', '0', '1'),
('146575282716-2704-BUS-64FIN-292', '1465752827', '16-2704-BUS-64', 'XI-CLASS', 'FIN-292', '1', '0'),
('146575282716-2704-BUS-64BPP-277', '1465752827', '16-2704-BUS-64', 'XI-CLASS', 'BPP-277', '1', '0'),
('146575282716-2704-BUS-64ACT-253', '1465752827', '16-2704-BUS-64', 'XI-CLASS', 'ACT-253', '1', '0'),
('146575282716-2704-BUS-64ICT-275', '1465752827', '16-2704-BUS-64', 'XI-CLASS', 'ICT-275', '0', '0'),
('146575282716-2704-BUS-64ENG-107', '1465752827', '16-2704-BUS-64', 'XI-CLASS', 'ENG-107', '0', '0'),
('146575282716-2704-BUS-64BAN-101', '1465752827', '16-2704-BUS-64', 'XI-CLASS', 'BAN-101', '0', '0'),
('146575282716-2704-BUS-64MKT-287', '1465752827', '16-2704-BUS-64', 'XII-CLASS', 'MKT-287', '0', '1'),
('146575282716-2704-BUS-64FIN-293', '1465752827', '16-2704-BUS-64', 'XII-CLASS', 'FIN-293', '1', '0'),
('146575282716-2704-BUS-64BPP-278', '1465752827', '16-2704-BUS-64', 'XII-CLASS', 'BPP-278', '1', '0'),
('146575282716-2704-BUS-64ACT-254', '1465752827', '16-2704-BUS-64', 'XII-CLASS', 'ACT-254', '1', '0'),
('146575282716-2704-BUS-64ICT:275', '1465752827', '16-2704-BUS-64', 'XII-CLASS', 'ICT:275', '0', '0'),
('146575282716-2704-BUS-64ENG-108', '1465752827', '16-2704-BUS-64', 'XII-CLASS', 'ENG-108', '0', '0'),
('146575282716-2704-BUS-64BAN-102', '1465752827', '16-2704-BUS-64', 'XII-CLASS', 'BAN-102', '0', '0'),
('146575281116-2232-BUS-59BAN-101', '1465752811', '16-2232-BUS-59', 'XI-CLASS', 'BAN-101', '0', '0'),
('146575281116-2232-BUS-59ENG-107', '1465752811', '16-2232-BUS-59', 'XI-CLASS', 'ENG-107', '0', '0'),
('146575281116-2232-BUS-59ICT-275', '1465752811', '16-2232-BUS-59', 'XI-CLASS', 'ICT-275', '0', '0'),
('146575281116-2232-BUS-59ACT-253', '1465752811', '16-2232-BUS-59', 'XI-CLASS', 'ACT-253', '1', '0'),
('146575281116-2232-BUS-59BPP-277', '1465752811', '16-2232-BUS-59', 'XI-CLASS', 'BPP-277', '1', '0'),
('146575281116-2232-BUS-59MKT-286', '1465752811', '16-2232-BUS-59', 'XI-CLASS', 'MKT-286', '1', '0'),
('146575281116-2232-BUS-59FIN-292', '1465752811', '16-2232-BUS-59', 'XI-CLASS', 'FIN-292', '0', '1'),
('146575281116-2232-BUS-59BAN-102', '1465752811', '16-2232-BUS-59', 'XII-CLASS', 'BAN-102', '0', '0'),
('146575281116-2232-BUS-59ENG-108', '1465752811', '16-2232-BUS-59', 'XII-CLASS', 'ENG-108', '0', '0'),
('146575281116-2232-BUS-59ICT:275', '1465752811', '16-2232-BUS-59', 'XII-CLASS', 'ICT:275', '0', '0'),
('146575281116-2232-BUS-59ACT-254', '1465752811', '16-2232-BUS-59', 'XII-CLASS', 'ACT-254', '1', '0'),
('146575281116-2232-BUS-59BPP-278', '1465752811', '16-2232-BUS-59', 'XII-CLASS', 'BPP-278', '1', '0'),
('146575281116-2232-BUS-59MKT-287', '1465752811', '16-2232-BUS-59', 'XII-CLASS', 'MKT-287', '1', '0'),
('146575281116-2232-BUS-59FIN-293', '1465752811', '16-2232-BUS-59', 'XII-CLASS', 'FIN-293', '0', '1'),
('146575285116-3157-HUM-41SNK-137', '1465752851', '16-3157-HUM-41', 'XI-CLASS', 'SNK-137', '0', '1'),
('146575285116-3157-HUM-41SOS-117', '1465752851', '16-3157-HUM-41', 'XI-CLASS', 'SOS-117', '1', '0'),
('146575285116-3157-HUM-41ECO:109', '1465752851', '16-3157-HUM-41', 'XI-CLASS', 'ECO:109', '1', '0'),
('146575285116-3157-HUM-41CIV-269', '1465752851', '16-3157-HUM-41', 'XI-CLASS', 'CIV-269', '1', '0'),
('146575285116-3157-HUM-41ICT-275', '1465752851', '16-3157-HUM-41', 'XI-CLASS', 'ICT-275', '0', '0'),
('146575285116-3157-HUM-41ENG-107', '1465752851', '16-3157-HUM-41', 'XI-CLASS', 'ENG-107', '0', '0'),
('146575285116-3157-HUM-41BAN-101', '1465752851', '16-3157-HUM-41', 'XI-CLASS', 'BAN-101', '0', '0'),
('146575285116-3157-HUM-41SNK-138', '1465752851', '16-3157-HUM-41', 'XII-CLASS', 'SNK-138', '0', '1'),
('146575285116-3157-HUM-41SOS-118', '1465752851', '16-3157-HUM-41', 'XII-CLASS', 'SOS-118', '1', '0'),
('146575285116-3157-HUM-41ECO:110', '1465752851', '16-3157-HUM-41', 'XII-CLASS', 'ECO:110', '1', '0'),
('146575285116-3157-HUM-41CIV-270', '1465752851', '16-3157-HUM-41', 'XII-CLASS', 'CIV-270', '1', '0'),
('146575285116-3157-HUM-41ICT:275', '1465752851', '16-3157-HUM-41', 'XII-CLASS', 'ICT:275', '0', '0'),
('146575285116-3157-HUM-41ENG-108', '1465752851', '16-3157-HUM-41', 'XII-CLASS', 'ENG-108', '0', '0'),
('146575285116-3157-HUM-41BAN-102', '1465752851', '16-3157-HUM-41', 'XII-CLASS', 'BAN-102', '0', '0'),
('146575285116-3158-HUM-16ISS-249', '1465752851', '16-3158-HUM-16', 'XI-CLASS', 'ISS-249', '0', '1'),
('146575285116-3158-HUM-16ISH-267', '1465752851', '16-3158-HUM-16', 'XI-CLASS', 'ISH-267', '1', '0'),
('146575285116-3158-HUM-16SOW-271', '1465752851', '16-3158-HUM-16', 'XI-CLASS', 'SOW-271', '1', '0'),
('146575285116-3158-HUM-16CIV-269', '1465752851', '16-3158-HUM-16', 'XI-CLASS', 'CIV-269', '1', '0'),
('146575285116-3158-HUM-16ICT-275', '1465752851', '16-3158-HUM-16', 'XI-CLASS', 'ICT-275', '0', '0'),
('146575285116-3158-HUM-16ENG-107', '1465752851', '16-3158-HUM-16', 'XI-CLASS', 'ENG-107', '0', '0'),
('146575285116-3158-HUM-16BAN-101', '1465752851', '16-3158-HUM-16', 'XI-CLASS', 'BAN-101', '0', '0'),
('146575285116-3158-HUM-16ISS-250', '1465752851', '16-3158-HUM-16', 'XII-CLASS', 'ISS-250', '0', '1'),
('146575285116-3158-HUM-16ISH-268', '1465752851', '16-3158-HUM-16', 'XII-CLASS', 'ISH-268', '1', '0'),
('146575285116-3158-HUM-16SOW-272', '1465752851', '16-3158-HUM-16', 'XII-CLASS', 'SOW-272', '1', '0'),
('146575285116-3158-HUM-16CIV-270', '1465752851', '16-3158-HUM-16', 'XII-CLASS', 'CIV-270', '1', '0'),
('146575285116-3158-HUM-16ICT:275', '1465752851', '16-3158-HUM-16', 'XII-CLASS', 'ICT:275', '0', '0'),
('146575285116-3158-HUM-16ENG-108', '1465752851', '16-3158-HUM-16', 'XII-CLASS', 'ENG-108', '0', '0'),
('146575285116-3158-HUM-16BAN-102', '1465752851', '16-3158-HUM-16', 'XII-CLASS', 'BAN-102', '0', '0'),
('146575282716-2710-BUS-70MKT-286', '1465752827', '16-2710-BUS-70', 'XI-CLASS', 'MKT-286', '0', '1'),
('146575282716-2710-BUS-70BPP-277', '1465752827', '16-2710-BUS-70', 'XI-CLASS', 'BPP-277', '1', '0'),
('146575282716-2710-BUS-70FIN-292', '1465752827', '16-2710-BUS-70', 'XI-CLASS', 'FIN-292', '1', '0'),
('146575282716-2710-BUS-70ACT-253', '1465752827', '16-2710-BUS-70', 'XI-CLASS', 'ACT-253', '1', '0'),
('146575282716-2710-BUS-70ICT-275', '1465752827', '16-2710-BUS-70', 'XI-CLASS', 'ICT-275', '0', '0'),
('146575282716-2710-BUS-70ENG-107', '1465752827', '16-2710-BUS-70', 'XI-CLASS', 'ENG-107', '0', '0'),
('146575282716-2710-BUS-70BAN-101', '1465752827', '16-2710-BUS-70', 'XI-CLASS', 'BAN-101', '0', '0'),
('146575282716-2710-BUS-70MKT-287', '1465752827', '16-2710-BUS-70', 'XII-CLASS', 'MKT-287', '0', '1'),
('146575282716-2710-BUS-70BPP-278', '1465752827', '16-2710-BUS-70', 'XII-CLASS', 'BPP-278', '1', '0'),
('146575282716-2710-BUS-70FIN-293', '1465752827', '16-2710-BUS-70', 'XII-CLASS', 'FIN-293', '1', '0'),
('146575282716-2710-BUS-70ACT-254', '1465752827', '16-2710-BUS-70', 'XII-CLASS', 'ACT-254', '1', '0'),
('146575282716-2710-BUS-70ICT:275', '1465752827', '16-2710-BUS-70', 'XII-CLASS', 'ICT:275', '0', '0'),
('146575282716-2710-BUS-70ENG-108', '1465752827', '16-2710-BUS-70', 'XII-CLASS', 'ENG-108', '0', '0'),
('146575282716-2710-BUS-70BAN-102', '1465752827', '16-2710-BUS-70', 'XII-CLASS', 'BAN-102', '0', '0'),
('146575285116-3155-HUM-34BAN-101', '1465752851', '16-3155-HUM-34', 'XI-CLASS', 'BAN-101', '0', '0'),
('146575285116-3155-HUM-34ENG-107', '1465752851', '16-3155-HUM-34', 'XI-CLASS', 'ENG-107', '0', '0'),
('146575285116-3155-HUM-34ICT-275', '1465752851', '16-3155-HUM-34', 'XI-CLASS', 'ICT-275', '0', '0'),
('146575285116-3155-HUM-34ECO:109', '1465752851', '16-3155-HUM-34', 'XI-CLASS', 'ECO:109', '1', '0'),
('146575285116-3155-HUM-34ISH-267', '1465752851', '16-3155-HUM-34', 'XI-CLASS', 'ISH-267', '1', '0'),
('146575285116-3155-HUM-34CIV-269', '1465752851', '16-3155-HUM-34', 'XI-CLASS', 'CIV-269', '1', '0'),
('146575285116-3155-HUM-34ISS-249', '1465752851', '16-3155-HUM-34', 'XI-CLASS', 'ISS-249', '0', '1'),
('146575285116-3155-HUM-34BAN-102', '1465752851', '16-3155-HUM-34', 'XII-CLASS', 'BAN-102', '0', '0'),
('146575285116-3155-HUM-34ENG-108', '1465752851', '16-3155-HUM-34', 'XII-CLASS', 'ENG-108', '0', '0'),
('146575285116-3155-HUM-34ICT:275', '1465752851', '16-3155-HUM-34', 'XII-CLASS', 'ICT:275', '0', '0'),
('146575285116-3155-HUM-34ECO:110', '1465752851', '16-3155-HUM-34', 'XII-CLASS', 'ECO:110', '1', '0'),
('146575285116-3155-HUM-34ISH-268', '1465752851', '16-3155-HUM-34', 'XII-CLASS', 'ISH-268', '1', '0'),
('146575285116-3155-HUM-34CIV-270', '1465752851', '16-3155-HUM-34', 'XII-CLASS', 'CIV-270', '1', '0'),
('146575285116-3155-HUM-34ISS-250', '1465752851', '16-3155-HUM-34', 'XII-CLASS', 'ISS-250', '0', '1'),
('146575282716-2707-BUS-46BAN-101', '1465752827', '16-2707-BUS-46', 'XI-CLASS', 'BAN-101', '0', '0'),
('146575282716-2707-BUS-46ENG-107', '1465752827', '16-2707-BUS-46', 'XI-CLASS', 'ENG-107', '0', '0'),
('146575282716-2707-BUS-46ICT-275', '1465752827', '16-2707-BUS-46', 'XI-CLASS', 'ICT-275', '0', '0'),
('146575282716-2707-BUS-46ACT-253', '1465752827', '16-2707-BUS-46', 'XI-CLASS', 'ACT-253', '1', '0'),
('146575282716-2707-BUS-46FIN-292', '1465752827', '16-2707-BUS-46', 'XI-CLASS', 'FIN-292', '1', '0'),
('146575282716-2707-BUS-46BPP-277', '1465752827', '16-2707-BUS-46', 'XI-CLASS', 'BPP-277', '1', '0'),
('146575282716-2707-BUS-46MKT-286', '1465752827', '16-2707-BUS-46', 'XI-CLASS', 'MKT-286', '0', '1'),
('146575282716-2707-BUS-46BAN-102', '1465752827', '16-2707-BUS-46', 'XII-CLASS', 'BAN-102', '0', '0'),
('146575282716-2707-BUS-46ENG-108', '1465752827', '16-2707-BUS-46', 'XII-CLASS', 'ENG-108', '0', '0'),
('146575282716-2707-BUS-46ICT:275', '1465752827', '16-2707-BUS-46', 'XII-CLASS', 'ICT:275', '0', '0'),
('146575282716-2707-BUS-46ACT-254', '1465752827', '16-2707-BUS-46', 'XII-CLASS', 'ACT-254', '1', '0'),
('146575282716-2707-BUS-46FIN-293', '1465752827', '16-2707-BUS-46', 'XII-CLASS', 'FIN-293', '1', '0'),
('146575282716-2707-BUS-46BPP-278', '1465752827', '16-2707-BUS-46', 'XII-CLASS', 'BPP-278', '1', '0'),
('146575282716-2707-BUS-46MKT-287', '1465752827', '16-2707-BUS-46', 'XII-CLASS', 'MKT-287', '0', '1'),
('146575286916-3638-HUM-13ISS-249', '1465752869', '16-3638-HUM-13', 'XI-CLASS', 'ISS-249', '0', '1'),
('146575286916-3638-HUM-13SOW-271', '1465752869', '16-3638-HUM-13', 'XI-CLASS', 'SOW-271', '1', '0'),
('146575286916-3638-HUM-13CIV-269', '1465752869', '16-3638-HUM-13', 'XI-CLASS', 'CIV-269', '1', '0'),
('146575286916-3638-HUM-13ECO:109', '1465752869', '16-3638-HUM-13', 'XI-CLASS', 'ECO:109', '1', '0'),
('146575286916-3638-HUM-13ICT-275', '1465752869', '16-3638-HUM-13', 'XI-CLASS', 'ICT-275', '0', '0'),
('146575286916-3638-HUM-13ENG-107', '1465752869', '16-3638-HUM-13', 'XI-CLASS', 'ENG-107', '0', '0'),
('146575286916-3638-HUM-13BAN-101', '1465752869', '16-3638-HUM-13', 'XI-CLASS', 'BAN-101', '0', '0'),
('146575286916-3638-HUM-13ISS-250', '1465752869', '16-3638-HUM-13', 'XII-CLASS', 'ISS-250', '0', '1'),
('146575286916-3638-HUM-13SOW-272', '1465752869', '16-3638-HUM-13', 'XII-CLASS', 'SOW-272', '1', '0'),
('146575286916-3638-HUM-13CIV-270', '1465752869', '16-3638-HUM-13', 'XII-CLASS', 'CIV-270', '1', '0'),
('146575286916-3638-HUM-13ECO:110', '1465752869', '16-3638-HUM-13', 'XII-CLASS', 'ECO:110', '1', '0'),
('146575286916-3638-HUM-13ICT:275', '1465752869', '16-3638-HUM-13', 'XII-CLASS', 'ICT:275', '0', '0'),
('146575286916-3638-HUM-13ENG-108', '1465752869', '16-3638-HUM-13', 'XII-CLASS', 'ENG-108', '0', '0'),
('146575286916-3638-HUM-13BAN-102', '1465752869', '16-3638-HUM-13', 'XII-CLASS', 'BAN-102', '0', '0'),
('146575282716-2712-BUS-78MKT-286', '1465752827', '16-2712-BUS-78', 'XI-CLASS', 'MKT-286', '0', '1'),
('146575282716-2712-BUS-78BPP-277', '1465752827', '16-2712-BUS-78', 'XI-CLASS', 'BPP-277', '1', '0'),
('146575282716-2712-BUS-78FIN-292', '1465752827', '16-2712-BUS-78', 'XI-CLASS', 'FIN-292', '1', '0'),
('146575282716-2712-BUS-78ACT-253', '1465752827', '16-2712-BUS-78', 'XI-CLASS', 'ACT-253', '1', '0'),
('146575282716-2712-BUS-78ICT-275', '1465752827', '16-2712-BUS-78', 'XI-CLASS', 'ICT-275', '0', '0'),
('146575282716-2712-BUS-78ENG-107', '1465752827', '16-2712-BUS-78', 'XI-CLASS', 'ENG-107', '0', '0'),
('146575282716-2712-BUS-78BAN-101', '1465752827', '16-2712-BUS-78', 'XI-CLASS', 'BAN-101', '0', '0'),
('146575282716-2712-BUS-78MKT-287', '1465752827', '16-2712-BUS-78', 'XII-CLASS', 'MKT-287', '0', '1'),
('146575282716-2712-BUS-78BPP-278', '1465752827', '16-2712-BUS-78', 'XII-CLASS', 'BPP-278', '1', '0'),
('146575282716-2712-BUS-78FIN-293', '1465752827', '16-2712-BUS-78', 'XII-CLASS', 'FIN-293', '1', '0'),
('146575282716-2712-BUS-78ACT-254', '1465752827', '16-2712-BUS-78', 'XII-CLASS', 'ACT-254', '1', '0'),
('146575282716-2712-BUS-78ICT:275', '1465752827', '16-2712-BUS-78', 'XII-CLASS', 'ICT:275', '0', '0'),
('146575282716-2712-BUS-78ENG-108', '1465752827', '16-2712-BUS-78', 'XII-CLASS', 'ENG-108', '0', '0'),
('146575282716-2712-BUS-78BAN-102', '1465752827', '16-2712-BUS-78', 'XII-CLASS', 'BAN-102', '0', '0'),
('146575282716-2693-BUS-86BAN-101', '1465752827', '16-2693-BUS-86', 'XI-CLASS', 'BAN-101', '0', '0'),
('146575282716-2693-BUS-86ENG-107', '1465752827', '16-2693-BUS-86', 'XI-CLASS', 'ENG-107', '0', '0'),
('146575282716-2693-BUS-86ICT-275', '1465752827', '16-2693-BUS-86', 'XI-CLASS', 'ICT-275', '0', '0'),
('146575282716-2693-BUS-86ACT-253', '1465752827', '16-2693-BUS-86', 'XI-CLASS', 'ACT-253', '1', '0'),
('146575282716-2693-BUS-86BPP-277', '1465752827', '16-2693-BUS-86', 'XI-CLASS', 'BPP-277', '1', '0'),
('146575282716-2693-BUS-86FIN-292', '1465752827', '16-2693-BUS-86', 'XI-CLASS', 'FIN-292', '1', '0'),
('146575282716-2693-BUS-86MKT-286', '1465752827', '16-2693-BUS-86', 'XI-CLASS', 'MKT-286', '0', '1'),
('146575282716-2693-BUS-86BAN-102', '1465752827', '16-2693-BUS-86', 'XII-CLASS', 'BAN-102', '0', '0'),
('146575282716-2693-BUS-86ENG-108', '1465752827', '16-2693-BUS-86', 'XII-CLASS', 'ENG-108', '0', '0'),
('146575282716-2693-BUS-86ICT:275', '1465752827', '16-2693-BUS-86', 'XII-CLASS', 'ICT:275', '0', '0'),
('146575282716-2693-BUS-86ACT-254', '1465752827', '16-2693-BUS-86', 'XII-CLASS', 'ACT-254', '1', '0'),
('146575282716-2693-BUS-86BPP-278', '1465752827', '16-2693-BUS-86', 'XII-CLASS', 'BPP-278', '1', '0'),
('146575282716-2693-BUS-86FIN-293', '1465752827', '16-2693-BUS-86', 'XII-CLASS', 'FIN-293', '1', '0'),
('146575282716-2693-BUS-86MKT-287', '1465752827', '16-2693-BUS-86', 'XII-CLASS', 'MKT-287', '0', '1'),
('146575286916-3637-HUM-05BAN-101', '1465752869', '16-3637-HUM-05', 'XI-CLASS', 'BAN-101', '0', '0'),
('146575286916-3637-HUM-05ENG-107', '1465752869', '16-3637-HUM-05', 'XI-CLASS', 'ENG-107', '0', '0'),
('146575286916-3637-HUM-05ICT-275', '1465752869', '16-3637-HUM-05', 'XI-CLASS', 'ICT-275', '0', '0'),
('146575286916-3637-HUM-05CIV-269', '1465752869', '16-3637-HUM-05', 'XI-CLASS', 'CIV-269', '1', '0'),
('146575286916-3637-HUM-05ECO:109', '1465752869', '16-3637-HUM-05', 'XI-CLASS', 'ECO:109', '1', '0'),
('146575286916-3637-HUM-05SOW-271', '1465752869', '16-3637-HUM-05', 'XI-CLASS', 'SOW-271', '1', '0'),
('146575286916-3637-HUM-05STA:129', '1465752869', '16-3637-HUM-05', 'XI-CLASS', 'STA:129', '0', '1'),
('146575286916-3637-HUM-05BAN-102', '1465752869', '16-3637-HUM-05', 'XII-CLASS', 'BAN-102', '0', '0'),
('146575286916-3637-HUM-05ENG-108', '1465752869', '16-3637-HUM-05', 'XII-CLASS', 'ENG-108', '0', '0'),
('146575286916-3637-HUM-05ICT:275', '1465752869', '16-3637-HUM-05', 'XII-CLASS', 'ICT:275', '0', '0'),
('146575286916-3637-HUM-05CIV-270', '1465752869', '16-3637-HUM-05', 'XII-CLASS', 'CIV-270', '1', '0'),
('146575286916-3637-HUM-05ECO:110', '1465752869', '16-3637-HUM-05', 'XII-CLASS', 'ECO:110', '1', '0'),
('146575286916-3637-HUM-05SOW-272', '1465752869', '16-3637-HUM-05', 'XII-CLASS', 'SOW-272', '1', '0'),
('146575286916-3637-HUM-05STA:130', '1465752869', '16-3637-HUM-05', 'XII-CLASS', 'STA:130', '0', '1'),
('146575282716-2705-BUS-10MKT-286', '1465752827', '16-2705-BUS-10', 'XI-CLASS', 'MKT-286', '0', '1'),
('146575282716-2705-BUS-10FIN-292', '1465752827', '16-2705-BUS-10', 'XI-CLASS', 'FIN-292', '1', '0'),
('146575282716-2705-BUS-10BPP-277', '1465752827', '16-2705-BUS-10', 'XI-CLASS', 'BPP-277', '1', '0'),
('146575282716-2705-BUS-10ACT-253', '1465752827', '16-2705-BUS-10', 'XI-CLASS', 'ACT-253', '1', '0'),
('146575282716-2705-BUS-10ICT-275', '1465752827', '16-2705-BUS-10', 'XI-CLASS', 'ICT-275', '0', '0'),
('146575282716-2705-BUS-10ENG-107', '1465752827', '16-2705-BUS-10', 'XI-CLASS', 'ENG-107', '0', '0'),
('146575282716-2705-BUS-10BAN-101', '1465752827', '16-2705-BUS-10', 'XI-CLASS', 'BAN-101', '0', '0'),
('146575282716-2705-BUS-10MKT-287', '1465752827', '16-2705-BUS-10', 'XII-CLASS', 'MKT-287', '0', '1'),
('146575282716-2705-BUS-10FIN-293', '1465752827', '16-2705-BUS-10', 'XII-CLASS', 'FIN-293', '1', '0'),
('146575282716-2705-BUS-10BPP-278', '1465752827', '16-2705-BUS-10', 'XII-CLASS', 'BPP-278', '1', '0'),
('146575282716-2705-BUS-10ACT-254', '1465752827', '16-2705-BUS-10', 'XII-CLASS', 'ACT-254', '1', '0'),
('146575282716-2705-BUS-10ICT:275', '1465752827', '16-2705-BUS-10', 'XII-CLASS', 'ICT:275', '0', '0'),
('146575282716-2705-BUS-10ENG-108', '1465752827', '16-2705-BUS-10', 'XII-CLASS', 'ENG-108', '0', '0'),
('146575282716-2705-BUS-10BAN-102', '1465752827', '16-2705-BUS-10', 'XII-CLASS', 'BAN-102', '0', '0'),
('146575282716-2709-BUS-65BAN-101', '1465752827', '16-2709-BUS-65', 'XI-CLASS', 'BAN-101', '0', '0'),
('146575282716-2709-BUS-65ENG-107', '1465752827', '16-2709-BUS-65', 'XI-CLASS', 'ENG-107', '0', '0'),
('146575282716-2709-BUS-65ICT-275', '1465752827', '16-2709-BUS-65', 'XI-CLASS', 'ICT-275', '0', '0'),
('146575282716-2709-BUS-65ACT-253', '1465752827', '16-2709-BUS-65', 'XI-CLASS', 'ACT-253', '1', '0'),
('146575282716-2709-BUS-65BPP-277', '1465752827', '16-2709-BUS-65', 'XI-CLASS', 'BPP-277', '1', '0'),
('146575282716-2709-BUS-65FIN-292', '1465752827', '16-2709-BUS-65', 'XI-CLASS', 'FIN-292', '1', '0'),
('146575282716-2709-BUS-65MKT-286', '1465752827', '16-2709-BUS-65', 'XI-CLASS', 'MKT-286', '0', '1'),
('146575282716-2709-BUS-65BAN-102', '1465752827', '16-2709-BUS-65', 'XII-CLASS', 'BAN-102', '0', '0'),
('146575282716-2709-BUS-65ENG-108', '1465752827', '16-2709-BUS-65', 'XII-CLASS', 'ENG-108', '0', '0'),
('146575282716-2709-BUS-65ICT:275', '1465752827', '16-2709-BUS-65', 'XII-CLASS', 'ICT:275', '0', '0'),
('146575282716-2709-BUS-65ACT-254', '1465752827', '16-2709-BUS-65', 'XII-CLASS', 'ACT-254', '1', '0'),
('146575282716-2709-BUS-65BPP-278', '1465752827', '16-2709-BUS-65', 'XII-CLASS', 'BPP-278', '1', '0'),
('146575282716-2709-BUS-65FIN-293', '1465752827', '16-2709-BUS-65', 'XII-CLASS', 'FIN-293', '1', '0'),
('146575282716-2709-BUS-65MKT-287', '1465752827', '16-2709-BUS-65', 'XII-CLASS', 'MKT-287', '0', '1'),
('146575282716-2702-BUS-60MKT-286', '1465752827', '16-2702-BUS-60', 'XI-CLASS', 'MKT-286', '0', '1'),
('146575282716-2702-BUS-60FIN-292', '1465752827', '16-2702-BUS-60', 'XI-CLASS', 'FIN-292', '1', '0'),
('146575282716-2702-BUS-60BPP-277', '1465752827', '16-2702-BUS-60', 'XI-CLASS', 'BPP-277', '1', '0'),
('146575282716-2702-BUS-60ACT-253', '1465752827', '16-2702-BUS-60', 'XI-CLASS', 'ACT-253', '1', '0'),
('146575282716-2702-BUS-60ICT-275', '1465752827', '16-2702-BUS-60', 'XI-CLASS', 'ICT-275', '0', '0'),
('146575282716-2702-BUS-60ENG-107', '1465752827', '16-2702-BUS-60', 'XI-CLASS', 'ENG-107', '0', '0'),
('146575282716-2702-BUS-60BAN-101', '1465752827', '16-2702-BUS-60', 'XI-CLASS', 'BAN-101', '0', '0'),
('146575282716-2702-BUS-60MKT-287', '1465752827', '16-2702-BUS-60', 'XII-CLASS', 'MKT-287', '0', '1'),
('146575282716-2702-BUS-60FIN-293', '1465752827', '16-2702-BUS-60', 'XII-CLASS', 'FIN-293', '1', '0'),
('146575282716-2702-BUS-60BPP-278', '1465752827', '16-2702-BUS-60', 'XII-CLASS', 'BPP-278', '1', '0'),
('146575282716-2702-BUS-60ACT-254', '1465752827', '16-2702-BUS-60', 'XII-CLASS', 'ACT-254', '1', '0'),
('146575282716-2702-BUS-60ICT:275', '1465752827', '16-2702-BUS-60', 'XII-CLASS', 'ICT:275', '0', '0'),
('146575282716-2702-BUS-60ENG-108', '1465752827', '16-2702-BUS-60', 'XII-CLASS', 'ENG-108', '0', '0'),
('146575282716-2702-BUS-60BAN-102', '1465752827', '16-2702-BUS-60', 'XII-CLASS', 'BAN-102', '0', '0'),
('146575285116-3159-HUM-33ISH-267', '1465752851', '16-3159-HUM-33', 'XI-CLASS', 'ISH-267', '0', '1'),
('146575285116-3159-HUM-33CIV-269', '1465752851', '16-3159-HUM-33', 'XI-CLASS', 'CIV-269', '1', '0'),
('146575285116-3159-HUM-33SOW-271', '1465752851', '16-3159-HUM-33', 'XI-CLASS', 'SOW-271', '1', '0'),
('146575285116-3159-HUM-33LOG-121', '1465752851', '16-3159-HUM-33', 'XI-CLASS', 'LOG-121', '1', '0'),
('146575285116-3159-HUM-33ICT-275', '1465752851', '16-3159-HUM-33', 'XI-CLASS', 'ICT-275', '0', '0'),
('146575285116-3159-HUM-33ENG-107', '1465752851', '16-3159-HUM-33', 'XI-CLASS', 'ENG-107', '0', '0'),
('146575285116-3159-HUM-33BAN-101', '1465752851', '16-3159-HUM-33', 'XI-CLASS', 'BAN-101', '0', '0'),
('146575285116-3159-HUM-33ISH-268', '1465752851', '16-3159-HUM-33', 'XII-CLASS', 'ISH-268', '0', '1'),
('146575285116-3159-HUM-33CIV-270', '1465752851', '16-3159-HUM-33', 'XII-CLASS', 'CIV-270', '1', '0'),
('146575285116-3159-HUM-33SOW-272', '1465752851', '16-3159-HUM-33', 'XII-CLASS', 'SOW-272', '1', '0'),
('146575285116-3159-HUM-33LOG-122', '1465752851', '16-3159-HUM-33', 'XII-CLASS', 'LOG-122', '1', '0'),
('146575285116-3159-HUM-33ICT:275', '1465752851', '16-3159-HUM-33', 'XII-CLASS', 'ICT:275', '0', '0'),
('146575285116-3159-HUM-33ENG-108', '1465752851', '16-3159-HUM-33', 'XII-CLASS', 'ENG-108', '0', '0'),
('146575285116-3159-HUM-33BAN-102', '1465752851', '16-3159-HUM-33', 'XII-CLASS', 'BAN-102', '0', '0'),
('146575281116-2238-BUS-65MKT-286', '1465752811', '16-2238-BUS-65', 'XI-CLASS', 'MKT-286', '0', '1'),
('146575281116-2238-BUS-65BPP-277', '1465752811', '16-2238-BUS-65', 'XI-CLASS', 'BPP-277', '1', '0'),
('146575281116-2238-BUS-65FIN-292', '1465752811', '16-2238-BUS-65', 'XI-CLASS', 'FIN-292', '1', '0'),
('146575281116-2238-BUS-65ACT-253', '1465752811', '16-2238-BUS-65', 'XI-CLASS', 'ACT-253', '1', '0'),
('146575281116-2238-BUS-65ICT-275', '1465752811', '16-2238-BUS-65', 'XI-CLASS', 'ICT-275', '0', '0'),
('146575281116-2238-BUS-65ENG-107', '1465752811', '16-2238-BUS-65', 'XI-CLASS', 'ENG-107', '0', '0'),
('146575281116-2238-BUS-65BAN-101', '1465752811', '16-2238-BUS-65', 'XI-CLASS', 'BAN-101', '0', '0'),
('146575281116-2238-BUS-65MKT-287', '1465752811', '16-2238-BUS-65', 'XII-CLASS', 'MKT-287', '0', '1'),
('146575281116-2238-BUS-65BPP-278', '1465752811', '16-2238-BUS-65', 'XII-CLASS', 'BPP-278', '1', '0'),
('146575281116-2238-BUS-65FIN-293', '1465752811', '16-2238-BUS-65', 'XII-CLASS', 'FIN-293', '1', '0'),
('146575281116-2238-BUS-65ACT-254', '1465752811', '16-2238-BUS-65', 'XII-CLASS', 'ACT-254', '1', '0'),
('146575281116-2238-BUS-65ICT:275', '1465752811', '16-2238-BUS-65', 'XII-CLASS', 'ICT:275', '0', '0'),
('146575281116-2238-BUS-65ENG-108', '1465752811', '16-2238-BUS-65', 'XII-CLASS', 'ENG-108', '0', '0'),
('146575281116-2238-BUS-65BAN-102', '1465752811', '16-2238-BUS-65', 'XII-CLASS', 'BAN-102', '0', '0'),
('146575282716-2711-BUS-00MKT-286', '1465752827', '16-2711-BUS-00', 'XI-CLASS', 'MKT-286', '0', '1'),
('146575282716-2711-BUS-00FIN-292', '1465752827', '16-2711-BUS-00', 'XI-CLASS', 'FIN-292', '1', '0'),
('146575282716-2711-BUS-00BPP-277', '1465752827', '16-2711-BUS-00', 'XI-CLASS', 'BPP-277', '1', '0'),
('146575282716-2711-BUS-00ACT-253', '1465752827', '16-2711-BUS-00', 'XI-CLASS', 'ACT-253', '1', '0'),
('146575282716-2711-BUS-00ICT-275', '1465752827', '16-2711-BUS-00', 'XI-CLASS', 'ICT-275', '0', '0'),
('146575282716-2711-BUS-00ENG-107', '1465752827', '16-2711-BUS-00', 'XI-CLASS', 'ENG-107', '0', '0'),
('146575282716-2711-BUS-00BAN-101', '1465752827', '16-2711-BUS-00', 'XI-CLASS', 'BAN-101', '0', '0'),
('146575282716-2711-BUS-00MKT-287', '1465752827', '16-2711-BUS-00', 'XII-CLASS', 'MKT-287', '0', '1'),
('146575282716-2711-BUS-00FIN-293', '1465752827', '16-2711-BUS-00', 'XII-CLASS', 'FIN-293', '1', '0'),
('146575282716-2711-BUS-00BPP-278', '1465752827', '16-2711-BUS-00', 'XII-CLASS', 'BPP-278', '1', '0'),
('146575282716-2711-BUS-00ACT-254', '1465752827', '16-2711-BUS-00', 'XII-CLASS', 'ACT-254', '1', '0'),
('146575282716-2711-BUS-00ICT:275', '1465752827', '16-2711-BUS-00', 'XII-CLASS', 'ICT:275', '0', '0'),
('146575282716-2711-BUS-00ENG-108', '1465752827', '16-2711-BUS-00', 'XII-CLASS', 'ENG-108', '0', '0'),
('146575282716-2711-BUS-00BAN-102', '1465752827', '16-2711-BUS-00', 'XII-CLASS', 'BAN-102', '0', '0'),
('146575281116-2236-BUS-56MKT-286', '1465752811', '16-2236-BUS-56', 'XI-CLASS', 'MKT-286', '0', '1'),
('146575281116-2236-BUS-56FIN-292', '1465752811', '16-2236-BUS-56', 'XI-CLASS', 'FIN-292', '1', '0'),
('146575281116-2236-BUS-56BPP-277', '1465752811', '16-2236-BUS-56', 'XI-CLASS', 'BPP-277', '1', '0'),
('146575281116-2236-BUS-56ACT-253', '1465752811', '16-2236-BUS-56', 'XI-CLASS', 'ACT-253', '1', '0'),
('146575281116-2236-BUS-56ICT-275', '1465752811', '16-2236-BUS-56', 'XI-CLASS', 'ICT-275', '0', '0'),
('146575281116-2236-BUS-56ENG-107', '1465752811', '16-2236-BUS-56', 'XI-CLASS', 'ENG-107', '0', '0'),
('146575281116-2236-BUS-56BAN-101', '1465752811', '16-2236-BUS-56', 'XI-CLASS', 'BAN-101', '0', '0'),
('146575281116-2236-BUS-56MKT-287', '1465752811', '16-2236-BUS-56', 'XII-CLASS', 'MKT-287', '0', '1'),
('146575281116-2236-BUS-56FIN-293', '1465752811', '16-2236-BUS-56', 'XII-CLASS', 'FIN-293', '1', '0'),
('146575281116-2236-BUS-56BPP-278', '1465752811', '16-2236-BUS-56', 'XII-CLASS', 'BPP-278', '1', '0'),
('146575281116-2236-BUS-56ACT-254', '1465752811', '16-2236-BUS-56', 'XII-CLASS', 'ACT-254', '1', '0'),
('146575281116-2236-BUS-56ICT:275', '1465752811', '16-2236-BUS-56', 'XII-CLASS', 'ICT:275', '0', '0'),
('146575281116-2236-BUS-56ENG-108', '1465752811', '16-2236-BUS-56', 'XII-CLASS', 'ENG-108', '0', '0'),
('146575281116-2236-BUS-56BAN-102', '1465752811', '16-2236-BUS-56', 'XII-CLASS', 'BAN-102', '0', '0'),
('146575286916-3639-HUM-43ISS-249', '1465752869', '16-3639-HUM-43', 'XI-CLASS', 'ISS-249', '0', '1'),
('146575286916-3639-HUM-43SOW-271', '1465752869', '16-3639-HUM-43', 'XI-CLASS', 'SOW-271', '1', '0'),
('146575286916-3639-HUM-43ECO:109', '1465752869', '16-3639-HUM-43', 'XI-CLASS', 'ECO:109', '1', '0'),
('146575286916-3639-HUM-43CIV-269', '1465752869', '16-3639-HUM-43', 'XI-CLASS', 'CIV-269', '1', '0'),
('146575286916-3639-HUM-43ICT-275', '1465752869', '16-3639-HUM-43', 'XI-CLASS', 'ICT-275', '0', '0'),
('146575286916-3639-HUM-43ENG-107', '1465752869', '16-3639-HUM-43', 'XI-CLASS', 'ENG-107', '0', '0'),
('146575286916-3639-HUM-43BAN-101', '1465752869', '16-3639-HUM-43', 'XI-CLASS', 'BAN-101', '0', '0'),
('146575286916-3639-HUM-43ISS-250', '1465752869', '16-3639-HUM-43', 'XII-CLASS', 'ISS-250', '0', '1'),
('146575286916-3639-HUM-43SOW-272', '1465752869', '16-3639-HUM-43', 'XII-CLASS', 'SOW-272', '1', '0'),
('146575286916-3639-HUM-43ECO:110', '1465752869', '16-3639-HUM-43', 'XII-CLASS', 'ECO:110', '1', '0'),
('146575286916-3639-HUM-43CIV-270', '1465752869', '16-3639-HUM-43', 'XII-CLASS', 'CIV-270', '1', '0'),
('146575286916-3639-HUM-43ICT:275', '1465752869', '16-3639-HUM-43', 'XII-CLASS', 'ICT:275', '0', '0'),
('146575286916-3639-HUM-43ENG-108', '1465752869', '16-3639-HUM-43', 'XII-CLASS', 'ENG-108', '0', '0'),
('146575286916-3639-HUM-43BAN-102', '1465752869', '16-3639-HUM-43', 'XII-CLASS', 'BAN-102', '0', '0'),
('146575286916-3640-HUM-55ECO:109', '1465752869', '16-3640-HUM-55', 'XI-CLASS', 'ECO:109', '0', '1'),
('146575286916-3640-HUM-55SOW-271', '1465752869', '16-3640-HUM-55', 'XI-CLASS', 'SOW-271', '1', '0'),
('146575286916-3640-HUM-55ISH-267', '1465752869', '16-3640-HUM-55', 'XI-CLASS', 'ISH-267', '1', '0'),
('146575286916-3640-HUM-55CIV-269', '1465752869', '16-3640-HUM-55', 'XI-CLASS', 'CIV-269', '1', '0'),
('146575286916-3640-HUM-55ICT-275', '1465752869', '16-3640-HUM-55', 'XI-CLASS', 'ICT-275', '0', '0'),
('146575286916-3640-HUM-55ENG-107', '1465752869', '16-3640-HUM-55', 'XI-CLASS', 'ENG-107', '0', '0'),
('146575286916-3640-HUM-55BAN-101', '1465752869', '16-3640-HUM-55', 'XI-CLASS', 'BAN-101', '0', '0'),
('146575286916-3640-HUM-55ECO:110', '1465752869', '16-3640-HUM-55', 'XII-CLASS', 'ECO:110', '0', '1'),
('146575286916-3640-HUM-55SOW-272', '1465752869', '16-3640-HUM-55', 'XII-CLASS', 'SOW-272', '1', '0'),
('146575286916-3640-HUM-55ISH-268', '1465752869', '16-3640-HUM-55', 'XII-CLASS', 'ISH-268', '1', '0'),
('146575286916-3640-HUM-55CIV-270', '1465752869', '16-3640-HUM-55', 'XII-CLASS', 'CIV-270', '1', '0'),
('146575286916-3640-HUM-55ICT:275', '1465752869', '16-3640-HUM-55', 'XII-CLASS', 'ICT:275', '0', '0'),
('146575286916-3640-HUM-55ENG-108', '1465752869', '16-3640-HUM-55', 'XII-CLASS', 'ENG-108', '0', '0'),
('146575286916-3640-HUM-55BAN-102', '1465752869', '16-3640-HUM-55', 'XII-CLASS', 'BAN-102', '0', '0'),
('146575285116-3161-HUM-77ECO:109', '1465752851', '16-3161-HUM-77', 'XI-CLASS', 'ECO:109', '0', '1'),
('146575285116-3161-HUM-77SOW-271', '1465752851', '16-3161-HUM-77', 'XI-CLASS', 'SOW-271', '1', '0'),
('146575285116-3161-HUM-77ISH-267', '1465752851', '16-3161-HUM-77', 'XI-CLASS', 'ISH-267', '1', '0'),
('146575285116-3161-HUM-77CIV-269', '1465752851', '16-3161-HUM-77', 'XI-CLASS', 'CIV-269', '1', '0'),
('146575285116-3161-HUM-77ICT-275', '1465752851', '16-3161-HUM-77', 'XI-CLASS', 'ICT-275', '0', '0'),
('146575285116-3161-HUM-77ENG-107', '1465752851', '16-3161-HUM-77', 'XI-CLASS', 'ENG-107', '0', '0'),
('146575285116-3161-HUM-77BAN-101', '1465752851', '16-3161-HUM-77', 'XI-CLASS', 'BAN-101', '0', '0'),
('146575285116-3161-HUM-77ECO:110', '1465752851', '16-3161-HUM-77', 'XII-CLASS', 'ECO:110', '0', '1'),
('146575285116-3161-HUM-77SOW-272', '1465752851', '16-3161-HUM-77', 'XII-CLASS', 'SOW-272', '1', '0'),
('146575285116-3161-HUM-77ISH-268', '1465752851', '16-3161-HUM-77', 'XII-CLASS', 'ISH-268', '1', '0'),
('146575285116-3161-HUM-77CIV-270', '1465752851', '16-3161-HUM-77', 'XII-CLASS', 'CIV-270', '1', '0'),
('146575285116-3161-HUM-77ICT:275', '1465752851', '16-3161-HUM-77', 'XII-CLASS', 'ICT:275', '0', '0'),
('146575285116-3161-HUM-77ENG-108', '1465752851', '16-3161-HUM-77', 'XII-CLASS', 'ENG-108', '0', '0'),
('146575285116-3161-HUM-77BAN-102', '1465752851', '16-3161-HUM-77', 'XII-CLASS', 'BAN-102', '0', '0'),
('146575281116-2237-BUS-63MKT-286', '1465752811', '16-2237-BUS-63', 'XI-CLASS', 'MKT-286', '0', '1'),
('146575281116-2237-BUS-63FIN-292', '1465752811', '16-2237-BUS-63', 'XI-CLASS', 'FIN-292', '1', '0'),
('146575281116-2237-BUS-63BPP-277', '1465752811', '16-2237-BUS-63', 'XI-CLASS', 'BPP-277', '1', '0'),
('146575281116-2237-BUS-63ACT-253', '1465752811', '16-2237-BUS-63', 'XI-CLASS', 'ACT-253', '1', '0'),
('146575281116-2237-BUS-63ICT-275', '1465752811', '16-2237-BUS-63', 'XI-CLASS', 'ICT-275', '0', '0'),
('146575281116-2237-BUS-63ENG-107', '1465752811', '16-2237-BUS-63', 'XI-CLASS', 'ENG-107', '0', '0'),
('146575281116-2237-BUS-63BAN-101', '1465752811', '16-2237-BUS-63', 'XI-CLASS', 'BAN-101', '0', '0'),
('146575281116-2237-BUS-63MKT-287', '1465752811', '16-2237-BUS-63', 'XII-CLASS', 'MKT-287', '0', '1'),
('146575281116-2237-BUS-63FIN-293', '1465752811', '16-2237-BUS-63', 'XII-CLASS', 'FIN-293', '1', '0'),
('146575281116-2237-BUS-63BPP-278', '1465752811', '16-2237-BUS-63', 'XII-CLASS', 'BPP-278', '1', '0'),
('146575281116-2237-BUS-63ACT-254', '1465752811', '16-2237-BUS-63', 'XII-CLASS', 'ACT-254', '1', '0'),
('146575281116-2237-BUS-63ICT:275', '1465752811', '16-2237-BUS-63', 'XII-CLASS', 'ICT:275', '0', '0'),
('146575281116-2237-BUS-63ENG-108', '1465752811', '16-2237-BUS-63', 'XII-CLASS', 'ENG-108', '0', '0'),
('146575281116-2237-BUS-63BAN-102', '1465752811', '16-2237-BUS-63', 'XII-CLASS', 'BAN-102', '0', '0'),
('146575282716-2716-BUS-91MKT-286', '1465752827', '16-2716-BUS-91', 'XI-CLASS', 'MKT-286', '0', '1'),
('146575282716-2716-BUS-91BPP-277', '1465752827', '16-2716-BUS-91', 'XI-CLASS', 'BPP-277', '1', '0'),
('146575282716-2716-BUS-91FIN-292', '1465752827', '16-2716-BUS-91', 'XI-CLASS', 'FIN-292', '1', '0'),
('146575282716-2716-BUS-91ACT-253', '1465752827', '16-2716-BUS-91', 'XI-CLASS', 'ACT-253', '1', '0'),
('146575282716-2716-BUS-91ICT-275', '1465752827', '16-2716-BUS-91', 'XI-CLASS', 'ICT-275', '0', '0'),
('146575282716-2716-BUS-91ENG-107', '1465752827', '16-2716-BUS-91', 'XI-CLASS', 'ENG-107', '0', '0'),
('146575282716-2716-BUS-91BAN-101', '1465752827', '16-2716-BUS-91', 'XI-CLASS', 'BAN-101', '0', '0'),
('146575282716-2716-BUS-91MKT-287', '1465752827', '16-2716-BUS-91', 'XII-CLASS', 'MKT-287', '0', '1'),
('146575282716-2716-BUS-91BPP-278', '1465752827', '16-2716-BUS-91', 'XII-CLASS', 'BPP-278', '1', '0'),
('146575282716-2716-BUS-91FIN-293', '1465752827', '16-2716-BUS-91', 'XII-CLASS', 'FIN-293', '1', '0'),
('146575282716-2716-BUS-91ACT-254', '1465752827', '16-2716-BUS-91', 'XII-CLASS', 'ACT-254', '1', '0'),
('146575282716-2716-BUS-91ICT:275', '1465752827', '16-2716-BUS-91', 'XII-CLASS', 'ICT:275', '0', '0'),
('146575282716-2716-BUS-91ENG-108', '1465752827', '16-2716-BUS-91', 'XII-CLASS', 'ENG-108', '0', '0'),
('146575282716-2716-BUS-91BAN-102', '1465752827', '16-2716-BUS-91', 'XII-CLASS', 'BAN-102', '0', '0'),
('146575282716-2706-BUS-74MKT-286', '1465752827', '16-2706-BUS-74', 'XI-CLASS', 'MKT-286', '0', '1'),
('146575282716-2706-BUS-74FIN-292', '1465752827', '16-2706-BUS-74', 'XI-CLASS', 'FIN-292', '1', '0'),
('146575282716-2706-BUS-74BPP-277', '1465752827', '16-2706-BUS-74', 'XI-CLASS', 'BPP-277', '1', '0'),
('146575282716-2706-BUS-74ACT-253', '1465752827', '16-2706-BUS-74', 'XI-CLASS', 'ACT-253', '1', '0'),
('146575282716-2706-BUS-74ICT-275', '1465752827', '16-2706-BUS-74', 'XI-CLASS', 'ICT-275', '0', '0'),
('146575282716-2706-BUS-74ENG-107', '1465752827', '16-2706-BUS-74', 'XI-CLASS', 'ENG-107', '0', '0'),
('146575282716-2706-BUS-74BAN-101', '1465752827', '16-2706-BUS-74', 'XI-CLASS', 'BAN-101', '0', '0'),
('146575282716-2706-BUS-74MKT-287', '1465752827', '16-2706-BUS-74', 'XII-CLASS', 'MKT-287', '0', '1'),
('146575282716-2706-BUS-74FIN-293', '1465752827', '16-2706-BUS-74', 'XII-CLASS', 'FIN-293', '1', '0'),
('146575282716-2706-BUS-74BPP-278', '1465752827', '16-2706-BUS-74', 'XII-CLASS', 'BPP-278', '1', '0'),
('146575282716-2706-BUS-74ACT-254', '1465752827', '16-2706-BUS-74', 'XII-CLASS', 'ACT-254', '1', '0'),
('146575282716-2706-BUS-74ICT:275', '1465752827', '16-2706-BUS-74', 'XII-CLASS', 'ICT:275', '0', '0'),
('146575282716-2706-BUS-74ENG-108', '1465752827', '16-2706-BUS-74', 'XII-CLASS', 'ENG-108', '0', '0'),
('146575282716-2706-BUS-74BAN-102', '1465752827', '16-2706-BUS-74', 'XII-CLASS', 'BAN-102', '0', '0'),
('146575281116-2240-BUS-76BAN-101', '1465752811', '16-2240-BUS-76', 'XI-CLASS', 'BAN-101', '0', '0'),
('146575281116-2240-BUS-76ENG-107', '1465752811', '16-2240-BUS-76', 'XI-CLASS', 'ENG-107', '0', '0'),
('146575281116-2240-BUS-76ICT-275', '1465752811', '16-2240-BUS-76', 'XI-CLASS', 'ICT-275', '0', '0'),
('146575281116-2240-BUS-76ACT-253', '1465752811', '16-2240-BUS-76', 'XI-CLASS', 'ACT-253', '1', '0'),
('146575281116-2240-BUS-76FIN-292', '1465752811', '16-2240-BUS-76', 'XI-CLASS', 'FIN-292', '1', '0'),
('146575281116-2240-BUS-76BPP-277', '1465752811', '16-2240-BUS-76', 'XI-CLASS', 'BPP-277', '1', '0'),
('146575281116-2240-BUS-76MKT-286', '1465752811', '16-2240-BUS-76', 'XI-CLASS', 'MKT-286', '0', '1'),
('146575281116-2240-BUS-76BAN-102', '1465752811', '16-2240-BUS-76', 'XII-CLASS', 'BAN-102', '0', '0'),
('146575281116-2240-BUS-76ENG-108', '1465752811', '16-2240-BUS-76', 'XII-CLASS', 'ENG-108', '0', '0'),
('146575281116-2240-BUS-76ICT:275', '1465752811', '16-2240-BUS-76', 'XII-CLASS', 'ICT:275', '0', '0'),
('146575281116-2240-BUS-76ACT-254', '1465752811', '16-2240-BUS-76', 'XII-CLASS', 'ACT-254', '1', '0'),
('146575281116-2240-BUS-76FIN-293', '1465752811', '16-2240-BUS-76', 'XII-CLASS', 'FIN-293', '1', '0'),
('146575281116-2240-BUS-76BPP-278', '1465752811', '16-2240-BUS-76', 'XII-CLASS', 'BPP-278', '1', '0'),
('146575281116-2240-BUS-76MKT-287', '1465752811', '16-2240-BUS-76', 'XII-CLASS', 'MKT-287', '0', '1'),
('146575282716-2715-BUS-54MKT-286', '1465752827', '16-2715-BUS-54', 'XI-CLASS', 'MKT-286', '0', '1'),
('146575282716-2715-BUS-54FIN-292', '1465752827', '16-2715-BUS-54', 'XI-CLASS', 'FIN-292', '1', '0'),
('146575282716-2715-BUS-54BPP-277', '1465752827', '16-2715-BUS-54', 'XI-CLASS', 'BPP-277', '1', '0'),
('146575282716-2715-BUS-54ACT-253', '1465752827', '16-2715-BUS-54', 'XI-CLASS', 'ACT-253', '1', '0'),
('146575282716-2715-BUS-54ICT-275', '1465752827', '16-2715-BUS-54', 'XI-CLASS', 'ICT-275', '0', '0'),
('146575282716-2715-BUS-54ENG-107', '1465752827', '16-2715-BUS-54', 'XI-CLASS', 'ENG-107', '0', '0'),
('146575282716-2715-BUS-54BAN-101', '1465752827', '16-2715-BUS-54', 'XI-CLASS', 'BAN-101', '0', '0'),
('146575282716-2715-BUS-54MKT-287', '1465752827', '16-2715-BUS-54', 'XII-CLASS', 'MKT-287', '0', '1'),
('146575282716-2715-BUS-54FIN-293', '1465752827', '16-2715-BUS-54', 'XII-CLASS', 'FIN-293', '1', '0'),
('146575282716-2715-BUS-54BPP-278', '1465752827', '16-2715-BUS-54', 'XII-CLASS', 'BPP-278', '1', '0'),
('146575282716-2715-BUS-54ACT-254', '1465752827', '16-2715-BUS-54', 'XII-CLASS', 'ACT-254', '1', '0'),
('146575282716-2715-BUS-54ICT:275', '1465752827', '16-2715-BUS-54', 'XII-CLASS', 'ICT:275', '0', '0'),
('146575282716-2715-BUS-54ENG-108', '1465752827', '16-2715-BUS-54', 'XII-CLASS', 'ENG-108', '0', '0'),
('146575282716-2715-BUS-54BAN-102', '1465752827', '16-2715-BUS-54', 'XII-CLASS', 'BAN-102', '0', '0'),
('146575282716-2708-BUS-82MKT-286', '1465752827', '16-2708-BUS-82', 'XI-CLASS', 'MKT-286', '0', '1'),
('146575282716-2708-BUS-82FIN-292', '1465752827', '16-2708-BUS-82', 'XI-CLASS', 'FIN-292', '1', '0'),
('146575282716-2708-BUS-82BPP-277', '1465752827', '16-2708-BUS-82', 'XI-CLASS', 'BPP-277', '1', '0'),
('146575282716-2708-BUS-82ACT-253', '1465752827', '16-2708-BUS-82', 'XI-CLASS', 'ACT-253', '1', '0'),
('146575282716-2708-BUS-82ICT-275', '1465752827', '16-2708-BUS-82', 'XI-CLASS', 'ICT-275', '0', '0'),
('146575282716-2708-BUS-82ENG-107', '1465752827', '16-2708-BUS-82', 'XI-CLASS', 'ENG-107', '0', '0'),
('146575282716-2708-BUS-82BAN-101', '1465752827', '16-2708-BUS-82', 'XI-CLASS', 'BAN-101', '0', '0'),
('146575282716-2708-BUS-82MKT-287', '1465752827', '16-2708-BUS-82', 'XII-CLASS', 'MKT-287', '0', '1'),
('146575282716-2708-BUS-82FIN-293', '1465752827', '16-2708-BUS-82', 'XII-CLASS', 'FIN-293', '1', '0'),
('146575282716-2708-BUS-82BPP-278', '1465752827', '16-2708-BUS-82', 'XII-CLASS', 'BPP-278', '1', '0'),
('146575282716-2708-BUS-82ACT-254', '1465752827', '16-2708-BUS-82', 'XII-CLASS', 'ACT-254', '1', '0'),
('146575282716-2708-BUS-82ICT:275', '1465752827', '16-2708-BUS-82', 'XII-CLASS', 'ICT:275', '0', '0'),
('146575282716-2708-BUS-82ENG-108', '1465752827', '16-2708-BUS-82', 'XII-CLASS', 'ENG-108', '0', '0'),
('146575282716-2708-BUS-82BAN-102', '1465752827', '16-2708-BUS-82', 'XII-CLASS', 'BAN-102', '0', '0'),
('146575282716-2714-BUS-50BAN-101', '1465752827', '16-2714-BUS-50', 'XI-CLASS', 'BAN-101', '0', '0'),
('146575282716-2714-BUS-50ENG-107', '1465752827', '16-2714-BUS-50', 'XI-CLASS', 'ENG-107', '0', '0'),
('146575282716-2714-BUS-50ICT-275', '1465752827', '16-2714-BUS-50', 'XI-CLASS', 'ICT-275', '0', '0'),
('146575282716-2714-BUS-50ACT-253', '1465752827', '16-2714-BUS-50', 'XI-CLASS', 'ACT-253', '1', '0'),
('146575282716-2714-BUS-50BPP-277', '1465752827', '16-2714-BUS-50', 'XI-CLASS', 'BPP-277', '1', '0'),
('146575282716-2714-BUS-50FIN-292', '1465752827', '16-2714-BUS-50', 'XI-CLASS', 'FIN-292', '1', '0'),
('146575282716-2714-BUS-50MKT-286', '1465752827', '16-2714-BUS-50', 'XI-CLASS', 'MKT-286', '0', '1'),
('146575282716-2714-BUS-50BAN-102', '1465752827', '16-2714-BUS-50', 'XII-CLASS', 'BAN-102', '0', '0'),
('146575282716-2714-BUS-50ENG-108', '1465752827', '16-2714-BUS-50', 'XII-CLASS', 'ENG-108', '0', '0'),
('146575282716-2714-BUS-50ICT:275', '1465752827', '16-2714-BUS-50', 'XII-CLASS', 'ICT:275', '0', '0'),
('146575282716-2714-BUS-50ACT-254', '1465752827', '16-2714-BUS-50', 'XII-CLASS', 'ACT-254', '1', '0'),
('146575282716-2714-BUS-50BPP-278', '1465752827', '16-2714-BUS-50', 'XII-CLASS', 'BPP-278', '1', '0'),
('146575282716-2714-BUS-50FIN-293', '1465752827', '16-2714-BUS-50', 'XII-CLASS', 'FIN-293', '1', '0'),
('146575282716-2714-BUS-50MKT-287', '1465752827', '16-2714-BUS-50', 'XII-CLASS', 'MKT-287', '0', '1'),
('146575286916-3641-HUM-40ISS-249', '1465752869', '16-3641-HUM-40', 'XI-CLASS', 'ISS-249', '0', '1'),
('146575286916-3641-HUM-40SOW-271', '1465752869', '16-3641-HUM-40', 'XI-CLASS', 'SOW-271', '1', '0'),
('146575286916-3641-HUM-40CIV-269', '1465752869', '16-3641-HUM-40', 'XI-CLASS', 'CIV-269', '1', '0'),
('146575286916-3641-HUM-40ECO:109', '1465752869', '16-3641-HUM-40', 'XI-CLASS', 'ECO:109', '1', '0'),
('146575286916-3641-HUM-40ICT-275', '1465752869', '16-3641-HUM-40', 'XI-CLASS', 'ICT-275', '0', '0'),
('146575286916-3641-HUM-40ENG-107', '1465752869', '16-3641-HUM-40', 'XI-CLASS', 'ENG-107', '0', '0'),
('146575286916-3641-HUM-40BAN-101', '1465752869', '16-3641-HUM-40', 'XI-CLASS', 'BAN-101', '0', '0'),
('146575286916-3641-HUM-40ISS-250', '1465752869', '16-3641-HUM-40', 'XII-CLASS', 'ISS-250', '0', '1'),
('146575286916-3641-HUM-40SOW-272', '1465752869', '16-3641-HUM-40', 'XII-CLASS', 'SOW-272', '1', '0'),
('146575286916-3641-HUM-40CIV-270', '1465752869', '16-3641-HUM-40', 'XII-CLASS', 'CIV-270', '1', '0'),
('146575286916-3641-HUM-40ECO:110', '1465752869', '16-3641-HUM-40', 'XII-CLASS', 'ECO:110', '1', '0'),
('146575286916-3641-HUM-40ICT:275', '1465752869', '16-3641-HUM-40', 'XII-CLASS', 'ICT:275', '0', '0'),
('146575286916-3641-HUM-40ENG-108', '1465752869', '16-3641-HUM-40', 'XII-CLASS', 'ENG-108', '0', '0'),
('146575286916-3641-HUM-40BAN-102', '1465752869', '16-3641-HUM-40', 'XII-CLASS', 'BAN-102', '0', '0'),
('146575285116-3160-HUM-53BAN-101', '1465752851', '16-3160-HUM-53', 'XI-CLASS', 'BAN-101', '0', '0'),
('146575285116-3160-HUM-53ENG-107', '1465752851', '16-3160-HUM-53', 'XI-CLASS', 'ENG-107', '0', '0'),
('146575285116-3160-HUM-53ICT-275', '1465752851', '16-3160-HUM-53', 'XI-CLASS', 'ICT-275', '0', '0'),
('146575285116-3160-HUM-53ISH-304', '1465752851', '16-3160-HUM-53', 'XI-CLASS', 'ISH-304', '1', '0'),
('146575285116-3160-HUM-53SOW-271', '1465752851', '16-3160-HUM-53', 'XI-CLASS', 'SOW-271', '1', '0'),
('146575285116-3160-HUM-53CIV-269', '1465752851', '16-3160-HUM-53', 'XI-CLASS', 'CIV-269', '1', '0'),
('146575285116-3160-HUM-53ECO:109', '1465752851', '16-3160-HUM-53', 'XI-CLASS', 'ECO:109', '0', '1'),
('146575285116-3160-HUM-53BAN-102', '1465752851', '16-3160-HUM-53', 'XII-CLASS', 'BAN-102', '0', '0'),
('146575285116-3160-HUM-53ENG-108', '1465752851', '16-3160-HUM-53', 'XII-CLASS', 'ENG-108', '0', '0'),
('146575285116-3160-HUM-53ICT:275', '1465752851', '16-3160-HUM-53', 'XII-CLASS', 'ICT:275', '0', '0'),
('146575285116-3160-HUM-53ISH-305', '1465752851', '16-3160-HUM-53', 'XII-CLASS', 'ISH-305', '1', '0'),
('146575285116-3160-HUM-53SOW-272', '1465752851', '16-3160-HUM-53', 'XII-CLASS', 'SOW-272', '1', '0'),
('146575285116-3160-HUM-53CIV-270', '1465752851', '16-3160-HUM-53', 'XII-CLASS', 'CIV-270', '1', '0'),
('146575285116-3160-HUM-53ECO:110', '1465752851', '16-3160-HUM-53', 'XII-CLASS', 'ECO:110', '0', '1'),
('146575281116-2239-BUS-25BAN-101', '1465752811', '16-2239-BUS-25', 'XI-CLASS', 'BAN-101', '0', '0'),
('146575281116-2239-BUS-25ENG-107', '1465752811', '16-2239-BUS-25', 'XI-CLASS', 'ENG-107', '0', '0'),
('146575281116-2239-BUS-25ICT-275', '1465752811', '16-2239-BUS-25', 'XI-CLASS', 'ICT-275', '0', '0'),
('146575281116-2239-BUS-25ACT-253', '1465752811', '16-2239-BUS-25', 'XI-CLASS', 'ACT-253', '1', '0'),
('146575281116-2239-BUS-25BPP-277', '1465752811', '16-2239-BUS-25', 'XI-CLASS', 'BPP-277', '1', '0'),
('146575281116-2239-BUS-25FIN-292', '1465752811', '16-2239-BUS-25', 'XI-CLASS', 'FIN-292', '1', '0'),
('146575281116-2239-BUS-25ECO-109', '1465752811', '16-2239-BUS-25', 'XI-CLASS', 'ECO-109', '0', '1'),
('146575281116-2239-BUS-25BAN-102', '1465752811', '16-2239-BUS-25', 'XII-CLASS', 'BAN-102', '0', '0'),
('146575281116-2239-BUS-25ENG-108', '1465752811', '16-2239-BUS-25', 'XII-CLASS', 'ENG-108', '0', '0'),
('146575281116-2239-BUS-25ICT:275', '1465752811', '16-2239-BUS-25', 'XII-CLASS', 'ICT:275', '0', '0'),
('146575281116-2239-BUS-25ACT-254', '1465752811', '16-2239-BUS-25', 'XII-CLASS', 'ACT-254', '1', '0'),
('146575281116-2239-BUS-25BPP-278', '1465752811', '16-2239-BUS-25', 'XII-CLASS', 'BPP-278', '1', '0'),
('146575281116-2239-BUS-25FIN-293', '1465752811', '16-2239-BUS-25', 'XII-CLASS', 'FIN-293', '1', '0'),
('146575281116-2239-BUS-25ECO-110', '1465752811', '16-2239-BUS-25', 'XII-CLASS', 'ECO-110', '0', '1'),
('146575281116-2241-BUS-31MKT-286', '1465752811', '16-2241-BUS-31', 'XI-CLASS', 'MKT-286', '0', '1'),
('146575281116-2241-BUS-31FIN-292', '1465752811', '16-2241-BUS-31', 'XI-CLASS', 'FIN-292', '1', '0'),
('146575281116-2241-BUS-31BPP-277', '1465752811', '16-2241-BUS-31', 'XI-CLASS', 'BPP-277', '1', '0'),
('146575281116-2241-BUS-31ACT-253', '1465752811', '16-2241-BUS-31', 'XI-CLASS', 'ACT-253', '1', '0'),
('146575281116-2241-BUS-31ICT-275', '1465752811', '16-2241-BUS-31', 'XI-CLASS', 'ICT-275', '0', '0'),
('146575281116-2241-BUS-31ENG-107', '1465752811', '16-2241-BUS-31', 'XI-CLASS', 'ENG-107', '0', '0'),
('146575281116-2241-BUS-31BAN-101', '1465752811', '16-2241-BUS-31', 'XI-CLASS', 'BAN-101', '0', '0'),
('146575278116-1221-3108444ICT-275', '1465752781', '16-1221-3108444', 'XI-CLASS', 'ICT-275', '0', '0'),
('146575278116-1220-3108402BIO-178', '1465752781', '16-1220-3108402', 'XI-CLASS', 'BIO-178', '0', '1'),
('144423439315-3055-5024227ISS-250', '1444234393', '15-3055-5024227', 'XII-CLASS', 'ISS-250', '0', '1'),
('146575281116-2241-BUS-31ICT:275', '1465752811', '16-2241-BUS-31', 'XII-CLASS', 'ICT:275', '0', '0'),
('146575281116-2241-BUS-31ENG-108', '1465752811', '16-2241-BUS-31', 'XII-CLASS', 'ENG-108', '0', '0'),
('146575281116-2241-BUS-31BAN-102', '1465752811', '16-2241-BUS-31', 'XII-CLASS', 'BAN-102', '0', '0'),
('146575286916-3644-HUM-62ECO:109', '1465752869', '16-3644-HUM-62', 'XI-CLASS', 'ECO:109', '0', '1'),
('146575286916-3644-HUM-62SOW-271', '1465752869', '16-3644-HUM-62', 'XI-CLASS', 'SOW-271', '1', '0'),
('146575286916-3644-HUM-62ISH-267', '1465752869', '16-3644-HUM-62', 'XI-CLASS', 'ISH-267', '1', '0'),
('146575286916-3644-HUM-62CIV-269', '1465752869', '16-3644-HUM-62', 'XI-CLASS', 'CIV-269', '1', '0'),
('146575286916-3644-HUM-62ICT-275', '1465752869', '16-3644-HUM-62', 'XI-CLASS', 'ICT-275', '0', '0'),
('146575286916-3644-HUM-62ENG-107', '1465752869', '16-3644-HUM-62', 'XI-CLASS', 'ENG-107', '0', '0'),
('146575286916-3644-HUM-62BAN-101', '1465752869', '16-3644-HUM-62', 'XI-CLASS', 'BAN-101', '0', '0'),
('146575286916-3644-HUM-62ECO:110', '1465752869', '16-3644-HUM-62', 'XII-CLASS', 'ECO:110', '0', '1'),
('146575286916-3644-HUM-62SOW-272', '1465752869', '16-3644-HUM-62', 'XII-CLASS', 'SOW-272', '1', '0'),
('146575286916-3644-HUM-62ISH-268', '1465752869', '16-3644-HUM-62', 'XII-CLASS', 'ISH-268', '1', '0'),
('146575286916-3644-HUM-62CIV-270', '1465752869', '16-3644-HUM-62', 'XII-CLASS', 'CIV-270', '1', '0'),
('146575286916-3644-HUM-62ICT:275', '1465752869', '16-3644-HUM-62', 'XII-CLASS', 'ICT:275', '0', '0'),
('146575286916-3644-HUM-62ENG-108', '1465752869', '16-3644-HUM-62', 'XII-CLASS', 'ENG-108', '0', '0'),
('146575286916-3644-HUM-62BAN-102', '1465752869', '16-3644-HUM-62', 'XII-CLASS', 'BAN-102', '0', '0'),
('146575282716-2720-BUS-90MKT-286', '1465752827', '16-2720-BUS-90', 'XI-CLASS', 'MKT-286', '0', '1'),
('146575282716-2720-BUS-90FIN-292', '1465752827', '16-2720-BUS-90', 'XI-CLASS', 'FIN-292', '1', '0'),
('146575282716-2720-BUS-90BPP-277', '1465752827', '16-2720-BUS-90', 'XI-CLASS', 'BPP-277', '1', '0'),
('146575282716-2720-BUS-90ACT-253', '1465752827', '16-2720-BUS-90', 'XI-CLASS', 'ACT-253', '1', '0'),
('146575282716-2720-BUS-90ICT-275', '1465752827', '16-2720-BUS-90', 'XI-CLASS', 'ICT-275', '0', '0'),
('146575282716-2720-BUS-90ENG-107', '1465752827', '16-2720-BUS-90', 'XI-CLASS', 'ENG-107', '0', '0'),
('146575282716-2720-BUS-90BAN-101', '1465752827', '16-2720-BUS-90', 'XI-CLASS', 'BAN-101', '0', '0'),
('146575282716-2720-BUS-90MKT-287', '1465752827', '16-2720-BUS-90', 'XII-CLASS', 'MKT-287', '0', '1'),
('146575282716-2720-BUS-90FIN-293', '1465752827', '16-2720-BUS-90', 'XII-CLASS', 'FIN-293', '1', '0'),
('146575282716-2720-BUS-90BPP-278', '1465752827', '16-2720-BUS-90', 'XII-CLASS', 'BPP-278', '1', '0'),
('146575282716-2720-BUS-90ACT-254', '1465752827', '16-2720-BUS-90', 'XII-CLASS', 'ACT-254', '1', '0'),
('146575282716-2720-BUS-90ICT:275', '1465752827', '16-2720-BUS-90', 'XII-CLASS', 'ICT:275', '0', '0'),
('146575282716-2720-BUS-90ENG-108', '1465752827', '16-2720-BUS-90', 'XII-CLASS', 'ENG-108', '0', '0'),
('146575282716-2720-BUS-90BAN-102', '1465752827', '16-2720-BUS-90', 'XII-CLASS', 'BAN-102', '0', '0'),
('146575282716-2719-BUS-03BAN-101', '1465752827', '16-2719-BUS-03', 'XI-CLASS', 'BAN-101', '0', '0'),
('146575282716-2719-BUS-03ENG-107', '1465752827', '16-2719-BUS-03', 'XI-CLASS', 'ENG-107', '0', '0'),
('146575282716-2719-BUS-03ICT-275', '1465752827', '16-2719-BUS-03', 'XI-CLASS', 'ICT-275', '0', '0'),
('146575282716-2719-BUS-03ACT-253', '1465752827', '16-2719-BUS-03', 'XI-CLASS', 'ACT-253', '1', '0'),
('146575282716-2719-BUS-03FIN-292', '1465752827', '16-2719-BUS-03', 'XI-CLASS', 'FIN-292', '1', '0'),
('146575282716-2719-BUS-03BPP-277', '1465752827', '16-2719-BUS-03', 'XI-CLASS', 'BPP-277', '1', '0'),
('146575282716-2719-BUS-03MKT-286', '1465752827', '16-2719-BUS-03', 'XI-CLASS', 'MKT-286', '0', '1'),
('146575282716-2719-BUS-03BAN-102', '1465752827', '16-2719-BUS-03', 'XII-CLASS', 'BAN-102', '0', '0'),
('146575282716-2719-BUS-03ENG-108', '1465752827', '16-2719-BUS-03', 'XII-CLASS', 'ENG-108', '0', '0'),
('146575282716-2719-BUS-03ICT:275', '1465752827', '16-2719-BUS-03', 'XII-CLASS', 'ICT:275', '0', '0'),
('146575282716-2719-BUS-03ACT-254', '1465752827', '16-2719-BUS-03', 'XII-CLASS', 'ACT-254', '1', '0'),
('146575282716-2719-BUS-03FIN-293', '1465752827', '16-2719-BUS-03', 'XII-CLASS', 'FIN-293', '1', '0');
INSERT INTO `coursereg` (`courseregid`, `sectionid`, `studentid`, `currentsemesterid`, `courseid`, `electivesub`, `forthsub`) VALUES
('146575282716-2719-BUS-03BPP-278', '1465752827', '16-2719-BUS-03', 'XII-CLASS', 'BPP-278', '1', '0'),
('146575282716-2719-BUS-03MKT-287', '1465752827', '16-2719-BUS-03', 'XII-CLASS', 'MKT-287', '0', '1'),
('146575278116-1146-SCI-14ENG-107', '1465752781', '16-1146-SCI-14', 'XI-CLASS', 'ENG-107', '0', '0'),
('146575278116-1146-SCI-14BAN-101', '1465752781', '16-1146-SCI-14', 'XI-CLASS', 'BAN-101', '0', '0'),
('146575281116-2185-BUS-50BAN-102', '1465752811', '16-2185-BUS-50', 'XII-CLASS', 'BAN-102', '0', '0'),
('146575282716-2718-BUS-13MKT-287', '1465752827', '16-2718-BUS-13', 'XII-CLASS', 'MKT-287', '0', '1'),
('146575282716-2718-BUS-13FIN-293', '1465752827', '16-2718-BUS-13', 'XII-CLASS', 'FIN-293', '1', '0'),
('146575282716-2718-BUS-13ACT-254', '1465752827', '16-2718-BUS-13', 'XII-CLASS', 'ACT-254', '1', '0'),
('146575282716-2718-BUS-13ACT-253', '1465752827', '16-2718-BUS-13', 'XI-CLASS', 'ACT-253', '1', '0'),
('146575282716-2718-BUS-13ICT-275', '1465752827', '16-2718-BUS-13', 'XI-CLASS', 'ICT-275', '0', '0'),
('146575282716-2718-BUS-13ENG-107', '1465752827', '16-2718-BUS-13', 'XI-CLASS', 'ENG-107', '0', '0'),
('146575282716-2718-BUS-13BAN-101', '1465752827', '16-2718-BUS-13', 'XI-CLASS', 'BAN-101', '0', '0'),
('146575282716-2718-BUS-13BPP-278', '1465752827', '16-2718-BUS-13', 'XII-CLASS', 'BPP-278', '1', '0'),
('146575282716-2718-BUS-13ICT:275', '1465752827', '16-2718-BUS-13', 'XII-CLASS', 'ICT:275', '0', '0'),
('146575282716-2718-BUS-13ENG-108', '1465752827', '16-2718-BUS-13', 'XII-CLASS', 'ENG-108', '0', '0'),
('146575282716-2718-BUS-13BAN-102', '1465752827', '16-2718-BUS-13', 'XII-CLASS', 'BAN-102', '0', '0'),
('146575285116-3156-HUM-32ISS-249', '1465752851', '16-3156-HUM-32', 'XI-CLASS', 'ISS-249', '0', '1'),
('146575285116-3156-HUM-32SOW-271', '1465752851', '16-3156-HUM-32', 'XI-CLASS', 'SOW-271', '1', '0'),
('146575285116-3156-HUM-32CIV-269', '1465752851', '16-3156-HUM-32', 'XI-CLASS', 'CIV-269', '1', '0'),
('146575285116-3156-HUM-32ECO:109', '1465752851', '16-3156-HUM-32', 'XI-CLASS', 'ECO:109', '1', '0'),
('146575285116-3156-HUM-32ICT-275', '1465752851', '16-3156-HUM-32', 'XI-CLASS', 'ICT-275', '0', '0'),
('146575285116-3156-HUM-32ENG-107', '1465752851', '16-3156-HUM-32', 'XI-CLASS', 'ENG-107', '0', '0'),
('146575285116-3156-HUM-32BAN-101', '1465752851', '16-3156-HUM-32', 'XI-CLASS', 'BAN-101', '0', '0'),
('146575285116-3156-HUM-32ISS-250', '1465752851', '16-3156-HUM-32', 'XII-CLASS', 'ISS-250', '0', '1'),
('146575285116-3156-HUM-32SOW-272', '1465752851', '16-3156-HUM-32', 'XII-CLASS', 'SOW-272', '1', '0'),
('146575285116-3156-HUM-32CIV-270', '1465752851', '16-3156-HUM-32', 'XII-CLASS', 'CIV-270', '1', '0'),
('146575285116-3156-HUM-32ECO:110', '1465752851', '16-3156-HUM-32', 'XII-CLASS', 'ECO:110', '1', '0'),
('146575285116-3156-HUM-32ICT:275', '1465752851', '16-3156-HUM-32', 'XII-CLASS', 'ICT:275', '0', '0'),
('146575285116-3156-HUM-32ENG-108', '1465752851', '16-3156-HUM-32', 'XII-CLASS', 'ENG-108', '0', '0'),
('146575285116-3156-HUM-32BAN-102', '1465752851', '16-3156-HUM-32', 'XII-CLASS', 'BAN-102', '0', '0'),
('146575281116-2242-BUS-42BAN-101', '1465752811', '16-2242-BUS-42', 'XI-CLASS', 'BAN-101', '0', '0'),
('146575281116-2242-BUS-42ENG-107', '1465752811', '16-2242-BUS-42', 'XI-CLASS', 'ENG-107', '0', '0'),
('146575281116-2242-BUS-42ICT-275', '1465752811', '16-2242-BUS-42', 'XI-CLASS', 'ICT-275', '0', '0'),
('146575281116-2242-BUS-42ACT-253', '1465752811', '16-2242-BUS-42', 'XI-CLASS', 'ACT-253', '1', '0'),
('146575281116-2242-BUS-42FIN-292', '1465752811', '16-2242-BUS-42', 'XI-CLASS', 'FIN-292', '1', '0'),
('146575281116-2242-BUS-42BPP-277', '1465752811', '16-2242-BUS-42', 'XI-CLASS', 'BPP-277', '1', '0'),
('146575281116-2242-BUS-42STA-129', '1465752811', '16-2242-BUS-42', 'XI-CLASS', 'STA-129', '0', '1'),
('146575281116-2242-BUS-42BAN-102', '1465752811', '16-2242-BUS-42', 'XII-CLASS', 'BAN-102', '0', '0'),
('146575281116-2242-BUS-42ENG-108', '1465752811', '16-2242-BUS-42', 'XII-CLASS', 'ENG-108', '0', '0'),
('146575281116-2242-BUS-42ICT:275', '1465752811', '16-2242-BUS-42', 'XII-CLASS', 'ICT:275', '0', '0'),
('146575281116-2242-BUS-42ACT-254', '1465752811', '16-2242-BUS-42', 'XII-CLASS', 'ACT-254', '1', '0'),
('146575281116-2242-BUS-42FIN-293', '1465752811', '16-2242-BUS-42', 'XII-CLASS', 'FIN-293', '1', '0'),
('146575281116-2242-BUS-42BPP-278', '1465752811', '16-2242-BUS-42', 'XII-CLASS', 'BPP-278', '1', '0'),
('146575281116-2242-BUS-42STA-130', '1465752811', '16-2242-BUS-42', 'XII-CLASS', 'STA-130', '0', '1'),
('146575286916-3442-HUM-24ISS-249', '1465752869', '16-3442-HUM-24', 'XI-CLASS', 'ISS-249', '0', '1'),
('146575286916-3442-HUM-24SOW-271', '1465752869', '16-3442-HUM-24', 'XI-CLASS', 'SOW-271', '1', '0'),
('146575286916-3442-HUM-24ECO:109', '1465752869', '16-3442-HUM-24', 'XI-CLASS', 'ECO:109', '1', '0'),
('146575286916-3442-HUM-24CIV-269', '1465752869', '16-3442-HUM-24', 'XI-CLASS', 'CIV-269', '1', '0'),
('146575286916-3442-HUM-24ICT-275', '1465752869', '16-3442-HUM-24', 'XI-CLASS', 'ICT-275', '0', '0'),
('146575286916-3442-HUM-24ENG-107', '1465752869', '16-3442-HUM-24', 'XI-CLASS', 'ENG-107', '0', '0'),
('146575286916-3442-HUM-24BAN-101', '1465752869', '16-3442-HUM-24', 'XI-CLASS', 'BAN-101', '0', '0'),
('146575286916-3442-HUM-24ISS-250', '1465752869', '16-3442-HUM-24', 'XII-CLASS', 'ISS-250', '0', '1'),
('146575286916-3442-HUM-24SOW-272', '1465752869', '16-3442-HUM-24', 'XII-CLASS', 'SOW-272', '1', '0'),
('146575286916-3442-HUM-24ECO:110', '1465752869', '16-3442-HUM-24', 'XII-CLASS', 'ECO:110', '1', '0'),
('146575286916-3442-HUM-24CIV-270', '1465752869', '16-3442-HUM-24', 'XII-CLASS', 'CIV-270', '1', '0'),
('146575286916-3442-HUM-24ICT:275', '1465752869', '16-3442-HUM-24', 'XII-CLASS', 'ICT:275', '0', '0'),
('146575286916-3442-HUM-24ENG-108', '1465752869', '16-3442-HUM-24', 'XII-CLASS', 'ENG-108', '0', '0'),
('146575286916-3442-HUM-24BAN-102', '1465752869', '16-3442-HUM-24', 'XII-CLASS', 'BAN-102', '0', '0'),
('146575285116-3164-HUM-39ISS-249', '1465752851', '16-3164-HUM-39', 'XI-CLASS', 'ISS-249', '0', '1'),
('146575285116-3164-HUM-39ISH-267', '1465752851', '16-3164-HUM-39', 'XI-CLASS', 'ISH-267', '1', '0'),
('146575285116-3164-HUM-39SOW-271', '1465752851', '16-3164-HUM-39', 'XI-CLASS', 'SOW-271', '1', '0'),
('146575285116-3164-HUM-39CIV-269', '1465752851', '16-3164-HUM-39', 'XI-CLASS', 'CIV-269', '1', '0'),
('146575285116-3164-HUM-39ICT-275', '1465752851', '16-3164-HUM-39', 'XI-CLASS', 'ICT-275', '0', '0'),
('146575285116-3164-HUM-39ENG-107', '1465752851', '16-3164-HUM-39', 'XI-CLASS', 'ENG-107', '0', '0'),
('146575285116-3164-HUM-39BAN-101', '1465752851', '16-3164-HUM-39', 'XI-CLASS', 'BAN-101', '0', '0'),
('146575285116-3164-HUM-39ISS-250', '1465752851', '16-3164-HUM-39', 'XII-CLASS', 'ISS-250', '0', '1'),
('146575285116-3164-HUM-39ISH-268', '1465752851', '16-3164-HUM-39', 'XII-CLASS', 'ISH-268', '1', '0'),
('146575285116-3164-HUM-39SOW-272', '1465752851', '16-3164-HUM-39', 'XII-CLASS', 'SOW-272', '1', '0'),
('146575285116-3164-HUM-39CIV-270', '1465752851', '16-3164-HUM-39', 'XII-CLASS', 'CIV-270', '1', '0'),
('146575285116-3164-HUM-39ICT:275', '1465752851', '16-3164-HUM-39', 'XII-CLASS', 'ICT:275', '0', '0'),
('146575285116-3164-HUM-39ENG-108', '1465752851', '16-3164-HUM-39', 'XII-CLASS', 'ENG-108', '0', '0'),
('146575285116-3164-HUM-39BAN-102', '1465752851', '16-3164-HUM-39', 'XII-CLASS', 'BAN-102', '0', '0'),
('146575285116-3165-HUM-81BAN-101', '1465752851', '16-3165-HUM-81', 'XI-CLASS', 'BAN-101', '0', '0'),
('146575285116-3165-HUM-81ENG-107', '1465752851', '16-3165-HUM-81', 'XI-CLASS', 'ENG-107', '0', '0'),
('146575285116-3165-HUM-81ICT-275', '1465752851', '16-3165-HUM-81', 'XI-CLASS', 'ICT-275', '0', '0'),
('146575285116-3165-HUM-81ECO:109', '1465752851', '16-3165-HUM-81', 'XI-CLASS', 'ECO:109', '1', '0'),
('146575285116-3165-HUM-81ISH-267', '1465752851', '16-3165-HUM-81', 'XI-CLASS', 'ISH-267', '1', '0'),
('146575285116-3165-HUM-81CIV-269', '1465752851', '16-3165-HUM-81', 'XI-CLASS', 'CIV-269', '1', '0'),
('146575285116-3165-HUM-81SOW-271', '1465752851', '16-3165-HUM-81', 'XI-CLASS', 'SOW-271', '0', '1'),
('146575285116-3165-HUM-81BAN-102', '1465752851', '16-3165-HUM-81', 'XII-CLASS', 'BAN-102', '0', '0'),
('146575285116-3165-HUM-81ENG-108', '1465752851', '16-3165-HUM-81', 'XII-CLASS', 'ENG-108', '0', '0'),
('146575285116-3165-HUM-81ICT:275', '1465752851', '16-3165-HUM-81', 'XII-CLASS', 'ICT:275', '0', '0'),
('146575285116-3165-HUM-81ECO:110', '1465752851', '16-3165-HUM-81', 'XII-CLASS', 'ECO:110', '1', '0'),
('146575285116-3165-HUM-81ISH-268', '1465752851', '16-3165-HUM-81', 'XII-CLASS', 'ISH-268', '1', '0'),
('146575285116-3165-HUM-81CIV-270', '1465752851', '16-3165-HUM-81', 'XII-CLASS', 'CIV-270', '1', '0'),
('146575285116-3165-HUM-81SOW-272', '1465752851', '16-3165-HUM-81', 'XII-CLASS', 'SOW-272', '0', '1'),
('146575285116-3166-HUM-64ISS-249', '1465752851', '16-3166-HUM-64', 'XI-CLASS', 'ISS-249', '0', '1'),
('146575285116-3166-HUM-64SOW-271', '1465752851', '16-3166-HUM-64', 'XI-CLASS', 'SOW-271', '1', '0'),
('146575285116-3166-HUM-64ECO:109', '1465752851', '16-3166-HUM-64', 'XI-CLASS', 'ECO:109', '1', '0'),
('146575285116-3166-HUM-64CIV-269', '1465752851', '16-3166-HUM-64', 'XI-CLASS', 'CIV-269', '1', '0'),
('146575285116-3166-HUM-64ICT-275', '1465752851', '16-3166-HUM-64', 'XI-CLASS', 'ICT-275', '0', '0'),
('146575285116-3166-HUM-64ENG-107', '1465752851', '16-3166-HUM-64', 'XI-CLASS', 'ENG-107', '0', '0'),
('146575285116-3166-HUM-64BAN-101', '1465752851', '16-3166-HUM-64', 'XI-CLASS', 'BAN-101', '0', '0'),
('146575285116-3166-HUM-64ISS-250', '1465752851', '16-3166-HUM-64', 'XII-CLASS', 'ISS-250', '0', '1'),
('146575285116-3166-HUM-64SOW-272', '1465752851', '16-3166-HUM-64', 'XII-CLASS', 'SOW-272', '1', '0'),
('146575285116-3166-HUM-64ECO:110', '1465752851', '16-3166-HUM-64', 'XII-CLASS', 'ECO:110', '1', '0'),
('146575285116-3166-HUM-64CIV-270', '1465752851', '16-3166-HUM-64', 'XII-CLASS', 'CIV-270', '1', '0'),
('146575285116-3166-HUM-64ICT:275', '1465752851', '16-3166-HUM-64', 'XII-CLASS', 'ICT:275', '0', '0'),
('146575285116-3166-HUM-64ENG-108', '1465752851', '16-3166-HUM-64', 'XII-CLASS', 'ENG-108', '0', '0'),
('146575285116-3166-HUM-64BAN-102', '1465752851', '16-3166-HUM-64', 'XII-CLASS', 'BAN-102', '0', '0'),
('146575281116-2243-BUS-78BAN-101', '1465752811', '16-2243-BUS-78', 'XI-CLASS', 'BAN-101', '0', '0'),
('146575281116-2243-BUS-78ENG-107', '1465752811', '16-2243-BUS-78', 'XI-CLASS', 'ENG-107', '0', '0'),
('146575281116-2243-BUS-78ICT-275', '1465752811', '16-2243-BUS-78', 'XI-CLASS', 'ICT-275', '0', '0'),
('146575281116-2243-BUS-78ACT-253', '1465752811', '16-2243-BUS-78', 'XI-CLASS', 'ACT-253', '1', '0'),
('146575281116-2243-BUS-78FIN-292', '1465752811', '16-2243-BUS-78', 'XI-CLASS', 'FIN-292', '1', '0'),
('146575281116-2243-BUS-78BPP-277', '1465752811', '16-2243-BUS-78', 'XI-CLASS', 'BPP-277', '1', '0'),
('146575281116-2243-BUS-78STA-129', '1465752811', '16-2243-BUS-78', 'XI-CLASS', 'STA-129', '0', '1'),
('146575281116-2243-BUS-78BAN-102', '1465752811', '16-2243-BUS-78', 'XII-CLASS', 'BAN-102', '0', '0'),
('146575281116-2243-BUS-78ENG-108', '1465752811', '16-2243-BUS-78', 'XII-CLASS', 'ENG-108', '0', '0'),
('146575281116-2243-BUS-78ICT:275', '1465752811', '16-2243-BUS-78', 'XII-CLASS', 'ICT:275', '0', '0'),
('146575281116-2243-BUS-78ACT-254', '1465752811', '16-2243-BUS-78', 'XII-CLASS', 'ACT-254', '1', '0'),
('146575281116-2243-BUS-78FIN-293', '1465752811', '16-2243-BUS-78', 'XII-CLASS', 'FIN-293', '1', '0'),
('146575281116-2243-BUS-78BPP-278', '1465752811', '16-2243-BUS-78', 'XII-CLASS', 'BPP-278', '1', '0'),
('146575281116-2243-BUS-78STA-130', '1465752811', '16-2243-BUS-78', 'XII-CLASS', 'STA-130', '0', '1'),
('146575285116-3167-HUM-69ISS-249', '1465752851', '16-3167-HUM-69', 'XI-CLASS', 'ISS-249', '0', '1'),
('146575285116-3167-HUM-69SOS-117', '1465752851', '16-3167-HUM-69', 'XI-CLASS', 'SOS-117', '1', '0'),
('146575285116-3167-HUM-69CIV-269', '1465752851', '16-3167-HUM-69', 'XI-CLASS', 'CIV-269', '1', '0'),
('146575285116-3167-HUM-69ECO:109', '1465752851', '16-3167-HUM-69', 'XI-CLASS', 'ECO:109', '1', '0'),
('146575285116-3167-HUM-69ICT-275', '1465752851', '16-3167-HUM-69', 'XI-CLASS', 'ICT-275', '0', '0'),
('146575285116-3167-HUM-69ENG-107', '1465752851', '16-3167-HUM-69', 'XI-CLASS', 'ENG-107', '0', '0'),
('146575285116-3167-HUM-69BAN-101', '1465752851', '16-3167-HUM-69', 'XI-CLASS', 'BAN-101', '0', '0'),
('146575285116-3167-HUM-69ISS-250', '1465752851', '16-3167-HUM-69', 'XII-CLASS', 'ISS-250', '0', '1'),
('146575285116-3167-HUM-69SOS-118', '1465752851', '16-3167-HUM-69', 'XII-CLASS', 'SOS-118', '1', '0'),
('146575285116-3167-HUM-69CIV-270', '1465752851', '16-3167-HUM-69', 'XII-CLASS', 'CIV-270', '1', '0'),
('146575285116-3167-HUM-69ECO:110', '1465752851', '16-3167-HUM-69', 'XII-CLASS', 'ECO:110', '1', '0'),
('146575285116-3167-HUM-69ICT:275', '1465752851', '16-3167-HUM-69', 'XII-CLASS', 'ICT:275', '0', '0'),
('146575285116-3167-HUM-69ENG-108', '1465752851', '16-3167-HUM-69', 'XII-CLASS', 'ENG-108', '0', '0'),
('146575285116-3167-HUM-69BAN-102', '1465752851', '16-3167-HUM-69', 'XII-CLASS', 'BAN-102', '0', '0'),
('146575282716-2665-BUS-99MKT-286', '1465752827', '16-2665-BUS-99', 'XI-CLASS', 'MKT-286', '0', '1'),
('146575282716-2665-BUS-99FIN-292', '1465752827', '16-2665-BUS-99', 'XI-CLASS', 'FIN-292', '1', '0'),
('146575282716-2665-BUS-99BPP-277', '1465752827', '16-2665-BUS-99', 'XI-CLASS', 'BPP-277', '1', '0'),
('146575282716-2665-BUS-99ACT-253', '1465752827', '16-2665-BUS-99', 'XI-CLASS', 'ACT-253', '1', '0'),
('146575282716-2665-BUS-99ICT-275', '1465752827', '16-2665-BUS-99', 'XI-CLASS', 'ICT-275', '0', '0'),
('146575282716-2665-BUS-99ENG-107', '1465752827', '16-2665-BUS-99', 'XI-CLASS', 'ENG-107', '0', '0'),
('146575282716-2665-BUS-99BAN-101', '1465752827', '16-2665-BUS-99', 'XI-CLASS', 'BAN-101', '0', '0'),
('146575282716-2665-BUS-99MKT-287', '1465752827', '16-2665-BUS-99', 'XII-CLASS', 'MKT-287', '0', '1'),
('146575282716-2665-BUS-99FIN-293', '1465752827', '16-2665-BUS-99', 'XII-CLASS', 'FIN-293', '1', '0'),
('146575282716-2665-BUS-99BPP-278', '1465752827', '16-2665-BUS-99', 'XII-CLASS', 'BPP-278', '1', '0'),
('146575282716-2665-BUS-99ACT-254', '1465752827', '16-2665-BUS-99', 'XII-CLASS', 'ACT-254', '1', '0'),
('146575282716-2665-BUS-99ICT:275', '1465752827', '16-2665-BUS-99', 'XII-CLASS', 'ICT:275', '0', '0'),
('146575282716-2665-BUS-99ENG-108', '1465752827', '16-2665-BUS-99', 'XII-CLASS', 'ENG-108', '0', '0'),
('146575282716-2665-BUS-99BAN-102', '1465752827', '16-2665-BUS-99', 'XII-CLASS', 'BAN-102', '0', '0'),
('146575286916-3603-HUM-05ISS-249', '1465752869', '16-3603-HUM-05', 'XI-CLASS', 'ISS-249', '0', '1'),
('146575286916-3603-HUM-05ECO:109', '1465752869', '16-3603-HUM-05', 'XI-CLASS', 'ECO:109', '1', '0'),
('146575286916-3603-HUM-05LOG-121', '1465752869', '16-3603-HUM-05', 'XI-CLASS', 'LOG-121', '1', '0'),
('146575286916-3603-HUM-05CIV-269', '1465752869', '16-3603-HUM-05', 'XI-CLASS', 'CIV-269', '1', '0'),
('146575286916-3603-HUM-05ICT-275', '1465752869', '16-3603-HUM-05', 'XI-CLASS', 'ICT-275', '0', '0'),
('146575286916-3603-HUM-05ENG-107', '1465752869', '16-3603-HUM-05', 'XI-CLASS', 'ENG-107', '0', '0'),
('146575286916-3603-HUM-05BAN-101', '1465752869', '16-3603-HUM-05', 'XI-CLASS', 'BAN-101', '0', '0'),
('146575286916-3603-HUM-05ISS-250', '1465752869', '16-3603-HUM-05', 'XII-CLASS', 'ISS-250', '0', '1'),
('146575286916-3603-HUM-05ECO:110', '1465752869', '16-3603-HUM-05', 'XII-CLASS', 'ECO:110', '1', '0'),
('146575286916-3603-HUM-05LOG-122', '1465752869', '16-3603-HUM-05', 'XII-CLASS', 'LOG-122', '1', '0'),
('146575286916-3603-HUM-05CIV-270', '1465752869', '16-3603-HUM-05', 'XII-CLASS', 'CIV-270', '1', '0'),
('146575286916-3603-HUM-05ICT:275', '1465752869', '16-3603-HUM-05', 'XII-CLASS', 'ICT:275', '0', '0'),
('146575286916-3603-HUM-05ENG-108', '1465752869', '16-3603-HUM-05', 'XII-CLASS', 'ENG-108', '0', '0'),
('146575286916-3603-HUM-05BAN-102', '1465752869', '16-3603-HUM-05', 'XII-CLASS', 'BAN-102', '0', '0'),
('146575285116-3168-HUM-41SNK-137', '1465752851', '16-3168-HUM-41', 'XI-CLASS', 'SNK-137', '0', '1'),
('146575285116-3168-HUM-41SOS-117', '1465752851', '16-3168-HUM-41', 'XI-CLASS', 'SOS-117', '1', '0'),
('146575285116-3168-HUM-41ISH-304', '1465752851', '16-3168-HUM-41', 'XI-CLASS', 'ISH-304', '1', '0'),
('146575285116-3168-HUM-41CIV-269', '1465752851', '16-3168-HUM-41', 'XI-CLASS', 'CIV-269', '1', '0'),
('146575285116-3168-HUM-41ICT-275', '1465752851', '16-3168-HUM-41', 'XI-CLASS', 'ICT-275', '0', '0'),
('146575285116-3168-HUM-41ENG-107', '1465752851', '16-3168-HUM-41', 'XI-CLASS', 'ENG-107', '0', '0'),
('146575285116-3168-HUM-41BAN-101', '1465752851', '16-3168-HUM-41', 'XI-CLASS', 'BAN-101', '0', '0'),
('146575285116-3168-HUM-41SNK-138', '1465752851', '16-3168-HUM-41', 'XII-CLASS', 'SNK-138', '0', '1'),
('146575285116-3168-HUM-41SOS-118', '1465752851', '16-3168-HUM-41', 'XII-CLASS', 'SOS-118', '1', '0'),
('146575285116-3168-HUM-41ISH-305', '1465752851', '16-3168-HUM-41', 'XII-CLASS', 'ISH-305', '1', '0'),
('146575285116-3168-HUM-41CIV-270', '1465752851', '16-3168-HUM-41', 'XII-CLASS', 'CIV-270', '1', '0'),
('146575285116-3168-HUM-41ICT:275', '1465752851', '16-3168-HUM-41', 'XII-CLASS', 'ICT:275', '0', '0'),
('146575285116-3168-HUM-41ENG-108', '1465752851', '16-3168-HUM-41', 'XII-CLASS', 'ENG-108', '0', '0'),
('146575285116-3168-HUM-41BAN-102', '1465752851', '16-3168-HUM-41', 'XII-CLASS', 'BAN-102', '0', '0'),
('146575281116-2244-BUS-12MKT-286', '1465752811', '16-2244-BUS-12', 'XI-CLASS', 'MKT-286', '0', '1'),
('146575281116-2244-BUS-12FIN-292', '1465752811', '16-2244-BUS-12', 'XI-CLASS', 'FIN-292', '1', '0'),
('146575281116-2244-BUS-12BPP-277', '1465752811', '16-2244-BUS-12', 'XI-CLASS', 'BPP-277', '1', '0'),
('146575281116-2244-BUS-12ACT-253', '1465752811', '16-2244-BUS-12', 'XI-CLASS', 'ACT-253', '1', '0'),
('146575281116-2244-BUS-12ICT-275', '1465752811', '16-2244-BUS-12', 'XI-CLASS', 'ICT-275', '0', '0'),
('146575281116-2244-BUS-12ENG-107', '1465752811', '16-2244-BUS-12', 'XI-CLASS', 'ENG-107', '0', '0'),
('146575281116-2244-BUS-12BAN-101', '1465752811', '16-2244-BUS-12', 'XI-CLASS', 'BAN-101', '0', '0'),
('146575281116-2244-BUS-12MKT-287', '1465752811', '16-2244-BUS-12', 'XII-CLASS', 'MKT-287', '0', '1'),
('146575281116-2244-BUS-12FIN-293', '1465752811', '16-2244-BUS-12', 'XII-CLASS', 'FIN-293', '1', '0'),
('146575281116-2244-BUS-12BPP-278', '1465752811', '16-2244-BUS-12', 'XII-CLASS', 'BPP-278', '1', '0'),
('146575281116-2244-BUS-12ACT-254', '1465752811', '16-2244-BUS-12', 'XII-CLASS', 'ACT-254', '1', '0'),
('146575281116-2244-BUS-12ICT:275', '1465752811', '16-2244-BUS-12', 'XII-CLASS', 'ICT:275', '0', '0'),
('146575281116-2244-BUS-12ENG-108', '1465752811', '16-2244-BUS-12', 'XII-CLASS', 'ENG-108', '0', '0'),
('146575281116-2244-BUS-12BAN-102', '1465752811', '16-2244-BUS-12', 'XII-CLASS', 'BAN-102', '0', '0'),
('146575285116-3172-HUM-36ISH-267', '1465752851', '16-3172-HUM-36', 'XI-CLASS', 'ISH-267', '0', '1'),
('146575285116-3172-HUM-36LOG-121', '1465752851', '16-3172-HUM-36', 'XI-CLASS', 'LOG-121', '1', '0'),
('146575285116-3172-HUM-36CIV-269', '1465752851', '16-3172-HUM-36', 'XI-CLASS', 'CIV-269', '1', '0'),
('146575285116-3172-HUM-36SOW-271', '1465752851', '16-3172-HUM-36', 'XI-CLASS', 'SOW-271', '1', '0'),
('146575285116-3172-HUM-36ICT-275', '1465752851', '16-3172-HUM-36', 'XI-CLASS', 'ICT-275', '0', '0'),
('146575285116-3172-HUM-36ENG-107', '1465752851', '16-3172-HUM-36', 'XI-CLASS', 'ENG-107', '0', '0'),
('146575285116-3172-HUM-36BAN-101', '1465752851', '16-3172-HUM-36', 'XI-CLASS', 'BAN-101', '0', '0'),
('146575285116-3172-HUM-36ISH-268', '1465752851', '16-3172-HUM-36', 'XII-CLASS', 'ISH-268', '0', '1'),
('146575285116-3172-HUM-36LOG-122', '1465752851', '16-3172-HUM-36', 'XII-CLASS', 'LOG-122', '1', '0'),
('146575285116-3172-HUM-36CIV-270', '1465752851', '16-3172-HUM-36', 'XII-CLASS', 'CIV-270', '1', '0'),
('146575285116-3172-HUM-36SOW-272', '1465752851', '16-3172-HUM-36', 'XII-CLASS', 'SOW-272', '1', '0'),
('146575285116-3172-HUM-36ICT:275', '1465752851', '16-3172-HUM-36', 'XII-CLASS', 'ICT:275', '0', '0'),
('146575285116-3172-HUM-36ENG-108', '1465752851', '16-3172-HUM-36', 'XII-CLASS', 'ENG-108', '0', '0'),
('146575285116-3172-HUM-36BAN-102', '1465752851', '16-3172-HUM-36', 'XII-CLASS', 'BAN-102', '0', '0'),
('146575282716-2722-BUS-32BAN-101', '1465752827', '16-2722-BUS-32', 'XI-CLASS', 'BAN-101', '0', '0'),
('146575282716-2722-BUS-32ENG-107', '1465752827', '16-2722-BUS-32', 'XI-CLASS', 'ENG-107', '0', '0'),
('146575282716-2722-BUS-32ICT-275', '1465752827', '16-2722-BUS-32', 'XI-CLASS', 'ICT-275', '0', '0'),
('146575282716-2722-BUS-32ACT-253', '1465752827', '16-2722-BUS-32', 'XI-CLASS', 'ACT-253', '1', '0'),
('146575282716-2722-BUS-32BPP-277', '1465752827', '16-2722-BUS-32', 'XI-CLASS', 'BPP-277', '1', '0'),
('146575282716-2722-BUS-32FIN-292', '1465752827', '16-2722-BUS-32', 'XI-CLASS', 'FIN-292', '1', '0'),
('146575282716-2722-BUS-32MKT-286', '1465752827', '16-2722-BUS-32', 'XI-CLASS', 'MKT-286', '0', '1'),
('146575282716-2722-BUS-32BAN-102', '1465752827', '16-2722-BUS-32', 'XII-CLASS', 'BAN-102', '0', '0'),
('146575282716-2722-BUS-32ENG-108', '1465752827', '16-2722-BUS-32', 'XII-CLASS', 'ENG-108', '0', '0'),
('146575282716-2722-BUS-32ICT:275', '1465752827', '16-2722-BUS-32', 'XII-CLASS', 'ICT:275', '0', '0'),
('146575282716-2722-BUS-32ACT-254', '1465752827', '16-2722-BUS-32', 'XII-CLASS', 'ACT-254', '1', '0'),
('146575282716-2722-BUS-32BPP-278', '1465752827', '16-2722-BUS-32', 'XII-CLASS', 'BPP-278', '1', '0'),
('146575282716-2722-BUS-32FIN-293', '1465752827', '16-2722-BUS-32', 'XII-CLASS', 'FIN-293', '1', '0'),
('146575282716-2722-BUS-32MKT-287', '1465752827', '16-2722-BUS-32', 'XII-CLASS', 'MKT-287', '0', '1'),
('146575285116-3646-HUM-79ISS-249', '1465752851', '16-3646-HUM-79', 'XI-CLASS', 'ISS-249', '0', '1'),
('146575285116-3646-HUM-79SOW-271', '1465752851', '16-3646-HUM-79', 'XI-CLASS', 'SOW-271', '1', '0'),
('146575285116-3646-HUM-79ECO:109', '1465752851', '16-3646-HUM-79', 'XI-CLASS', 'ECO:109', '1', '0'),
('146575285116-3646-HUM-79ISH-267', '1465752851', '16-3646-HUM-79', 'XI-CLASS', 'ISH-267', '1', '0'),
('146575285116-3646-HUM-79ICT-275', '1465752851', '16-3646-HUM-79', 'XI-CLASS', 'ICT-275', '0', '0'),
('146575285116-3646-HUM-79ENG-107', '1465752851', '16-3646-HUM-79', 'XI-CLASS', 'ENG-107', '0', '0'),
('146575285116-3646-HUM-79BAN-101', '1465752851', '16-3646-HUM-79', 'XI-CLASS', 'BAN-101', '0', '0'),
('146575285116-3646-HUM-79ISS-250', '1465752851', '16-3646-HUM-79', 'XII-CLASS', 'ISS-250', '0', '1'),
('146575285116-3646-HUM-79SOW-272', '1465752851', '16-3646-HUM-79', 'XII-CLASS', 'SOW-272', '1', '0'),
('146575285116-3646-HUM-79ECO:110', '1465752851', '16-3646-HUM-79', 'XII-CLASS', 'ECO:110', '1', '0'),
('146575285116-3646-HUM-79ISH-268', '1465752851', '16-3646-HUM-79', 'XII-CLASS', 'ISH-268', '1', '0'),
('146575285116-3646-HUM-79ICT:275', '1465752851', '16-3646-HUM-79', 'XII-CLASS', 'ICT:275', '0', '0'),
('146575285116-3646-HUM-79ENG-108', '1465752851', '16-3646-HUM-79', 'XII-CLASS', 'ENG-108', '0', '0'),
('146575285116-3646-HUM-79BAN-102', '1465752851', '16-3646-HUM-79', 'XII-CLASS', 'BAN-102', '0', '0'),
('146575281116-2246-BUS-88MKT-286', '1465752811', '16-2246-BUS-88', 'XI-CLASS', 'MKT-286', '0', '1'),
('146575281116-2246-BUS-88FIN-292', '1465752811', '16-2246-BUS-88', 'XI-CLASS', 'FIN-292', '1', '0'),
('146575281116-2246-BUS-88BPP-277', '1465752811', '16-2246-BUS-88', 'XI-CLASS', 'BPP-277', '1', '0'),
('146575281116-2246-BUS-88ACT-253', '1465752811', '16-2246-BUS-88', 'XI-CLASS', 'ACT-253', '1', '0'),
('146575281116-2246-BUS-88ICT-275', '1465752811', '16-2246-BUS-88', 'XI-CLASS', 'ICT-275', '0', '0'),
('146575281116-2246-BUS-88ENG-107', '1465752811', '16-2246-BUS-88', 'XI-CLASS', 'ENG-107', '0', '0'),
('146575281116-2246-BUS-88BAN-101', '1465752811', '16-2246-BUS-88', 'XI-CLASS', 'BAN-101', '0', '0'),
('146575281116-2246-BUS-88MKT-287', '1465752811', '16-2246-BUS-88', 'XII-CLASS', 'MKT-287', '0', '1'),
('146575281116-2246-BUS-88FIN-293', '1465752811', '16-2246-BUS-88', 'XII-CLASS', 'FIN-293', '1', '0'),
('146575281116-2246-BUS-88BPP-278', '1465752811', '16-2246-BUS-88', 'XII-CLASS', 'BPP-278', '1', '0'),
('146575281116-2246-BUS-88ACT-254', '1465752811', '16-2246-BUS-88', 'XII-CLASS', 'ACT-254', '1', '0'),
('146575281116-2246-BUS-88ICT:275', '1465752811', '16-2246-BUS-88', 'XII-CLASS', 'ICT:275', '0', '0'),
('146575281116-2246-BUS-88ENG-108', '1465752811', '16-2246-BUS-88', 'XII-CLASS', 'ENG-108', '0', '0'),
('146575281116-2246-BUS-88BAN-102', '1465752811', '16-2246-BUS-88', 'XII-CLASS', 'BAN-102', '0', '0'),
('146575286916-3645-HUM-78ISS-249', '1465752869', '16-3645-HUM-78', 'XI-CLASS', 'ISS-249', '0', '1'),
('146575286916-3645-HUM-78SOS-117', '1465752869', '16-3645-HUM-78', 'XI-CLASS', 'SOS-117', '1', '0'),
('146575286916-3645-HUM-78ECO:109', '1465752869', '16-3645-HUM-78', 'XI-CLASS', 'ECO:109', '1', '0'),
('146575286916-3645-HUM-78CIV-269', '1465752869', '16-3645-HUM-78', 'XI-CLASS', 'CIV-269', '1', '0'),
('146575286916-3645-HUM-78ICT-275', '1465752869', '16-3645-HUM-78', 'XI-CLASS', 'ICT-275', '0', '0'),
('146575286916-3645-HUM-78ENG-107', '1465752869', '16-3645-HUM-78', 'XI-CLASS', 'ENG-107', '0', '0'),
('146575286916-3645-HUM-78BAN-101', '1465752869', '16-3645-HUM-78', 'XI-CLASS', 'BAN-101', '0', '0'),
('146575286916-3645-HUM-78ISS-250', '1465752869', '16-3645-HUM-78', 'XII-CLASS', 'ISS-250', '0', '1'),
('146575286916-3645-HUM-78SOS-118', '1465752869', '16-3645-HUM-78', 'XII-CLASS', 'SOS-118', '1', '0'),
('146575286916-3645-HUM-78ECO:110', '1465752869', '16-3645-HUM-78', 'XII-CLASS', 'ECO:110', '1', '0'),
('146575286916-3645-HUM-78CIV-270', '1465752869', '16-3645-HUM-78', 'XII-CLASS', 'CIV-270', '1', '0'),
('146575286916-3645-HUM-78ICT:275', '1465752869', '16-3645-HUM-78', 'XII-CLASS', 'ICT:275', '0', '0'),
('146575286916-3645-HUM-78ENG-108', '1465752869', '16-3645-HUM-78', 'XII-CLASS', 'ENG-108', '0', '0'),
('146575286916-3645-HUM-78BAN-102', '1465752869', '16-3645-HUM-78', 'XII-CLASS', 'BAN-102', '0', '0'),
('146575282716-2717-BUS-95MKT-286', '1465752827', '16-2717-BUS-95', 'XI-CLASS', 'MKT-286', '0', '1'),
('146575282716-2717-BUS-95BPP-277', '1465752827', '16-2717-BUS-95', 'XI-CLASS', 'BPP-277', '1', '0'),
('146575282716-2717-BUS-95FIN-292', '1465752827', '16-2717-BUS-95', 'XI-CLASS', 'FIN-292', '1', '0'),
('146575282716-2717-BUS-95ACT-253', '1465752827', '16-2717-BUS-95', 'XI-CLASS', 'ACT-253', '1', '0'),
('146575282716-2717-BUS-95ICT-275', '1465752827', '16-2717-BUS-95', 'XI-CLASS', 'ICT-275', '0', '0'),
('146575282716-2717-BUS-95ENG-107', '1465752827', '16-2717-BUS-95', 'XI-CLASS', 'ENG-107', '0', '0'),
('146575282716-2717-BUS-95BAN-101', '1465752827', '16-2717-BUS-95', 'XI-CLASS', 'BAN-101', '0', '0'),
('146575282716-2717-BUS-95MKT-287', '1465752827', '16-2717-BUS-95', 'XII-CLASS', 'MKT-287', '0', '1'),
('146575282716-2717-BUS-95BPP-278', '1465752827', '16-2717-BUS-95', 'XII-CLASS', 'BPP-278', '1', '0'),
('146575282716-2717-BUS-95FIN-293', '1465752827', '16-2717-BUS-95', 'XII-CLASS', 'FIN-293', '1', '0'),
('146575282716-2717-BUS-95ACT-254', '1465752827', '16-2717-BUS-95', 'XII-CLASS', 'ACT-254', '1', '0'),
('146575282716-2717-BUS-95ICT:275', '1465752827', '16-2717-BUS-95', 'XII-CLASS', 'ICT:275', '0', '0'),
('146575282716-2717-BUS-95ENG-108', '1465752827', '16-2717-BUS-95', 'XII-CLASS', 'ENG-108', '0', '0'),
('146575282716-2717-BUS-95BAN-102', '1465752827', '16-2717-BUS-95', 'XII-CLASS', 'BAN-102', '0', '0'),
('146575282716-2721-BUS-61BAN-101', '1465752827', '16-2721-BUS-61', 'XI-CLASS', 'BAN-101', '0', '0'),
('146575282716-2721-BUS-61ENG-107', '1465752827', '16-2721-BUS-61', 'XI-CLASS', 'ENG-107', '0', '0'),
('146575282716-2721-BUS-61ICT-275', '1465752827', '16-2721-BUS-61', 'XI-CLASS', 'ICT-275', '0', '0'),
('146575282716-2721-BUS-61ACT-253', '1465752827', '16-2721-BUS-61', 'XI-CLASS', 'ACT-253', '1', '0'),
('146575282716-2721-BUS-61BPP-277', '1465752827', '16-2721-BUS-61', 'XI-CLASS', 'BPP-277', '1', '0'),
('146575282716-2721-BUS-61FIN-292', '1465752827', '16-2721-BUS-61', 'XI-CLASS', 'FIN-292', '1', '0'),
('146575282716-2721-BUS-61MKT-286', '1465752827', '16-2721-BUS-61', 'XI-CLASS', 'MKT-286', '0', '1'),
('146575282716-2721-BUS-61BAN-102', '1465752827', '16-2721-BUS-61', 'XII-CLASS', 'BAN-102', '0', '0'),
('146575282716-2721-BUS-61ENG-108', '1465752827', '16-2721-BUS-61', 'XII-CLASS', 'ENG-108', '0', '0'),
('146575282716-2721-BUS-61ICT:275', '1465752827', '16-2721-BUS-61', 'XII-CLASS', 'ICT:275', '0', '0'),
('146575282716-2721-BUS-61ACT-254', '1465752827', '16-2721-BUS-61', 'XII-CLASS', 'ACT-254', '1', '0'),
('146575282716-2721-BUS-61BPP-278', '1465752827', '16-2721-BUS-61', 'XII-CLASS', 'BPP-278', '1', '0'),
('146575282716-2721-BUS-61FIN-293', '1465752827', '16-2721-BUS-61', 'XII-CLASS', 'FIN-293', '1', '0'),
('146575282716-2721-BUS-61MKT-287', '1465752827', '16-2721-BUS-61', 'XII-CLASS', 'MKT-287', '0', '1'),
('146575285116-3162-HUM-38STA:129', '1465752851', '16-3162-HUM-38', 'XI-CLASS', 'STA:129', '0', '1'),
('146575285116-3162-HUM-38SOS-117', '1465752851', '16-3162-HUM-38', 'XI-CLASS', 'SOS-117', '1', '0'),
('146575285116-3162-HUM-38ECO:109', '1465752851', '16-3162-HUM-38', 'XI-CLASS', 'ECO:109', '1', '0'),
('146575285116-3162-HUM-38ISH-267', '1465752851', '16-3162-HUM-38', 'XI-CLASS', 'ISH-267', '1', '0'),
('146575285116-3162-HUM-38ICT-275', '1465752851', '16-3162-HUM-38', 'XI-CLASS', 'ICT-275', '0', '0'),
('146575285116-3162-HUM-38ENG-107', '1465752851', '16-3162-HUM-38', 'XI-CLASS', 'ENG-107', '0', '0'),
('146575285116-3162-HUM-38BAN-101', '1465752851', '16-3162-HUM-38', 'XI-CLASS', 'BAN-101', '0', '0'),
('146575285116-3162-HUM-38STA:130', '1465752851', '16-3162-HUM-38', 'XII-CLASS', 'STA:130', '0', '1'),
('146575285116-3162-HUM-38SOS-118', '1465752851', '16-3162-HUM-38', 'XII-CLASS', 'SOS-118', '1', '0'),
('146575285116-3162-HUM-38ECO:110', '1465752851', '16-3162-HUM-38', 'XII-CLASS', 'ECO:110', '1', '0'),
('146575285116-3162-HUM-38ISH-268', '1465752851', '16-3162-HUM-38', 'XII-CLASS', 'ISH-268', '1', '0'),
('146575285116-3162-HUM-38ICT:275', '1465752851', '16-3162-HUM-38', 'XII-CLASS', 'ICT:275', '0', '0'),
('146575285116-3162-HUM-38ENG-108', '1465752851', '16-3162-HUM-38', 'XII-CLASS', 'ENG-108', '0', '0'),
('146575285116-3162-HUM-38BAN-102', '1465752851', '16-3162-HUM-38', 'XII-CLASS', 'BAN-102', '0', '0'),
('146575281116-2247-BUS-38MKT-286', '1465752811', '16-2247-BUS-38', 'XI-CLASS', 'MKT-286', '0', '1'),
('146575281116-2247-BUS-38FIN-292', '1465752811', '16-2247-BUS-38', 'XI-CLASS', 'FIN-292', '1', '0'),
('146575281116-2247-BUS-38BPP-277', '1465752811', '16-2247-BUS-38', 'XI-CLASS', 'BPP-277', '1', '0'),
('146575281116-2247-BUS-38ACT-253', '1465752811', '16-2247-BUS-38', 'XI-CLASS', 'ACT-253', '1', '0'),
('146575281116-2247-BUS-38ICT-275', '1465752811', '16-2247-BUS-38', 'XI-CLASS', 'ICT-275', '0', '0'),
('146575281116-2247-BUS-38ENG-107', '1465752811', '16-2247-BUS-38', 'XI-CLASS', 'ENG-107', '0', '0'),
('146575281116-2247-BUS-38BAN-101', '1465752811', '16-2247-BUS-38', 'XI-CLASS', 'BAN-101', '0', '0'),
('146575281116-2247-BUS-38MKT-287', '1465752811', '16-2247-BUS-38', 'XII-CLASS', 'MKT-287', '0', '1'),
('146575281116-2247-BUS-38FIN-293', '1465752811', '16-2247-BUS-38', 'XII-CLASS', 'FIN-293', '1', '0'),
('146575281116-2247-BUS-38BPP-278', '1465752811', '16-2247-BUS-38', 'XII-CLASS', 'BPP-278', '1', '0'),
('146575281116-2247-BUS-38ACT-254', '1465752811', '16-2247-BUS-38', 'XII-CLASS', 'ACT-254', '1', '0'),
('146575281116-2247-BUS-38ICT:275', '1465752811', '16-2247-BUS-38', 'XII-CLASS', 'ICT:275', '0', '0'),
('146575281116-2247-BUS-38ENG-108', '1465752811', '16-2247-BUS-38', 'XII-CLASS', 'ENG-108', '0', '0'),
('146575281116-2247-BUS-38BAN-102', '1465752811', '16-2247-BUS-38', 'XII-CLASS', 'BAN-102', '0', '0'),
('146575285116-3110-HUM-52ISS-249', '1465752851', '16-3110-HUM-52', 'XI-CLASS', 'ISS-249', '0', '1'),
('146575285116-3110-HUM-52LOG-121', '1465752851', '16-3110-HUM-52', 'XI-CLASS', 'LOG-121', '1', '0'),
('146575285116-3110-HUM-52ISH-267', '1465752851', '16-3110-HUM-52', 'XI-CLASS', 'ISH-267', '1', '0'),
('146575285116-3110-HUM-52CIV-269', '1465752851', '16-3110-HUM-52', 'XI-CLASS', 'CIV-269', '1', '0'),
('146575285116-3110-HUM-52ICT-275', '1465752851', '16-3110-HUM-52', 'XI-CLASS', 'ICT-275', '0', '0'),
('146575285116-3110-HUM-52ENG-107', '1465752851', '16-3110-HUM-52', 'XI-CLASS', 'ENG-107', '0', '0'),
('146575285116-3110-HUM-52BAN-101', '1465752851', '16-3110-HUM-52', 'XI-CLASS', 'BAN-101', '0', '0'),
('146575285116-3110-HUM-52ISS-250', '1465752851', '16-3110-HUM-52', 'XII-CLASS', 'ISS-250', '0', '1'),
('146575285116-3110-HUM-52LOG-122', '1465752851', '16-3110-HUM-52', 'XII-CLASS', 'LOG-122', '1', '0'),
('146575285116-3110-HUM-52ISH-268', '1465752851', '16-3110-HUM-52', 'XII-CLASS', 'ISH-268', '1', '0'),
('146575285116-3110-HUM-52CIV-270', '1465752851', '16-3110-HUM-52', 'XII-CLASS', 'CIV-270', '1', '0'),
('146575285116-3110-HUM-52ICT:275', '1465752851', '16-3110-HUM-52', 'XII-CLASS', 'ICT:275', '0', '0'),
('146575285116-3110-HUM-52ENG-108', '1465752851', '16-3110-HUM-52', 'XII-CLASS', 'ENG-108', '0', '0'),
('146575285116-3110-HUM-52BAN-102', '1465752851', '16-3110-HUM-52', 'XII-CLASS', 'BAN-102', '0', '0'),
('146575286916-3636-HUM-18BAN-101', '1465752869', '16-3636-HUM-18', 'XI-CLASS', 'BAN-101', '0', '0'),
('146575286916-3636-HUM-18ENG-107', '1465752869', '16-3636-HUM-18', 'XI-CLASS', 'ENG-107', '0', '0'),
('146575286916-3636-HUM-18ICT-275', '1465752869', '16-3636-HUM-18', 'XI-CLASS', 'ICT-275', '0', '0'),
('146575286916-3636-HUM-18ECO:109', '1465752869', '16-3636-HUM-18', 'XI-CLASS', 'ECO:109', '1', '0'),
('146575286916-3636-HUM-18ISH-304', '1465752869', '16-3636-HUM-18', 'XI-CLASS', 'ISH-304', '1', '0'),
('146575286916-3636-HUM-18ISH-267', '1465752869', '16-3636-HUM-18', 'XI-CLASS', 'ISH-267', '1', '0'),
('146575286916-3636-HUM-18CIV-269', '1465752869', '16-3636-HUM-18', 'XI-CLASS', 'CIV-269', '0', '1'),
('146575286916-3636-HUM-18BAN-102', '1465752869', '16-3636-HUM-18', 'XII-CLASS', 'BAN-102', '0', '0'),
('146575286916-3636-HUM-18ENG-108', '1465752869', '16-3636-HUM-18', 'XII-CLASS', 'ENG-108', '0', '0'),
('146575286916-3636-HUM-18ICT:275', '1465752869', '16-3636-HUM-18', 'XII-CLASS', 'ICT:275', '0', '0'),
('146575286916-3636-HUM-18ECO:110', '1465752869', '16-3636-HUM-18', 'XII-CLASS', 'ECO:110', '1', '0'),
('146575286916-3636-HUM-18ISH-305', '1465752869', '16-3636-HUM-18', 'XII-CLASS', 'ISH-305', '1', '0'),
('146575286916-3636-HUM-18ISH-268', '1465752869', '16-3636-HUM-18', 'XII-CLASS', 'ISH-268', '1', '0'),
('146575286916-3636-HUM-18CIV-270', '1465752869', '16-3636-HUM-18', 'XII-CLASS', 'CIV-270', '0', '1'),
('146575286916-3647-HUM-38BAN-101', '1465752869', '16-3647-HUM-38', 'XI-CLASS', 'BAN-101', '0', '0'),
('146575286916-3647-HUM-38ENG-107', '1465752869', '16-3647-HUM-38', 'XI-CLASS', 'ENG-107', '0', '0'),
('146575286916-3647-HUM-38ICT-275', '1465752869', '16-3647-HUM-38', 'XI-CLASS', 'ICT-275', '0', '0'),
('146575286916-3647-HUM-38CIV-269', '1465752869', '16-3647-HUM-38', 'XI-CLASS', 'CIV-269', '1', '0'),
('146575286916-3647-HUM-38SOW-271', '1465752869', '16-3647-HUM-38', 'XI-CLASS', 'SOW-271', '1', '0'),
('146575286916-3647-HUM-38ISH-304', '1465752869', '16-3647-HUM-38', 'XI-CLASS', 'ISH-304', '1', '0'),
('146575286916-3647-HUM-38LOG-121', '1465752869', '16-3647-HUM-38', 'XI-CLASS', 'LOG-121', '0', '1'),
('146575286916-3647-HUM-38BAN-102', '1465752869', '16-3647-HUM-38', 'XII-CLASS', 'BAN-102', '0', '0'),
('146575286916-3647-HUM-38ENG-108', '1465752869', '16-3647-HUM-38', 'XII-CLASS', 'ENG-108', '0', '0'),
('146575286916-3647-HUM-38ICT:275', '1465752869', '16-3647-HUM-38', 'XII-CLASS', 'ICT:275', '0', '0'),
('146575286916-3647-HUM-38CIV-270', '1465752869', '16-3647-HUM-38', 'XII-CLASS', 'CIV-270', '1', '0'),
('146575286916-3647-HUM-38SOW-272', '1465752869', '16-3647-HUM-38', 'XII-CLASS', 'SOW-272', '1', '0'),
('146575286916-3647-HUM-38ISH-305', '1465752869', '16-3647-HUM-38', 'XII-CLASS', 'ISH-305', '1', '0'),
('146575286916-3647-HUM-38LOG-122', '1465752869', '16-3647-HUM-38', 'XII-CLASS', 'LOG-122', '0', '1'),
('146575281116-2248-BUS-51MKT-286', '1465752811', '16-2248-BUS-51', 'XI-CLASS', 'MKT-286', '0', '1'),
('146575281116-2248-BUS-51FIN-292', '1465752811', '16-2248-BUS-51', 'XI-CLASS', 'FIN-292', '1', '0'),
('146575281116-2248-BUS-51BPP-277', '1465752811', '16-2248-BUS-51', 'XI-CLASS', 'BPP-277', '1', '0'),
('146575281116-2248-BUS-51ACT-253', '1465752811', '16-2248-BUS-51', 'XI-CLASS', 'ACT-253', '1', '0'),
('146575281116-2248-BUS-51ICT-275', '1465752811', '16-2248-BUS-51', 'XI-CLASS', 'ICT-275', '0', '0'),
('146575281116-2248-BUS-51ENG-107', '1465752811', '16-2248-BUS-51', 'XI-CLASS', 'ENG-107', '0', '0'),
('146575281116-2248-BUS-51BAN-101', '1465752811', '16-2248-BUS-51', 'XI-CLASS', 'BAN-101', '0', '0'),
('146575281116-2248-BUS-51MKT-287', '1465752811', '16-2248-BUS-51', 'XII-CLASS', 'MKT-287', '0', '1'),
('146575281116-2248-BUS-51FIN-293', '1465752811', '16-2248-BUS-51', 'XII-CLASS', 'FIN-293', '1', '0'),
('146575281116-2248-BUS-51BPP-278', '1465752811', '16-2248-BUS-51', 'XII-CLASS', 'BPP-278', '1', '0'),
('146575281116-2248-BUS-51ACT-254', '1465752811', '16-2248-BUS-51', 'XII-CLASS', 'ACT-254', '1', '0'),
('146575281116-2248-BUS-51ICT:275', '1465752811', '16-2248-BUS-51', 'XII-CLASS', 'ICT:275', '0', '0'),
('146575281116-2248-BUS-51ENG-108', '1465752811', '16-2248-BUS-51', 'XII-CLASS', 'ENG-108', '0', '0'),
('146575281116-2248-BUS-51BAN-102', '1465752811', '16-2248-BUS-51', 'XII-CLASS', 'BAN-102', '0', '0'),
('146575279517-1754-4471944ENG-107', '1465752795', '17-1754-4471944', 'XI-CLASS', 'ENG-107', '0', '0'),
('146575279517-1754-4471944BAN-101', '1465752795', '17-1754-4471944', 'XI-CLASS', 'BAN-101', '0', '0'),
('146575279517-1754-4471944ICT-275', '1465752795', '17-1754-4471944', 'XI-CLASS', 'ICT-275', '0', '0'),
('146575279517-1753-6444706BIO-178', '1465752795', '17-1753-6444706', 'XI-CLASS', 'BIO-178', '0', '1'),
('146575279517-1753-6444706MAT-127', '1465752795', '17-1753-6444706', 'XI-CLASS', 'MAT-127', '1', '0'),
('146575279517-1753-6444706CHE-176', '1465752795', '17-1753-6444706', 'XI-CLASS', 'CHE-176', '1', '0'),
('146575279517-1753-6444706PHY-174', '1465752795', '17-1753-6444706', 'XI-CLASS', 'PHY-174', '1', '0'),
('146575279517-1753-6444706ENG-107', '1465752795', '17-1753-6444706', 'XI-CLASS', 'ENG-107', '0', '0'),
('146575279517-1753-6444706BAN-101', '1465752795', '17-1753-6444706', 'XI-CLASS', 'BAN-101', '0', '0'),
('146575279517-1753-6444706ICT-275', '1465752795', '17-1753-6444706', 'XI-CLASS', 'ICT-275', '0', '0'),
('146575279517-1752-6444623MAT-127', '1465752795', '17-1752-6444623', 'XI-CLASS', 'MAT-127', '0', '1'),
('146575282716-2556-BUS-97MKT-287', '1465752827', '16-2556-BUS-97', 'XII-CLASS', 'MKT-287', '0', '1'),
('146575282716-2556-BUS-97FIN-293', '1465752827', '16-2556-BUS-97', 'XII-CLASS', 'FIN-293', '1', '0'),
('146575282716-2556-BUS-97BPP-278', '1465752827', '16-2556-BUS-97', 'XII-CLASS', 'BPP-278', '1', '0'),
('146575285116-3170-HUM-84ISS-249', '1465752851', '16-3170-HUM-84', 'XI-CLASS', 'ISS-249', '0', '1'),
('146575285116-3170-HUM-84SOW-271', '1465752851', '16-3170-HUM-84', 'XI-CLASS', 'SOW-271', '1', '0'),
('146575285116-3170-HUM-84ECO:109', '1465752851', '16-3170-HUM-84', 'XI-CLASS', 'ECO:109', '1', '0'),
('146575285116-3170-HUM-84CIV-269', '1465752851', '16-3170-HUM-84', 'XI-CLASS', 'CIV-269', '1', '0'),
('146575285116-3170-HUM-84ICT-275', '1465752851', '16-3170-HUM-84', 'XI-CLASS', 'ICT-275', '0', '0'),
('146575285116-3170-HUM-84ENG-107', '1465752851', '16-3170-HUM-84', 'XI-CLASS', 'ENG-107', '0', '0'),
('146575285116-3170-HUM-84BAN-101', '1465752851', '16-3170-HUM-84', 'XI-CLASS', 'BAN-101', '0', '0'),
('146575285116-3170-HUM-84ISS-250', '1465752851', '16-3170-HUM-84', 'XII-CLASS', 'ISS-250', '0', '1'),
('146575285116-3170-HUM-84SOW-272', '1465752851', '16-3170-HUM-84', 'XII-CLASS', 'SOW-272', '1', '0'),
('146575285116-3170-HUM-84ECO:110', '1465752851', '16-3170-HUM-84', 'XII-CLASS', 'ECO:110', '1', '0'),
('146575285116-3170-HUM-84CIV-270', '1465752851', '16-3170-HUM-84', 'XII-CLASS', 'CIV-270', '1', '0'),
('146575285116-3170-HUM-84ICT:275', '1465752851', '16-3170-HUM-84', 'XII-CLASS', 'ICT:275', '0', '0'),
('146575285116-3170-HUM-84ENG-108', '1465752851', '16-3170-HUM-84', 'XII-CLASS', 'ENG-108', '0', '0'),
('146575285116-3170-HUM-84BAN-102', '1465752851', '16-3170-HUM-84', 'XII-CLASS', 'BAN-102', '0', '0'),
('146575282716-2724-BUS-71MKT-286', '1465752827', '16-2724-BUS-71', 'XI-CLASS', 'MKT-286', '0', '1'),
('146575282716-2724-BUS-71BPP-277', '1465752827', '16-2724-BUS-71', 'XI-CLASS', 'BPP-277', '1', '0'),
('146575282716-2724-BUS-71FIN-292', '1465752827', '16-2724-BUS-71', 'XI-CLASS', 'FIN-292', '1', '0'),
('146575282716-2724-BUS-71ACT-253', '1465752827', '16-2724-BUS-71', 'XI-CLASS', 'ACT-253', '1', '0'),
('146575282716-2724-BUS-71ICT-275', '1465752827', '16-2724-BUS-71', 'XI-CLASS', 'ICT-275', '0', '0'),
('146575282716-2724-BUS-71ENG-107', '1465752827', '16-2724-BUS-71', 'XI-CLASS', 'ENG-107', '0', '0'),
('146575282716-2724-BUS-71BAN-101', '1465752827', '16-2724-BUS-71', 'XI-CLASS', 'BAN-101', '0', '0'),
('146575282716-2724-BUS-71MKT-287', '1465752827', '16-2724-BUS-71', 'XII-CLASS', 'MKT-287', '0', '1'),
('146575282716-2724-BUS-71BPP-278', '1465752827', '16-2724-BUS-71', 'XII-CLASS', 'BPP-278', '1', '0'),
('146575282716-2724-BUS-71FIN-293', '1465752827', '16-2724-BUS-71', 'XII-CLASS', 'FIN-293', '1', '0'),
('146575282716-2724-BUS-71ACT-254', '1465752827', '16-2724-BUS-71', 'XII-CLASS', 'ACT-254', '1', '0'),
('146575282716-2724-BUS-71ICT:275', '1465752827', '16-2724-BUS-71', 'XII-CLASS', 'ICT:275', '0', '0'),
('146575282716-2724-BUS-71ENG-108', '1465752827', '16-2724-BUS-71', 'XII-CLASS', 'ENG-108', '0', '0'),
('146575282716-2724-BUS-71BAN-102', '1465752827', '16-2724-BUS-71', 'XII-CLASS', 'BAN-102', '0', '0'),
('146575282716-2725-BUS-85BAN-101', '1465752827', '16-2725-BUS-85', 'XI-CLASS', 'BAN-101', '0', '0'),
('146575282716-2725-BUS-85ENG-107', '1465752827', '16-2725-BUS-85', 'XI-CLASS', 'ENG-107', '0', '0'),
('146575282716-2725-BUS-85ICT-275', '1465752827', '16-2725-BUS-85', 'XI-CLASS', 'ICT-275', '0', '0'),
('146575282716-2725-BUS-85ACT-253', '1465752827', '16-2725-BUS-85', 'XI-CLASS', 'ACT-253', '1', '0'),
('146575282716-2725-BUS-85BPP-277', '1465752827', '16-2725-BUS-85', 'XI-CLASS', 'BPP-277', '1', '0'),
('146575282716-2725-BUS-85FIN-292', '1465752827', '16-2725-BUS-85', 'XI-CLASS', 'FIN-292', '1', '0'),
('146575282716-2725-BUS-85MKT-286', '1465752827', '16-2725-BUS-85', 'XI-CLASS', 'MKT-286', '0', '1'),
('146575282716-2725-BUS-85BAN-102', '1465752827', '16-2725-BUS-85', 'XII-CLASS', 'BAN-102', '0', '0'),
('146575282716-2725-BUS-85ENG-108', '1465752827', '16-2725-BUS-85', 'XII-CLASS', 'ENG-108', '0', '0'),
('146575282716-2725-BUS-85ICT:275', '1465752827', '16-2725-BUS-85', 'XII-CLASS', 'ICT:275', '0', '0'),
('146575282716-2725-BUS-85ACT-254', '1465752827', '16-2725-BUS-85', 'XII-CLASS', 'ACT-254', '1', '0'),
('146575282716-2725-BUS-85BPP-278', '1465752827', '16-2725-BUS-85', 'XII-CLASS', 'BPP-278', '1', '0'),
('146575282716-2725-BUS-85FIN-293', '1465752827', '16-2725-BUS-85', 'XII-CLASS', 'FIN-293', '1', '0'),
('146575282716-2725-BUS-85MKT-287', '1465752827', '16-2725-BUS-85', 'XII-CLASS', 'MKT-287', '0', '1'),
('146575281116-2250-BUS-37BAN-101', '1465752811', '16-2250-BUS-37', 'XI-CLASS', 'BAN-101', '0', '0'),
('146575281116-2250-BUS-37ENG-107', '1465752811', '16-2250-BUS-37', 'XI-CLASS', 'ENG-107', '0', '0'),
('146575281116-2250-BUS-37ICT-275', '1465752811', '16-2250-BUS-37', 'XI-CLASS', 'ICT-275', '0', '0'),
('146575281116-2250-BUS-37ACT-253', '1465752811', '16-2250-BUS-37', 'XI-CLASS', 'ACT-253', '1', '0'),
('146575281116-2250-BUS-37FIN-292', '1465752811', '16-2250-BUS-37', 'XI-CLASS', 'FIN-292', '1', '0'),
('146575281116-2250-BUS-37BPP-277', '1465752811', '16-2250-BUS-37', 'XI-CLASS', 'BPP-277', '1', '0'),
('146575281116-2250-BUS-37MKT-286', '1465752811', '16-2250-BUS-37', 'XI-CLASS', 'MKT-286', '0', '1'),
('146575281116-2250-BUS-37BAN-102', '1465752811', '16-2250-BUS-37', 'XII-CLASS', 'BAN-102', '0', '0'),
('146575281116-2250-BUS-37ENG-108', '1465752811', '16-2250-BUS-37', 'XII-CLASS', 'ENG-108', '0', '0'),
('146575281116-2250-BUS-37ICT:275', '1465752811', '16-2250-BUS-37', 'XII-CLASS', 'ICT:275', '0', '0'),
('146575281116-2250-BUS-37ACT-254', '1465752811', '16-2250-BUS-37', 'XII-CLASS', 'ACT-254', '1', '0'),
('146575281116-2250-BUS-37FIN-293', '1465752811', '16-2250-BUS-37', 'XII-CLASS', 'FIN-293', '1', '0'),
('146575281116-2250-BUS-37BPP-278', '1465752811', '16-2250-BUS-37', 'XII-CLASS', 'BPP-278', '1', '0'),
('146575281116-2250-BUS-37MKT-287', '1465752811', '16-2250-BUS-37', 'XII-CLASS', 'MKT-287', '0', '1'),
('146575281116-2251-BUS-25ACT-253', '1465752811', '16-2251-BUS-25', 'XI-CLASS', 'ACT-253', '1', '0'),
('146575281116-2251-BUS-25ICT-275', '1465752811', '16-2251-BUS-25', 'XI-CLASS', 'ICT-275', '0', '0'),
('146575281116-2251-BUS-25ENG-107', '1465752811', '16-2251-BUS-25', 'XI-CLASS', 'ENG-107', '0', '0'),
('146575281116-2251-BUS-25BAN-101', '1465752811', '16-2251-BUS-25', 'XI-CLASS', 'BAN-101', '0', '0'),
('146575281116-2251-BUS-25ACT-254', '1465752811', '16-2251-BUS-25', 'XII-CLASS', 'ACT-254', '1', '0'),
('146575281116-2251-BUS-25ICT:275', '1465752811', '16-2251-BUS-25', 'XII-CLASS', 'ICT:275', '0', '0'),
('146575281116-2251-BUS-25ENG-108', '1465752811', '16-2251-BUS-25', 'XII-CLASS', 'ENG-108', '0', '0'),
('146575281116-2251-BUS-25BAN-102', '1465752811', '16-2251-BUS-25', 'XII-CLASS', 'BAN-102', '0', '0'),
('146575285116-3169-HUM-74ISS-249', '1465752851', '16-3169-HUM-74', 'XI-CLASS', 'ISS-249', '0', '1'),
('146575285116-3169-HUM-74SOS-117', '1465752851', '16-3169-HUM-74', 'XI-CLASS', 'SOS-117', '1', '0'),
('146575285116-3169-HUM-74ISH-267', '1465752851', '16-3169-HUM-74', 'XI-CLASS', 'ISH-267', '1', '0'),
('146575285116-3169-HUM-74CIV-269', '1465752851', '16-3169-HUM-74', 'XI-CLASS', 'CIV-269', '1', '0'),
('146575285116-3169-HUM-74ICT-275', '1465752851', '16-3169-HUM-74', 'XI-CLASS', 'ICT-275', '0', '0'),
('146575285116-3169-HUM-74ENG-107', '1465752851', '16-3169-HUM-74', 'XI-CLASS', 'ENG-107', '0', '0'),
('146575285116-3169-HUM-74BAN-101', '1465752851', '16-3169-HUM-74', 'XI-CLASS', 'BAN-101', '0', '0'),
('146575285116-3169-HUM-74ISS-250', '1465752851', '16-3169-HUM-74', 'XII-CLASS', 'ISS-250', '0', '1'),
('146575285116-3169-HUM-74SOS-118', '1465752851', '16-3169-HUM-74', 'XII-CLASS', 'SOS-118', '1', '0'),
('146575285116-3169-HUM-74ISH-268', '1465752851', '16-3169-HUM-74', 'XII-CLASS', 'ISH-268', '1', '0'),
('146575285116-3169-HUM-74CIV-270', '1465752851', '16-3169-HUM-74', 'XII-CLASS', 'CIV-270', '1', '0'),
('146575285116-3169-HUM-74ICT:275', '1465752851', '16-3169-HUM-74', 'XII-CLASS', 'ICT:275', '0', '0'),
('146575285116-3169-HUM-74ENG-108', '1465752851', '16-3169-HUM-74', 'XII-CLASS', 'ENG-108', '0', '0'),
('146575285116-3169-HUM-74BAN-102', '1465752851', '16-3169-HUM-74', 'XII-CLASS', 'BAN-102', '0', '0'),
('146575281116-2245-BUS-55MKT-286', '1465752811', '16-2245-BUS-55', 'XI-CLASS', 'MKT-286', '0', '1'),
('146575281116-2245-BUS-55FIN-292', '1465752811', '16-2245-BUS-55', 'XI-CLASS', 'FIN-292', '1', '0'),
('146575281116-2245-BUS-55BPP-277', '1465752811', '16-2245-BUS-55', 'XI-CLASS', 'BPP-277', '1', '0'),
('146575281116-2245-BUS-55ACT-253', '1465752811', '16-2245-BUS-55', 'XI-CLASS', 'ACT-253', '1', '0'),
('146575281116-2245-BUS-55ICT-275', '1465752811', '16-2245-BUS-55', 'XI-CLASS', 'ICT-275', '0', '0'),
('146575281116-2245-BUS-55ENG-107', '1465752811', '16-2245-BUS-55', 'XI-CLASS', 'ENG-107', '0', '0'),
('146575281116-2245-BUS-55BAN-101', '1465752811', '16-2245-BUS-55', 'XI-CLASS', 'BAN-101', '0', '0'),
('146575281116-2245-BUS-55MKT-287', '1465752811', '16-2245-BUS-55', 'XII-CLASS', 'MKT-287', '0', '1'),
('146575281116-2245-BUS-55FIN-293', '1465752811', '16-2245-BUS-55', 'XII-CLASS', 'FIN-293', '1', '0'),
('146575281116-2245-BUS-55BPP-278', '1465752811', '16-2245-BUS-55', 'XII-CLASS', 'BPP-278', '1', '0'),
('146575281116-2245-BUS-55ACT-254', '1465752811', '16-2245-BUS-55', 'XII-CLASS', 'ACT-254', '1', '0'),
('146575281116-2245-BUS-55ICT:275', '1465752811', '16-2245-BUS-55', 'XII-CLASS', 'ICT:275', '0', '0'),
('146575281116-2245-BUS-55ENG-108', '1465752811', '16-2245-BUS-55', 'XII-CLASS', 'ENG-108', '0', '0'),
('146575281116-2245-BUS-55BAN-102', '1465752811', '16-2245-BUS-55', 'XII-CLASS', 'BAN-102', '0', '0'),
('146575282716-2662-BUS-49BAN-101', '1465752827', '16-2662-BUS-49', 'XI-CLASS', 'BAN-101', '0', '0'),
('146575282716-2662-BUS-49ENG-107', '1465752827', '16-2662-BUS-49', 'XI-CLASS', 'ENG-107', '0', '0'),
('146575282716-2662-BUS-49ICT-275', '1465752827', '16-2662-BUS-49', 'XI-CLASS', 'ICT-275', '0', '0'),
('146575282716-2662-BUS-49ACT-253', '1465752827', '16-2662-BUS-49', 'XI-CLASS', 'ACT-253', '1', '0'),
('146575282716-2662-BUS-49BPP-277', '1465752827', '16-2662-BUS-49', 'XI-CLASS', 'BPP-277', '1', '0'),
('146575282716-2662-BUS-49FIN-292', '1465752827', '16-2662-BUS-49', 'XI-CLASS', 'FIN-292', '1', '0'),
('146575282716-2662-BUS-49MKT-286', '1465752827', '16-2662-BUS-49', 'XI-CLASS', 'MKT-286', '0', '1'),
('146575282716-2662-BUS-49BAN-102', '1465752827', '16-2662-BUS-49', 'XII-CLASS', 'BAN-102', '0', '0'),
('146575282716-2662-BUS-49ENG-108', '1465752827', '16-2662-BUS-49', 'XII-CLASS', 'ENG-108', '0', '0'),
('146575282716-2662-BUS-49ICT:275', '1465752827', '16-2662-BUS-49', 'XII-CLASS', 'ICT:275', '0', '0'),
('146575282716-2662-BUS-49ACT-254', '1465752827', '16-2662-BUS-49', 'XII-CLASS', 'ACT-254', '1', '0'),
('146575282716-2662-BUS-49BPP-278', '1465752827', '16-2662-BUS-49', 'XII-CLASS', 'BPP-278', '1', '0'),
('146575282716-2662-BUS-49FIN-293', '1465752827', '16-2662-BUS-49', 'XII-CLASS', 'FIN-293', '1', '0'),
('146575282716-2662-BUS-49MKT-287', '1465752827', '16-2662-BUS-49', 'XII-CLASS', 'MKT-287', '0', '1'),
('146575282716-2726-BUS-88BAN-101', '1465752827', '16-2726-BUS-88', 'XI-CLASS', 'BAN-101', '0', '0'),
('146575282716-2726-BUS-88ENG-107', '1465752827', '16-2726-BUS-88', 'XI-CLASS', 'ENG-107', '0', '0'),
('146575282716-2726-BUS-88ICT-275', '1465752827', '16-2726-BUS-88', 'XI-CLASS', 'ICT-275', '0', '0'),
('146575282716-2726-BUS-88ACT-253', '1465752827', '16-2726-BUS-88', 'XI-CLASS', 'ACT-253', '1', '0'),
('146575282716-2726-BUS-88BPP-277', '1465752827', '16-2726-BUS-88', 'XI-CLASS', 'BPP-277', '1', '0'),
('146575282716-2726-BUS-88FIN-292', '1465752827', '16-2726-BUS-88', 'XI-CLASS', 'FIN-292', '1', '0'),
('146575282716-2726-BUS-88ECO-109', '1465752827', '16-2726-BUS-88', 'XI-CLASS', 'ECO-109', '0', '1'),
('146575282716-2726-BUS-88BAN-102', '1465752827', '16-2726-BUS-88', 'XII-CLASS', 'BAN-102', '0', '0'),
('146575282716-2726-BUS-88ENG-108', '1465752827', '16-2726-BUS-88', 'XII-CLASS', 'ENG-108', '0', '0'),
('146575282716-2726-BUS-88ICT:275', '1465752827', '16-2726-BUS-88', 'XII-CLASS', 'ICT:275', '0', '0');
INSERT INTO `coursereg` (`courseregid`, `sectionid`, `studentid`, `currentsemesterid`, `courseid`, `electivesub`, `forthsub`) VALUES
('146575282716-2726-BUS-88ACT-254', '1465752827', '16-2726-BUS-88', 'XII-CLASS', 'ACT-254', '1', '0'),
('146575282716-2726-BUS-88BPP-278', '1465752827', '16-2726-BUS-88', 'XII-CLASS', 'BPP-278', '1', '0'),
('146575282716-2726-BUS-88FIN-293', '1465752827', '16-2726-BUS-88', 'XII-CLASS', 'FIN-293', '1', '0'),
('146575282716-2726-BUS-88ECO-110', '1465752827', '16-2726-BUS-88', 'XII-CLASS', 'ECO-110', '0', '1'),
('146575285116-3171-HUM-11ISS-249', '1465752851', '16-3171-HUM-11', 'XI-CLASS', 'ISS-249', '0', '1'),
('146575285116-3171-HUM-11SOW-271', '1465752851', '16-3171-HUM-11', 'XI-CLASS', 'SOW-271', '1', '0'),
('146575285116-3171-HUM-11ECO:109', '1465752851', '16-3171-HUM-11', 'XI-CLASS', 'ECO:109', '1', '0'),
('146575285116-3171-HUM-11CIV-269', '1465752851', '16-3171-HUM-11', 'XI-CLASS', 'CIV-269', '1', '0'),
('146575285116-3171-HUM-11ICT-275', '1465752851', '16-3171-HUM-11', 'XI-CLASS', 'ICT-275', '0', '0'),
('146575285116-3171-HUM-11ENG-107', '1465752851', '16-3171-HUM-11', 'XI-CLASS', 'ENG-107', '0', '0'),
('146575285116-3171-HUM-11BAN-101', '1465752851', '16-3171-HUM-11', 'XI-CLASS', 'BAN-101', '0', '0'),
('146575285116-3171-HUM-11ISS-250', '1465752851', '16-3171-HUM-11', 'XII-CLASS', 'ISS-250', '0', '1'),
('146575285116-3171-HUM-11SOW-272', '1465752851', '16-3171-HUM-11', 'XII-CLASS', 'SOW-272', '1', '0'),
('146575285116-3171-HUM-11ECO:110', '1465752851', '16-3171-HUM-11', 'XII-CLASS', 'ECO:110', '1', '0'),
('146575285116-3171-HUM-11CIV-270', '1465752851', '16-3171-HUM-11', 'XII-CLASS', 'CIV-270', '1', '0'),
('146575285116-3171-HUM-11ICT:275', '1465752851', '16-3171-HUM-11', 'XII-CLASS', 'ICT:275', '0', '0'),
('146575285116-3171-HUM-11ENG-108', '1465752851', '16-3171-HUM-11', 'XII-CLASS', 'ENG-108', '0', '0'),
('146575285116-3171-HUM-11BAN-102', '1465752851', '16-3171-HUM-11', 'XII-CLASS', 'BAN-102', '0', '0'),
('146575285116-3143-HUM-66BAN-101', '1465752851', '16-3143-HUM-66', 'XI-CLASS', 'BAN-101', '0', '0'),
('146575285116-3143-HUM-66ENG-107', '1465752851', '16-3143-HUM-66', 'XI-CLASS', 'ENG-107', '0', '0'),
('146575285116-3143-HUM-66ICT-275', '1465752851', '16-3143-HUM-66', 'XI-CLASS', 'ICT-275', '0', '0'),
('146575285116-3143-HUM-66SOW-271', '1465752851', '16-3143-HUM-66', 'XI-CLASS', 'SOW-271', '1', '0'),
('146575285116-3143-HUM-66CIV-269', '1465752851', '16-3143-HUM-66', 'XI-CLASS', 'CIV-269', '1', '0'),
('146575285116-3143-HUM-66ECO:109', '1465752851', '16-3143-HUM-66', 'XI-CLASS', 'ECO:109', '1', '0'),
('146575285116-3143-HUM-66SNK-137', '1465752851', '16-3143-HUM-66', 'XI-CLASS', 'SNK-137', '0', '1'),
('146575285116-3143-HUM-66BAN-102', '1465752851', '16-3143-HUM-66', 'XII-CLASS', 'BAN-102', '0', '0'),
('146575285116-3143-HUM-66ENG-108', '1465752851', '16-3143-HUM-66', 'XII-CLASS', 'ENG-108', '0', '0'),
('146575285116-3143-HUM-66ICT:275', '1465752851', '16-3143-HUM-66', 'XII-CLASS', 'ICT:275', '0', '0'),
('146575285116-3143-HUM-66SOW-272', '1465752851', '16-3143-HUM-66', 'XII-CLASS', 'SOW-272', '1', '0'),
('146575285116-3143-HUM-66CIV-270', '1465752851', '16-3143-HUM-66', 'XII-CLASS', 'CIV-270', '1', '0'),
('146575285116-3143-HUM-66ECO:110', '1465752851', '16-3143-HUM-66', 'XII-CLASS', 'ECO:110', '1', '0'),
('146575285116-3143-HUM-66SNK-138', '1465752851', '16-3143-HUM-66', 'XII-CLASS', 'SNK-138', '0', '1'),
('146575285116-2728-HUM-25HMT-265', '1465752851', '16-2728-HUM-25', 'XI-CLASS', 'HMT-265', '0', '1'),
('146575285116-2728-HUM-25SOW-271', '1465752851', '16-2728-HUM-25', 'XI-CLASS', 'SOW-271', '1', '0'),
('146575285116-2728-HUM-25CIV-269', '1465752851', '16-2728-HUM-25', 'XI-CLASS', 'CIV-269', '1', '0'),
('146575285116-2728-HUM-25ECO:109', '1465752851', '16-2728-HUM-25', 'XI-CLASS', 'ECO:109', '1', '0'),
('146575285116-2728-HUM-25ICT-275', '1465752851', '16-2728-HUM-25', 'XI-CLASS', 'ICT-275', '0', '0'),
('146575285116-2728-HUM-25ENG-107', '1465752851', '16-2728-HUM-25', 'XI-CLASS', 'ENG-107', '0', '0'),
('146575285116-2728-HUM-25BAN-101', '1465752851', '16-2728-HUM-25', 'XI-CLASS', 'BAN-101', '0', '0'),
('146575285116-2728-HUM-25HMT-266', '1465752851', '16-2728-HUM-25', 'XII-CLASS', 'HMT-266', '0', '1'),
('146575285116-2728-HUM-25SOW-272', '1465752851', '16-2728-HUM-25', 'XII-CLASS', 'SOW-272', '1', '0'),
('146575285116-2728-HUM-25CIV-270', '1465752851', '16-2728-HUM-25', 'XII-CLASS', 'CIV-270', '1', '0'),
('146575285116-2728-HUM-25ECO:110', '1465752851', '16-2728-HUM-25', 'XII-CLASS', 'ECO:110', '1', '0'),
('146575285116-2728-HUM-25ICT:275', '1465752851', '16-2728-HUM-25', 'XII-CLASS', 'ICT:275', '0', '0'),
('146575285116-2728-HUM-25ENG-108', '1465752851', '16-2728-HUM-25', 'XII-CLASS', 'ENG-108', '0', '0'),
('146575285116-2728-HUM-25BAN-102', '1465752851', '16-2728-HUM-25', 'XII-CLASS', 'BAN-102', '0', '0'),
('146575285116-2252-HUM-29ISS-249', '1465752851', '16-2252-HUM-29', 'XI-CLASS', 'ISS-249', '0', '1'),
('146575285116-2252-HUM-29ISH-267', '1465752851', '16-2252-HUM-29', 'XI-CLASS', 'ISH-267', '1', '0'),
('146575285116-2252-HUM-29SOW-271', '1465752851', '16-2252-HUM-29', 'XI-CLASS', 'SOW-271', '1', '0'),
('146575285116-2252-HUM-29CIV-269', '1465752851', '16-2252-HUM-29', 'XI-CLASS', 'CIV-269', '1', '0'),
('146575285116-2252-HUM-29ICT-275', '1465752851', '16-2252-HUM-29', 'XI-CLASS', 'ICT-275', '0', '0'),
('146575285116-2252-HUM-29ENG-107', '1465752851', '16-2252-HUM-29', 'XI-CLASS', 'ENG-107', '0', '0'),
('146575285116-2252-HUM-29BAN-101', '1465752851', '16-2252-HUM-29', 'XI-CLASS', 'BAN-101', '0', '0'),
('146575285116-2252-HUM-29ISS-250', '1465752851', '16-2252-HUM-29', 'XII-CLASS', 'ISS-250', '0', '1'),
('146575285116-2252-HUM-29ISH-268', '1465752851', '16-2252-HUM-29', 'XII-CLASS', 'ISH-268', '1', '0'),
('146575285116-2252-HUM-29SOW-272', '1465752851', '16-2252-HUM-29', 'XII-CLASS', 'SOW-272', '1', '0'),
('146575285116-2252-HUM-29CIV-270', '1465752851', '16-2252-HUM-29', 'XII-CLASS', 'CIV-270', '1', '0'),
('146575285116-2252-HUM-29ICT:275', '1465752851', '16-2252-HUM-29', 'XII-CLASS', 'ICT:275', '0', '0'),
('146575285116-2252-HUM-29ENG-108', '1465752851', '16-2252-HUM-29', 'XII-CLASS', 'ENG-108', '0', '0'),
('146575285116-2252-HUM-29BAN-102', '1465752851', '16-2252-HUM-29', 'XII-CLASS', 'BAN-102', '0', '0'),
('146575282716-2727-BUS-32BAN-101', '1465752827', '16-2727-BUS-32', 'XI-CLASS', 'BAN-101', '0', '0'),
('146575282716-2727-BUS-32ENG-107', '1465752827', '16-2727-BUS-32', 'XI-CLASS', 'ENG-107', '0', '0'),
('146575282716-2727-BUS-32ICT-275', '1465752827', '16-2727-BUS-32', 'XI-CLASS', 'ICT-275', '0', '0'),
('146575282716-2727-BUS-32ACT-253', '1465752827', '16-2727-BUS-32', 'XI-CLASS', 'ACT-253', '1', '0'),
('146575282716-2727-BUS-32BPP-277', '1465752827', '16-2727-BUS-32', 'XI-CLASS', 'BPP-277', '1', '0'),
('146575282716-2727-BUS-32FIN-292', '1465752827', '16-2727-BUS-32', 'XI-CLASS', 'FIN-292', '1', '0'),
('146575282716-2727-BUS-32MKT-286', '1465752827', '16-2727-BUS-32', 'XI-CLASS', 'MKT-286', '0', '1'),
('146575282716-2727-BUS-32BAN-102', '1465752827', '16-2727-BUS-32', 'XII-CLASS', 'BAN-102', '0', '0'),
('146575282716-2727-BUS-32ENG-108', '1465752827', '16-2727-BUS-32', 'XII-CLASS', 'ENG-108', '0', '0'),
('146575282716-2727-BUS-32ICT:275', '1465752827', '16-2727-BUS-32', 'XII-CLASS', 'ICT:275', '0', '0'),
('146575282716-2727-BUS-32ACT-254', '1465752827', '16-2727-BUS-32', 'XII-CLASS', 'ACT-254', '1', '0'),
('146575282716-2727-BUS-32BPP-278', '1465752827', '16-2727-BUS-32', 'XII-CLASS', 'BPP-278', '1', '0'),
('146575282716-2727-BUS-32FIN-293', '1465752827', '16-2727-BUS-32', 'XII-CLASS', 'FIN-293', '1', '0'),
('146575282716-2727-BUS-32MKT-287', '1465752827', '16-2727-BUS-32', 'XII-CLASS', 'MKT-287', '0', '1'),
('146575282716-2254-BUS-38MKT-286', '1465752827', '16-2254-BUS-38', 'XI-CLASS', 'MKT-286', '0', '1'),
('146575282716-2254-BUS-38BPP-277', '1465752827', '16-2254-BUS-38', 'XI-CLASS', 'BPP-277', '1', '0'),
('146575282716-2254-BUS-38FIN-292', '1465752827', '16-2254-BUS-38', 'XI-CLASS', 'FIN-292', '1', '0'),
('146575282716-2254-BUS-38ACT-253', '1465752827', '16-2254-BUS-38', 'XI-CLASS', 'ACT-253', '1', '0'),
('146575282716-2254-BUS-38ICT-275', '1465752827', '16-2254-BUS-38', 'XI-CLASS', 'ICT-275', '0', '0'),
('146575282716-2254-BUS-38ENG-107', '1465752827', '16-2254-BUS-38', 'XI-CLASS', 'ENG-107', '0', '0'),
('146575282716-2254-BUS-38BAN-101', '1465752827', '16-2254-BUS-38', 'XI-CLASS', 'BAN-101', '0', '0'),
('146575282716-2254-BUS-38MKT-287', '1465752827', '16-2254-BUS-38', 'XII-CLASS', 'MKT-287', '0', '1'),
('146575282716-2254-BUS-38BPP-278', '1465752827', '16-2254-BUS-38', 'XII-CLASS', 'BPP-278', '1', '0'),
('146575282716-2254-BUS-38FIN-293', '1465752827', '16-2254-BUS-38', 'XII-CLASS', 'FIN-293', '1', '0'),
('146575282716-2254-BUS-38ACT-254', '1465752827', '16-2254-BUS-38', 'XII-CLASS', 'ACT-254', '1', '0'),
('146575282716-2254-BUS-38ICT:275', '1465752827', '16-2254-BUS-38', 'XII-CLASS', 'ICT:275', '0', '0'),
('146575282716-2254-BUS-38ENG-108', '1465752827', '16-2254-BUS-38', 'XII-CLASS', 'ENG-108', '0', '0'),
('146575282716-2254-BUS-38BAN-102', '1465752827', '16-2254-BUS-38', 'XII-CLASS', 'BAN-102', '0', '0'),
('146575282716-2723-BUS-60BAN-101', '1465752827', '16-2723-BUS-60', 'XI-CLASS', 'BAN-101', '0', '0'),
('146575282716-2723-BUS-60ENG-107', '1465752827', '16-2723-BUS-60', 'XI-CLASS', 'ENG-107', '0', '0'),
('146575282716-2723-BUS-60ICT-275', '1465752827', '16-2723-BUS-60', 'XI-CLASS', 'ICT-275', '0', '0'),
('146575282716-2723-BUS-60ACT-253', '1465752827', '16-2723-BUS-60', 'XI-CLASS', 'ACT-253', '1', '0'),
('146575282716-2723-BUS-60BPP-277', '1465752827', '16-2723-BUS-60', 'XI-CLASS', 'BPP-277', '1', '0'),
('146575282716-2723-BUS-60FIN-292', '1465752827', '16-2723-BUS-60', 'XI-CLASS', 'FIN-292', '1', '0'),
('146575282716-2723-BUS-60ECO-109', '1465752827', '16-2723-BUS-60', 'XI-CLASS', 'ECO-109', '0', '1'),
('146575282716-2723-BUS-60BAN-102', '1465752827', '16-2723-BUS-60', 'XII-CLASS', 'BAN-102', '0', '0'),
('146575282716-2723-BUS-60ENG-108', '1465752827', '16-2723-BUS-60', 'XII-CLASS', 'ENG-108', '0', '0'),
('146575282716-2723-BUS-60ICT:275', '1465752827', '16-2723-BUS-60', 'XII-CLASS', 'ICT:275', '0', '0'),
('146575282716-2723-BUS-60ACT-254', '1465752827', '16-2723-BUS-60', 'XII-CLASS', 'ACT-254', '1', '0'),
('146575282716-2723-BUS-60BPP-278', '1465752827', '16-2723-BUS-60', 'XII-CLASS', 'BPP-278', '1', '0'),
('146575282716-2723-BUS-60FIN-293', '1465752827', '16-2723-BUS-60', 'XII-CLASS', 'FIN-293', '1', '0'),
('146575282716-2723-BUS-60ECO-110', '1465752827', '16-2723-BUS-60', 'XII-CLASS', 'ECO-110', '0', '1'),
('146575282716-2713-BUS-32MKT-286', '1465752827', '16-2713-BUS-32', 'XI-CLASS', 'MKT-286', '0', '1'),
('146575282716-2713-BUS-32BPP-277', '1465752827', '16-2713-BUS-32', 'XI-CLASS', 'BPP-277', '1', '0'),
('146575282716-2713-BUS-32ACT-253', '1465752827', '16-2713-BUS-32', 'XI-CLASS', 'ACT-253', '1', '0'),
('146575282716-2713-BUS-32FIN-292', '1465752827', '16-2713-BUS-32', 'XI-CLASS', 'FIN-292', '1', '0'),
('146575282716-2713-BUS-32ICT-275', '1465752827', '16-2713-BUS-32', 'XI-CLASS', 'ICT-275', '0', '0'),
('146575282716-2713-BUS-32ENG-107', '1465752827', '16-2713-BUS-32', 'XI-CLASS', 'ENG-107', '0', '0'),
('146575282716-2713-BUS-32BAN-101', '1465752827', '16-2713-BUS-32', 'XI-CLASS', 'BAN-101', '0', '0'),
('146575282716-2713-BUS-32MKT-287', '1465752827', '16-2713-BUS-32', 'XII-CLASS', 'MKT-287', '0', '1'),
('146575282716-2713-BUS-32BPP-278', '1465752827', '16-2713-BUS-32', 'XII-CLASS', 'BPP-278', '1', '0'),
('146575282716-2713-BUS-32ACT-254', '1465752827', '16-2713-BUS-32', 'XII-CLASS', 'ACT-254', '1', '0'),
('146575282716-2713-BUS-32FIN-293', '1465752827', '16-2713-BUS-32', 'XII-CLASS', 'FIN-293', '1', '0'),
('146575282716-2713-BUS-32ICT:275', '1465752827', '16-2713-BUS-32', 'XII-CLASS', 'ICT:275', '0', '0'),
('146575282716-2713-BUS-32ENG-108', '1465752827', '16-2713-BUS-32', 'XII-CLASS', 'ENG-108', '0', '0'),
('146575282716-2713-BUS-32BAN-102', '1465752827', '16-2713-BUS-32', 'XII-CLASS', 'BAN-102', '0', '0'),
('146575281116-2253-BUS-71BAN-101', '1465752811', '16-2253-BUS-71', 'XI-CLASS', 'BAN-101', '0', '0'),
('146575281116-2253-BUS-71ENG-107', '1465752811', '16-2253-BUS-71', 'XI-CLASS', 'ENG-107', '0', '0'),
('146575281116-2253-BUS-71ICT-275', '1465752811', '16-2253-BUS-71', 'XI-CLASS', 'ICT-275', '0', '0'),
('146575281116-2253-BUS-71ACT-253', '1465752811', '16-2253-BUS-71', 'XI-CLASS', 'ACT-253', '1', '0'),
('146575281116-2253-BUS-71BPP-277', '1465752811', '16-2253-BUS-71', 'XI-CLASS', 'BPP-277', '1', '0'),
('146575281116-2253-BUS-71MKT-286', '1465752811', '16-2253-BUS-71', 'XI-CLASS', 'MKT-286', '1', '0'),
('146575281116-2253-BUS-71FIN-292', '1465752811', '16-2253-BUS-71', 'XI-CLASS', 'FIN-292', '0', '1'),
('146575281116-2253-BUS-71BAN-102', '1465752811', '16-2253-BUS-71', 'XII-CLASS', 'BAN-102', '0', '0'),
('146575281116-2253-BUS-71ENG-108', '1465752811', '16-2253-BUS-71', 'XII-CLASS', 'ENG-108', '0', '0'),
('146575281116-2253-BUS-71ICT:275', '1465752811', '16-2253-BUS-71', 'XII-CLASS', 'ICT:275', '0', '0'),
('146575281116-2253-BUS-71ACT-254', '1465752811', '16-2253-BUS-71', 'XII-CLASS', 'ACT-254', '1', '0'),
('146575281116-2253-BUS-71BPP-278', '1465752811', '16-2253-BUS-71', 'XII-CLASS', 'BPP-278', '1', '0'),
('146575281116-2253-BUS-71MKT-287', '1465752811', '16-2253-BUS-71', 'XII-CLASS', 'MKT-287', '1', '0'),
('146575281116-2253-BUS-71FIN-293', '1465752811', '16-2253-BUS-71', 'XII-CLASS', 'FIN-293', '0', '1'),
('146575286916-3648-HUM-52BAN-101', '1465752869', '16-3648-HUM-52', 'XI-CLASS', 'BAN-101', '0', '0'),
('146575286916-3648-HUM-52ENG-107', '1465752869', '16-3648-HUM-52', 'XI-CLASS', 'ENG-107', '0', '0'),
('146575286916-3648-HUM-52ICT-275', '1465752869', '16-3648-HUM-52', 'XI-CLASS', 'ICT-275', '0', '0'),
('146575286916-3648-HUM-52CIV-269', '1465752869', '16-3648-HUM-52', 'XI-CLASS', 'CIV-269', '1', '0'),
('146575286916-3648-HUM-52ECO:109', '1465752869', '16-3648-HUM-52', 'XI-CLASS', 'ECO:109', '1', '0'),
('146575286916-3648-HUM-52SOW-271', '1465752869', '16-3648-HUM-52', 'XI-CLASS', 'SOW-271', '1', '0'),
('146575286916-3648-HUM-52ISS-249', '1465752869', '16-3648-HUM-52', 'XI-CLASS', 'ISS-249', '0', '1'),
('146575286916-3648-HUM-52BAN-102', '1465752869', '16-3648-HUM-52', 'XII-CLASS', 'BAN-102', '0', '0'),
('146575286916-3648-HUM-52ENG-108', '1465752869', '16-3648-HUM-52', 'XII-CLASS', 'ENG-108', '0', '0'),
('146575286916-3648-HUM-52ICT:275', '1465752869', '16-3648-HUM-52', 'XII-CLASS', 'ICT:275', '0', '0'),
('146575286916-3648-HUM-52CIV-270', '1465752869', '16-3648-HUM-52', 'XII-CLASS', 'CIV-270', '1', '0'),
('146575286916-3648-HUM-52ECO:110', '1465752869', '16-3648-HUM-52', 'XII-CLASS', 'ECO:110', '1', '0'),
('146575286916-3648-HUM-52SOW-272', '1465752869', '16-3648-HUM-52', 'XII-CLASS', 'SOW-272', '1', '0'),
('146575286916-3648-HUM-52ISS-250', '1465752869', '16-3648-HUM-52', 'XII-CLASS', 'ISS-250', '0', '1'),
('146575286916-3660-HUM-76ISS-249', '1465752869', '16-3660-HUM-76', 'XI-CLASS', 'ISS-249', '0', '1'),
('146575286916-3660-HUM-76SOS-117', '1465752869', '16-3660-HUM-76', 'XI-CLASS', 'SOS-117', '1', '0'),
('146575286916-3660-HUM-76ECO:109', '1465752869', '16-3660-HUM-76', 'XI-CLASS', 'ECO:109', '1', '0'),
('146575286916-3660-HUM-76CIV-269', '1465752869', '16-3660-HUM-76', 'XI-CLASS', 'CIV-269', '1', '0'),
('146575286916-3660-HUM-76ICT-275', '1465752869', '16-3660-HUM-76', 'XI-CLASS', 'ICT-275', '0', '0'),
('146575286916-3660-HUM-76ENG-107', '1465752869', '16-3660-HUM-76', 'XI-CLASS', 'ENG-107', '0', '0'),
('146575286916-3660-HUM-76BAN-101', '1465752869', '16-3660-HUM-76', 'XI-CLASS', 'BAN-101', '0', '0'),
('146575286916-3660-HUM-76ISS-250', '1465752869', '16-3660-HUM-76', 'XII-CLASS', 'ISS-250', '0', '1'),
('146575286916-3660-HUM-76SOS-118', '1465752869', '16-3660-HUM-76', 'XII-CLASS', 'SOS-118', '1', '0'),
('146575286916-3660-HUM-76ECO:110', '1465752869', '16-3660-HUM-76', 'XII-CLASS', 'ECO:110', '1', '0'),
('146575286916-3660-HUM-76CIV-270', '1465752869', '16-3660-HUM-76', 'XII-CLASS', 'CIV-270', '1', '0'),
('146575286916-3660-HUM-76ICT:275', '1465752869', '16-3660-HUM-76', 'XII-CLASS', 'ICT:275', '0', '0'),
('146575286916-3660-HUM-76ENG-108', '1465752869', '16-3660-HUM-76', 'XII-CLASS', 'ENG-108', '0', '0'),
('146575286916-3660-HUM-76BAN-102', '1465752869', '16-3660-HUM-76', 'XII-CLASS', 'BAN-102', '0', '0'),
('146575285116-3180-HUM-21BAN-101', '1465752851', '16-3180-HUM-21', 'XI-CLASS', 'BAN-101', '0', '0'),
('146575285116-3180-HUM-21ENG-107', '1465752851', '16-3180-HUM-21', 'XI-CLASS', 'ENG-107', '0', '0'),
('146575285116-3180-HUM-21ICT-275', '1465752851', '16-3180-HUM-21', 'XI-CLASS', 'ICT-275', '0', '0'),
('146575285116-3180-HUM-21ECO:109', '1465752851', '16-3180-HUM-21', 'XI-CLASS', 'ECO:109', '1', '0'),
('146575285116-3180-HUM-21CIV-269', '1465752851', '16-3180-HUM-21', 'XI-CLASS', 'CIV-269', '1', '0'),
('146575285116-3180-HUM-21SOW-271', '1465752851', '16-3180-HUM-21', 'XI-CLASS', 'SOW-271', '1', '0'),
('146575285116-3180-HUM-21ISH-267', '1465752851', '16-3180-HUM-21', 'XI-CLASS', 'ISH-267', '0', '1'),
('146575285116-3180-HUM-21BAN-102', '1465752851', '16-3180-HUM-21', 'XII-CLASS', 'BAN-102', '0', '0'),
('146575285116-3180-HUM-21ENG-108', '1465752851', '16-3180-HUM-21', 'XII-CLASS', 'ENG-108', '0', '0'),
('146575285116-3180-HUM-21ICT:275', '1465752851', '16-3180-HUM-21', 'XII-CLASS', 'ICT:275', '0', '0'),
('146575285116-3180-HUM-21ECO:110', '1465752851', '16-3180-HUM-21', 'XII-CLASS', 'ECO:110', '1', '0'),
('146575285116-3180-HUM-21CIV-270', '1465752851', '16-3180-HUM-21', 'XII-CLASS', 'CIV-270', '1', '0'),
('146575285116-3180-HUM-21SOW-272', '1465752851', '16-3180-HUM-21', 'XII-CLASS', 'SOW-272', '1', '0'),
('146575285116-3180-HUM-21ISH-268', '1465752851', '16-3180-HUM-21', 'XII-CLASS', 'ISH-268', '0', '1'),
('146575282716-2179-BUS-91MKT-286', '1465752827', '16-2179-BUS-91', 'XI-CLASS', 'MKT-286', '0', '1'),
('146575282716-2179-BUS-91FIN-292', '1465752827', '16-2179-BUS-91', 'XI-CLASS', 'FIN-292', '1', '0'),
('146575282716-2179-BUS-91BPP-277', '1465752827', '16-2179-BUS-91', 'XI-CLASS', 'BPP-277', '1', '0'),
('146575282716-2179-BUS-91ACT-253', '1465752827', '16-2179-BUS-91', 'XI-CLASS', 'ACT-253', '1', '0'),
('146575282716-2179-BUS-91ICT-275', '1465752827', '16-2179-BUS-91', 'XI-CLASS', 'ICT-275', '0', '0'),
('146575282716-2179-BUS-91ENG-107', '1465752827', '16-2179-BUS-91', 'XI-CLASS', 'ENG-107', '0', '0'),
('146575282716-2179-BUS-91BAN-101', '1465752827', '16-2179-BUS-91', 'XI-CLASS', 'BAN-101', '0', '0'),
('146575282716-2179-BUS-91MKT-287', '1465752827', '16-2179-BUS-91', 'XII-CLASS', 'MKT-287', '0', '1'),
('146575282716-2179-BUS-91FIN-293', '1465752827', '16-2179-BUS-91', 'XII-CLASS', 'FIN-293', '1', '0'),
('146575282716-2179-BUS-91BPP-278', '1465752827', '16-2179-BUS-91', 'XII-CLASS', 'BPP-278', '1', '0'),
('146575282716-2179-BUS-91ACT-254', '1465752827', '16-2179-BUS-91', 'XII-CLASS', 'ACT-254', '1', '0'),
('146575282716-2179-BUS-91ICT:275', '1465752827', '16-2179-BUS-91', 'XII-CLASS', 'ICT:275', '0', '0'),
('146575282716-2179-BUS-91ENG-108', '1465752827', '16-2179-BUS-91', 'XII-CLASS', 'ENG-108', '0', '0'),
('146575282716-2179-BUS-91BAN-102', '1465752827', '16-2179-BUS-91', 'XII-CLASS', 'BAN-102', '0', '0'),
('146575285116-3010-HUM-68ENG-107', '1465752851', '16-3010-HUM-68', 'XI-CLASS', 'ENG-107', '0', '0'),
('146575285116-3010-HUM-68BAN-101', '1465752851', '16-3010-HUM-68', 'XI-CLASS', 'BAN-101', '0', '0'),
('146575286916-3651-HUM-58SOS-117', '1465752869', '16-3651-HUM-58', 'XI-CLASS', 'SOS-117', '0', '1'),
('146575286916-3651-HUM-58ISH-267', '1465752869', '16-3651-HUM-58', 'XI-CLASS', 'ISH-267', '1', '0'),
('146575286916-3651-HUM-58ECO:109', '1465752869', '16-3651-HUM-58', 'XI-CLASS', 'ECO:109', '1', '0'),
('146575286916-3651-HUM-58BAN-101', '1465752869', '16-3651-HUM-58', 'XI-CLASS', 'BAN-101', '0', '0'),
('146575286916-3651-HUM-58ENG-107', '1465752869', '16-3651-HUM-58', 'XI-CLASS', 'ENG-107', '0', '0'),
('146575286916-3651-HUM-58ICT-275', '1465752869', '16-3651-HUM-58', 'XI-CLASS', 'ICT-275', '0', '0'),
('146575286916-3651-HUM-58CIV-269', '1465752869', '16-3651-HUM-58', 'XI-CLASS', 'CIV-269', '1', '0'),
('146575282716-2615-BUS-11ENG-107', '1465752827', '16-2615-BUS-11', 'XI-CLASS', 'ENG-107', '0', '0'),
('146575282716-2615-BUS-11BAN-101', '1465752827', '16-2615-BUS-11', 'XI-CLASS', 'BAN-101', '0', '0'),
('146575282716-2648-BUS-08MKT-286', '1465752827', '16-2648-BUS-08', 'XI-CLASS', 'MKT-286', '0', '1'),
('144423436815-2002-5023739ENG-108', '1444234368', '15-2002-5023739', 'XII-CLASS', 'ENG-108', '0', '0'),
('144423436815-2002-5023739BAN-102', '1444234368', '15-2002-5023739', 'XII-CLASS', 'BAN-102', '0', '0'),
('146575286916-3651-HUM-58SOS-118', '1465752869', '16-3651-HUM-58', 'XII-CLASS', 'SOS-118', '0', '1'),
('146575286916-3651-HUM-58BAN-102', '1465752869', '16-3651-HUM-58', 'XII-CLASS', 'BAN-102', '0', '0'),
('146575286916-3651-HUM-58ENG-108', '1465752869', '16-3651-HUM-58', 'XII-CLASS', 'ENG-108', '0', '0'),
('146575286916-3651-HUM-58ICT:275', '1465752869', '16-3651-HUM-58', 'XII-CLASS', 'ICT:275', '0', '0'),
('146575286916-3651-HUM-58CIV-270', '1465752869', '16-3651-HUM-58', 'XII-CLASS', 'CIV-270', '1', '0'),
('146575286916-3651-HUM-58ECO:110', '1465752869', '16-3651-HUM-58', 'XII-CLASS', 'ECO:110', '1', '0'),
('146575286916-3651-HUM-58ISH-268', '1465752869', '16-3651-HUM-58', 'XII-CLASS', 'ISH-268', '1', '0'),
('146575285116-3175-HUM-60ISS-249', '1465752851', '16-3175-HUM-60', 'XI-CLASS', 'ISS-249', '0', '1'),
('146575285116-3175-HUM-60SOW-271', '1465752851', '16-3175-HUM-60', 'XI-CLASS', 'SOW-271', '1', '0'),
('146575285116-3175-HUM-60ISH-267', '1465752851', '16-3175-HUM-60', 'XI-CLASS', 'ISH-267', '1', '0'),
('146575285116-3175-HUM-60CIV-269', '1465752851', '16-3175-HUM-60', 'XI-CLASS', 'CIV-269', '1', '0'),
('146575285116-3175-HUM-60ICT-275', '1465752851', '16-3175-HUM-60', 'XI-CLASS', 'ICT-275', '0', '0'),
('146575285116-3175-HUM-60ENG-107', '1465752851', '16-3175-HUM-60', 'XI-CLASS', 'ENG-107', '0', '0'),
('146575285116-3175-HUM-60BAN-101', '1465752851', '16-3175-HUM-60', 'XI-CLASS', 'BAN-101', '0', '0'),
('146575285116-3175-HUM-60ISS-250', '1465752851', '16-3175-HUM-60', 'XII-CLASS', 'ISS-250', '0', '1'),
('146575285116-3175-HUM-60SOW-272', '1465752851', '16-3175-HUM-60', 'XII-CLASS', 'SOW-272', '1', '0'),
('146575285116-3175-HUM-60ISH-268', '1465752851', '16-3175-HUM-60', 'XII-CLASS', 'ISH-268', '1', '0'),
('146575285116-3175-HUM-60CIV-270', '1465752851', '16-3175-HUM-60', 'XII-CLASS', 'CIV-270', '1', '0'),
('146575285116-3175-HUM-60ICT:275', '1465752851', '16-3175-HUM-60', 'XII-CLASS', 'ICT:275', '0', '0'),
('146575285116-3175-HUM-60ENG-108', '1465752851', '16-3175-HUM-60', 'XII-CLASS', 'ENG-108', '0', '0'),
('146575285116-3175-HUM-60BAN-102', '1465752851', '16-3175-HUM-60', 'XII-CLASS', 'BAN-102', '0', '0'),
('146575286916-3163-HUM-67BAN-101', '1465752869', '16-3163-HUM-67', 'XI-CLASS', 'BAN-101', '0', '0'),
('146575286916-3163-HUM-67ENG-107', '1465752869', '16-3163-HUM-67', 'XI-CLASS', 'ENG-107', '0', '0'),
('146575286916-3163-HUM-67ICT-275', '1465752869', '16-3163-HUM-67', 'XI-CLASS', 'ICT-275', '0', '0'),
('146575286916-3163-HUM-67CIV-269', '1465752869', '16-3163-HUM-67', 'XI-CLASS', 'CIV-269', '1', '0'),
('146575286916-3163-HUM-67ISH-267', '1465752869', '16-3163-HUM-67', 'XI-CLASS', 'ISH-267', '1', '0'),
('146575286916-3163-HUM-67SOW-271', '1465752869', '16-3163-HUM-67', 'XI-CLASS', 'SOW-271', '1', '0'),
('146575286916-3163-HUM-67ECO:109', '1465752869', '16-3163-HUM-67', 'XI-CLASS', 'ECO:109', '0', '1'),
('146575286916-3163-HUM-67BAN-102', '1465752869', '16-3163-HUM-67', 'XII-CLASS', 'BAN-102', '0', '0'),
('146575286916-3163-HUM-67ENG-108', '1465752869', '16-3163-HUM-67', 'XII-CLASS', 'ENG-108', '0', '0'),
('146575286916-3163-HUM-67ICT:275', '1465752869', '16-3163-HUM-67', 'XII-CLASS', 'ICT:275', '0', '0'),
('146575286916-3163-HUM-67CIV-270', '1465752869', '16-3163-HUM-67', 'XII-CLASS', 'CIV-270', '1', '0'),
('146575286916-3163-HUM-67ISH-268', '1465752869', '16-3163-HUM-67', 'XII-CLASS', 'ISH-268', '1', '0'),
('146575286916-3163-HUM-67SOW-272', '1465752869', '16-3163-HUM-67', 'XII-CLASS', 'SOW-272', '1', '0'),
('146575286916-3163-HUM-67ECO:110', '1465752869', '16-3163-HUM-67', 'XII-CLASS', 'ECO:110', '0', '1');

-- --------------------------------------------------------

--
-- Table structure for table `currentsemestertable`
--

CREATE TABLE `currentsemestertable` (
  `currentsemesterid` varchar(1000) NOT NULL,
  `currentsemestername` varchar(1000) NOT NULL
) ENGINE=MyISAM DEFAULT CHARSET=latin1;

--
-- Dumping data for table `currentsemestertable`
--

INSERT INTO `currentsemestertable` (`currentsemesterid`, `currentsemestername`) VALUES
('XII-CLASS', 'XII-CLASS'),
('XI-CLASS', 'XI CLASS'),
('1STY', '1ST YEAR');

-- --------------------------------------------------------

--
-- Table structure for table `deptinfotable`
--

CREATE TABLE `deptinfotable` (
  `id` int(11) NOT NULL,
  `deptname` varchar(200) NOT NULL,
  `headinfo` varchar(1000) NOT NULL,
  `headmsg` varchar(20000) NOT NULL,
  `image` varchar(200) NOT NULL,
  `slide1` varchar(200) NOT NULL,
  `slide2` varchar(200) NOT NULL
) ENGINE=MyISAM DEFAULT CHARSET=latin1;

--
-- Dumping data for table `deptinfotable`
--

INSERT INTO `deptinfotable` (`id`, `deptname`, `headinfo`, `headmsg`, `image`, `slide1`, `slide2`) VALUES
(1, 'Botany', 'FARIDA YASMIN', 'Department of Botany is one of the most prominent department belonging to Comilla Victoria Govt. college generally known as an ancient educational institute in Bangladesh. Department of Botany started its journey as a part of Biology department during the beginning of science faculty at the college. In 1962 two individual department named as Department of Botany and Department of Zoology were created from Biology Department and consequently Botany was included as one of the non- mandatory subjects in Degree (pass) course. Decentralization of higher education took place through introducing Honours and Masters courses at various colleges after National University was established. At first in session 1994-95 Masters part -1 was run from Department of Botany at Comilla Victoria Govt. College. Successively from the session 1995-96 Masters Final part and Honours course from the session 1996-97 was run with success. Although the number of seats for Masters part-1 and Honorus 1st year was 50 respectively during establishment of the department, but presently the number of seats for Honours 1st year has been extended to 150.The number of the posts for Associate Professor, Assistant Professor ,Lecturer and demonstrator is 02,01,02 and 01 respectively in the department of Botany. An office assistant and two M.L.S.S are in employment on a private basis . Inspite of the limited number of man power, teaching programs are being conducted for 570 students. There are sufficient equipment in the three laboratories from H.S.C to Masters Final and necessary books are provided to the students through a seminar library. The academic performance of the student of H.S.C, Honours and Masters is fairly satisfactory in the department of Botany. Besides academic programs the students of the department fate part in various co-curricular activities spontaneously Study tours are organized for the students studying in different sessions. The students of the department participate in sports, cultural competitions, debating, scouting and B.N.C.C activities . If the necessary post for teachers are created according to the recommendation of ANAM committee, teaching programs will be more effective and I believe that the student of this department will be able to make themselves responsible citizens by obtaining high quality education.', 'images/headBotany.jpg', 'images/slider/botany-s1.png', 'images/slider/botany-s2.png'),
(2, 'Chemistry', '', 'Besides academic programs the students of the department fate part in various co-curricular activities spontaneously Study tours are organized for the students studying in different sessions. The students of the department participate in sports, cultural competitions, debating, scouting and B.N.C.C activities . If the necessary post for teachers are created according to the recommendation of ANAM committee, teaching programs will be more effective and I believe that the student of this department will be able to make themselves responsible citizens by obtaining high quality education.', '', '', ''),
(3, 'Mathematics', 'Dr. Abu Zafor Khan, <br>Associate Professor', ' Greetings! On behalf of the Department, staff, and students of the Department of Mathematics at Comilla Victoria Govt. College, we welcome you! I am really happy of the exciting time for computer scientists since the discipline is widely recognized as an essential source of tools and techniques for advancements in nearly all spheres of human endeavor. Our Department was founded in 1899 at the same time of the college in which honors course in 1996. Ever since the aspiration of creating new dimensions, the department has grown to good number of students.  Mission Statement In order to prepare undergrad and graduate students for productive careers in academia, as well as government by providing an excellent environment for teaching, learning, and in computing and information technology. In particular, we aim:  To produce highly qualified and well-rounded graduate possessing fundamental knowledge of mathematics and information technology who can provide leadership and service to Bangladesh and the world. To develop strong partnerships with industrial and government and non-govt. agencies, professional societies, and local communities. Educational Objectives The academic objectives of the Department of Mathematics is to provide outstanding education and manner that:  Promote a philosophy of learning with the development of a diverse mathematics student body to be prepared for their specific profession, for advanced studies and careers in different field with multidisciplinary knowledge Provide a stimulating academic environment for individuals who, in both industry and academia, will be leaders in the demonstration of professional skills and of the development of new technology for the benefit of society We welcome you to skim through the College web site at www.cvgc.net.bd Whether you are a student, a parent, alumni, an employer, or a colleague, we want to hear from you. Your comments and suggestions will help us move to the next level and provide us with encouragement to maintain excellence.', 'images/headMath.jpg', '', ''),
(4, 'Physics', '', 'Besides academic programs the students of the department fate part in various co-curricular activities spontaneously Study tours are organized for the students studying in different sessions. The students of the department participate in sports, cultural competitions, debating, scouting and B.N.C.C activities . If the necessary post for teachers are created according to the recommendation of ANAM committee, teaching programs will be more effective and I believe that the student of this department will be able to make themselves responsible citizens by obtaining high quality education.', 'images/headPhysics.jpg', '', ''),
(5, 'Statistics', '', 'Besides academic programs the students of the department fate part in various co-curricular activities spontaneously Study tours are organized for the students studying in different sessions. The students of the department participate in sports, cultural competitions, debating, scouting and B.N.C.C activities . If the necessary post for teachers are created according to the recommendation of ANAM committee, teaching programs will be more effective and I believe that the student of this department will be able to make themselves responsible citizens by obtaining high quality education.', '', '', ''),
(6, 'Zoology', '', 'The department of Zoology in Comilla Victoria Govt. College was established in 1962 and after the establishment of National University, Honours course was started in 1996. From the beginning of this department the results of graduate and post-graduate level is praiseworthy which has been possible only by the hard labour, sincerity and well communication between the teachers and the students. My strong expectation is that the department will follow its glorious performance continuously.', 'images/headZoology.jpg', '', ''),
(7, 'ArabicAndIslamicStudies', 'Md. Farid Ahmed Mazumder', 'Arabic was one of the major Honours subjects that existed in this college from 1925 to the partition of Indian subcontinent in 1947. Professionals having honours degree in this subject from this college contributed a lot to the development of life style of the people of this area in the light of the holy Quran & Sunnah .   As a result  the people of this area are still away from religious narrowness and superstition. With the passage of time though Honours courses were introduced in many subjects but Arabic lost it’s tradition and was kept limited in the Intermediate level & in degree pass course.   In 1997 with the leadership of college Principal Professor Ahmed Fazlul Kabir Honours Course in Islamic Studies was  re introduced from the session 1997-1998. Masters final course was permitted in 2000-2001 with students of   1st batch. With the inaugural of Masters in Islamic Studies in 2000-2001 till today 10 batches of honours & 9 batches of Masters passed out successfully. They are contributing a lot in the development of the country. They are holding important posts and playing vital role in administration', 'images/headArabicAndIslamicStudies.gif', '', ''),
(8, 'Bangla', '', ' Besides academic programs the students of the department fate part in various co-curricular activities spontaneously Study tours are organized for the students studying in different sessions. The students of the department participate in sports, cultural competitions, debating, scouting and B.N.C.C activities . If the necessary post for teachers are created according to the recommendation of ANAM committee, teaching programs will be more effective and I believe that the student of this department will be able to make themselves responsible citizens by obtaining high quality education.', '', '', ''),
(9, 'English', 'Professor Ziauddin Ahmad', 'It\'s been a great pleasure to learn that the department of English is going to launch an inter-active website with a view to sharing and communicating its on-going activities internationally open to all the teachers, students and our other stake-holders. By introducing this website the department from now on will be an artery of all the academic and extracurricular activities. Blogs, e-mails other social networking sites will also be a medium of communication for the interaction of the students of the department. This will definitely speed up the e-learning and inter-communication in home and abroad.  English as a major subject in Victoria College launched in 1994 with the then Head Mr. Abdul Mannan, Associate professor of English. From that time onwards, the department is engaged with all kinds of academic and other extra-curricular activities with a spree of enthusiasm. There is no looking back and efforts are being made to make the department an arena of Education and other co-curricular activities keeping pace with the international standard.  I strongly hope and believe that the students will now be more engaged to learning and interacting activities prior to future advancement. I am thankful to the Principal and teaching staff of the department for their continuous support and co-operation they are paying every now and then to make the department a success in all respects. I am also quite hopeful that the interactive website of the English department will be providing adequate support for the enhancement of the learning and e-learning activities both internally and externally. This will certainly enhance the bulk of information technology and widen the horizon of learning in the Department of English. I wish its all-out success.', 'images/headEnglish.jpg', '', ''),
(10, 'History', 'Rehana Yeasmin', ' History is a scientific study and a lively picture of the whole past of mankind. History means a refreshing proved data of the origin of mankind on earth and evolution gradual development of civilization and the beginning of society and state .History is the root of all kinds of studies. No nation, subject and race can not be imagined without history. A nation having the sense of honour cherishes its history and heritage. It is possible to arouse patriotism and nationalism among a nation centering round its history and heritage. So history is one of the most important and widely known of the present world.  Comilla Victoria Govt. College is a traditional college of this region. Roy Bahadur Anandachandra Roy established this college in 1899. after the name of the British Queen Victoria. From the very beginning history was one of the most remarkable subjects of higher Secondary section. Later on it was included as a major subject of Degree pass course and from 1994-1995 session in M.A(part-1) course. From 1995-1996 session it was included in M.A(final) year under National University. In 1996-1997 session 50 students got admitted into Hon’s first year. At present there are 210 students in Hon’s first year. Although the department started with 50 students, at the total number of students is more than nine hundred. Even the result of this department is satisfactory.  Every year the students of History Department go on study tour to visit different historical places. Besides regular academic activities the students of history department take part in different cultural and co-curriculum activities of the college. Among them V.C.D.S., B.N.C.C and Rover Scout are specially mentionable. The students of this department actively and successfully participate in the annual sports of the college. Besides the students of this department have become Champion even in national level. At present four teachers a clerk and a peon work in this department the department is conducting its academic activities with the helps of an Associate Professor, an Assistant Professor and two lecturers.  From the beginning till today the department nicely and successfully. As the Head of the Department ,I wish all round success and prosperity of this department.', 'images/headHistory.jpg', '', ''),
(11, 'IslamicHistoryAndCulture', 'Rowsan Ara<br>Associate Professor', ' Welcome to the Department of Islamic History and Culture in Comilla Victoria Govt. College. This Department started its Honours course from the session in 1993-94. The department is situated at Millennium Building in Dharmapur. It has three class room, one seminar room and a library room. One associate professor, one assistant professor and three lecturers are teaching in the department at present. One assistant professor is attached and a post of a lecturer is vacant at present. About 1337 students are studing in the department. There are about 1483 books in the department`s library. An office assistant and an MLSS are working in the department. Masters preliminary and Masters Final Course is successfully running From the beginning of this department. The result of Honours and Masters level is satisfactory which has been possible only by the lard labour, sincerity and good communication between the teachers and the student. Shortage of teachers is hampered total academic progress at present. If three can be created more posts in the department, the students will be highly benefitted. The department provides multimedia computer, internet connection, two sound systems a microphone and a telephone connection. My strong desire is that the department will follow its glorious performance in the days coming ahead.', 'images/headIslamicHistoryAndCulture.jpg', '', ''),
(12, 'Philosophy', 'Md.Rafiqul Islam<br> Associate Professor', ' I feel very proud and pleasure to know the information that the authority of the Comilla Victoria Govt. College has been starting an “Interactive web site ” to connect individual web page for each of the department of the institution.It will also connect my philosophy department with the modern-ITC world. It will bring to us a glorious activities in academic and administrative  field of the college.  Each of the subject has it’s own philosophy without which it cannot reach the proper goal. Keeping this target in mind philosophy was introduced in this famous college in 1996 as an honours subject.  At present more than one thousand students are studying in the department of philosophy including B.A(Pass),B.A(Hons),M.A Part-1 and M.A Part-2.  There are four teachers and one departmental assistant.They are serving very smoothly in the department of philosophy.The result of the students and performance of the teachers of this department are really good and shinefull.', '', '', ''),
(13, 'Sanskrit', '', 'Besides academic programs the students of the department fate part in various co-curricular activities spontaneously Study tours are organized for the students studying in different sessions. The students of the department participate in sports, cultural competitions, debating, scouting and B.N.C.C activities . If the necessary post for teachers are created according to the recommendation of ANAM committee, teaching programs will be more effective and I believe that the student of this department will be able to make themselves responsible citizens by obtaining high quality education.', '', '', ''),
(14, 'Urdu', '', 'Besides academic programs the students of the department fate part in various co-curricular activities spontaneously Study tours are organized for the students studying in different sessions. The students of the department participate in sports, cultural competitions, debating, scouting and B.N.C.C activities . If the necessary post for teachers are created according to the recommendation of ANAM committee, teaching programs will be more effective and I believe that the student of this department will be able to make themselves responsible citizens by obtaining high quality education.', '', '', ''),
(15, 'Economics', '', 'Besides academic programs the students of the department fate part in various co-curricular activities spontaneously Study tours are organized for the students studying in different sessions. The students of the department participate in sports, cultural competitions, debating, scouting and B.N.C.C activities . If the necessary post for teachers are created according to the recommendation of ANAM committee, teaching programs will be more effective and I believe that the student of this department will be able to make themselves responsible citizens by obtaining high quality education.', '', '', ''),
(16, 'Sociology', '', 'The Department of Sociology was established at the Comilla Victoria College as early as 1993 (academic session of Masters preliminary 1993-94). and after one year the students of this session allowed to complete Master’s final (academic session 1994-95). B.S.S (Hons) has been run since 1997, Professor Mst.Momena Akter khodeja was the founder chairmen of this department. Therefore, I am pleased to welcome to the website of the Department of Sociology at Victoria College, Comilla, Bangladesh. Department of sociology offers a unique opportunity of knowledge. The B.S.S. and M.S.S courses are conducted under the guidance of National University, Bangladesh and the H.S.C course curriculum is provided by NCTB and controlled by Comilla board. The teachers are responsible for conducting class, taking internal examinations and their services are controlled by government service rules of the people’s republic of Bangladesh. Here, I am pleased to provide information about the current and prospective students, faculty and staff, and curricula of the department. This website is updated with news, events and announcements relevant to the discipline of Sociology. I hope you find your visit a pleasant one. The Department strives to give students a diverse exposure to and understanding of sociology, offering 30 more courses, ranging from Theoretical Sociology to Criminology. Over the years, the department has put strong emphasis both to the theoretical and practical preparation of its students.', '', '', ''),
(17, 'SocialWork', '', 'Welcome in the Department of Social work of Comilla Victoria Govt. college. This department started its journey under National University in the session of 1994-1995 by admitting 50 students in Masters preliminary course. Honors & Masters courses in social welfare were offered only in Dhaka and Rajshahi University till 1990. Higher education in social welfare was extended after the establishment of National University.  Full pledged activities of social work department was started with admission of students in Masters preliminary in 1994-1995, Masters final in 1995-1996, Honors in 1996-1997 in Comilla Victoria Govt. college. Department of Social work is working as one of the most demanding department with 1800 students, 5 full time teacher & 3 part time teachers & 2 office staff. From the session 2004-2005 social welfare department named as social work department.  Social work is a helping profession and applied social science. The knowledge of social work is applied for solving Psycho-social problem. Professional Social worker can play an effective role to solve various social problem. In developed countries Social work is recognized as profession. But for some limitation Social work could not achieved the status of profession in Bangladesh.  The students of this department have to go through long 60 working days Field work activities. The relation between student and teacher become friendly through this Field work. Along with participating in class the students also take part in many co-curricular activities like study tour, games, sports and cultural competition, scouting, BNCC, debate etc.  I hope the glorious success of the department will be continued with the help of all teachers, students and staffs despite of some limitation.', 'images/headSocialWork.jpg', '', ''),
(18, 'Accounting', '', 'Besides academic programs the students of the department fate part in various co-curricular activities spontaneously Study tours are organized for the students studying in different sessions. The students of the department participate in sports, cultural competitions, debating, scouting and B.N.C.C activities . If the necessary post for teachers are created according to the recommendation of ANAM committee, teaching programs will be more effective and I believe that the student of this department will be able to make themselves responsible citizens by obtaining high quality education.', '', '', ''),
(19, 'Management', '', '', 'images/headManagement.jpg', '', '');

-- --------------------------------------------------------

--
-- Table structure for table `differentformtable`
--

CREATE TABLE `differentformtable` (
  `date` varchar(100) NOT NULL,
  `userid` varchar(100) NOT NULL,
  `dept` varchar(100) NOT NULL,
  `sectionid` varchar(100) NOT NULL,
  `title` varchar(1000) NOT NULL,
  `link` varchar(1000) NOT NULL,
  `content` varchar(10000) NOT NULL,
  `visitor` varchar(100) NOT NULL,
  `displaytop` varchar(100) NOT NULL
) ENGINE=MyISAM DEFAULT CHARSET=latin1;

-- --------------------------------------------------------

--
-- Table structure for table `examinfo`
--

CREATE TABLE `examinfo` (
  `examid` varchar(100) NOT NULL,
  `classid` varchar(100) NOT NULL,
  `examname` varchar(1000) NOT NULL,
  `copypermission` varchar(10) NOT NULL
) ENGINE=MyISAM DEFAULT CHARSET=latin1;

--
-- Dumping data for table `examinfo`
--

INSERT INTO `examinfo` (`examid`, `classid`, `examname`, `copypermission`) VALUES
('PRETEST', 'XI-CLASS', 'PRETEST', ''),
('1ST-Y-A', 'XI-CLASS', '1ST YEAR ANNUAL', ''),
('1ST-Y-HY', 'XI-CLASS', '1ST YEAR HALF YEARLY', ''),
('TEST', 'XI-CLASS', 'TEST', '');

-- --------------------------------------------------------

--
-- Table structure for table `examreg`
--

CREATE TABLE `examreg` (
  `examregid` varchar(100) NOT NULL,
  `sectionid` varchar(100) NOT NULL,
  `currentsemesterid` varchar(100) NOT NULL,
  `examid` varchar(1000) NOT NULL
) ENGINE=MyISAM DEFAULT CHARSET=latin1;

--
-- Dumping data for table `examreg`
--

INSERT INTO `examreg` (`examregid`, `sectionid`, `currentsemesterid`, `examid`) VALUES
('1443601264XI-CLASS1ST-Y-A', '1443601264', 'XI-CLASS', '1ST-Y-A'),
('1443601241XI-CLASS1ST-Y-A', '1443601241', 'XI-CLASS', '1ST-Y-A'),
('1443601264XI-CLASS1ST-Y-HY', '1443601264', 'XI-CLASS', '1ST-Y-HY'),
('1443601241XI-CLASS1ST-Y-HY', '1443601241', 'XI-CLASS', '1ST-Y-HY'),
('1443601264XI-CLASSPRETEST', '1443601264', 'XI-CLASS', 'PRETEST'),
('1443601241XI-CLASSPRETEST', '1443601241', 'XI-CLASS', 'PRETEST'),
('1443601264XI-CLASSTEST', '1443601264', 'XI-CLASS', 'TEST'),
('1443601241XI-CLASSTEST', '1443601241', 'XI-CLASS', 'TEST'),
('1443707107XI-CLASS1ST-Y-A', '1443707107', 'XI-CLASS', '1ST-Y-A'),
('1443707107XI-CLASS1ST-Y-HY', '1443707107', 'XI-CLASS', '1ST-Y-HY'),
('1443707107XI-CLASSPRETEST', '1443707107', 'XI-CLASS', 'PRETEST'),
('1443707107XI-CLASSTEST', '1443707107', 'XI-CLASS', 'TEST'),
('1443707129XI-CLASS1ST-Y-A', '1443707129', 'XI-CLASS', '1ST-Y-A'),
('1443707129XI-CLASS1ST-Y-HY', '1443707129', 'XI-CLASS', '1ST-Y-HY'),
('1443707129XI-CLASSPRETEST', '1443707129', 'XI-CLASS', 'PRETEST'),
('1443707129XI-CLASSTEST', '1443707129', 'XI-CLASS', 'TEST'),
('1443978386XI-CLASS1ST-Y-A', '1443978386', 'XI-CLASS', '1ST-Y-A'),
('1444234342XI-CLASS1ST-Y-A', '1444234342', 'XI-CLASS', '1ST-Y-A'),
('1444234357XI-CLASS1ST-Y-A', '1444234357', 'XI-CLASS', '1ST-Y-A'),
('1444234368XI-CLASS1ST-Y-A', '1444234368', 'XI-CLASS', '1ST-Y-A'),
('1444234382XI-CLASS1ST-Y-A', '1444234382', 'XI-CLASS', '1ST-Y-A'),
('1444234393XI-CLASS1ST-Y-A', '1444234393', 'XI-CLASS', '1ST-Y-A'),
('1443978386XI-CLASS1ST-Y-HY', '1443978386', 'XI-CLASS', '1ST-Y-HY'),
('1444234342XI-CLASS1ST-Y-HY', '1444234342', 'XI-CLASS', '1ST-Y-HY'),
('1444234357XI-CLASS1ST-Y-HY', '1444234357', 'XI-CLASS', '1ST-Y-HY'),
('1444234368XI-CLASS1ST-Y-HY', '1444234368', 'XI-CLASS', '1ST-Y-HY'),
('1444234382XI-CLASS1ST-Y-HY', '1444234382', 'XI-CLASS', '1ST-Y-HY'),
('1444234393XI-CLASS1ST-Y-HY', '1444234393', 'XI-CLASS', '1ST-Y-HY'),
('1443978386XI-CLASSPRETEST', '1443978386', 'XI-CLASS', 'PRETEST'),
('1444234342XI-CLASSPRETEST', '1444234342', 'XI-CLASS', 'PRETEST'),
('1444234357XI-CLASSPRETEST', '1444234357', 'XI-CLASS', 'PRETEST'),
('1444234368XI-CLASSPRETEST', '1444234368', 'XI-CLASS', 'PRETEST'),
('1444234382XI-CLASSPRETEST', '1444234382', 'XI-CLASS', 'PRETEST'),
('1444234393XI-CLASSPRETEST', '1444234393', 'XI-CLASS', 'PRETEST'),
('1443978386XI-CLASSTEST', '1443978386', 'XI-CLASS', 'TEST'),
('1444234342XI-CLASSTEST', '1444234342', 'XI-CLASS', 'TEST'),
('1444234357XI-CLASSTEST', '1444234357', 'XI-CLASS', 'TEST'),
('1444234368XI-CLASSTEST', '1444234368', 'XI-CLASS', 'TEST'),
('1444234382XI-CLASSTEST', '1444234382', 'XI-CLASS', 'TEST'),
('1444234393XI-CLASSTEST', '1444234393', 'XI-CLASS', 'TEST'),
('1444234417XI-CLASS1ST-Y-A', '1444234417', 'XI-CLASS', '1ST-Y-A'),
('1444234417XI-CLASS1ST-Y-HY', '1444234417', 'XI-CLASS', '1ST-Y-HY'),
('1444234417XI-CLASSPRETEST', '1444234417', 'XI-CLASS', 'PRETEST'),
('1444234417XI-CLASSTEST', '1444234417', 'XI-CLASS', 'TEST'),
('1444234428XI-CLASS1ST-Y-A', '1444234428', 'XI-CLASS', '1ST-Y-A'),
('1444234428XI-CLASS1ST-Y-HY', '1444234428', 'XI-CLASS', '1ST-Y-HY'),
('1444234428XI-CLASSPRETEST', '1444234428', 'XI-CLASS', 'PRETEST'),
('1444234428XI-CLASSTEST', '1444234428', 'XI-CLASS', 'TEST'),
('1465752781XI-CLASS1ST-Y-HY', '1465752781', 'XI-CLASS', '1ST-Y-HY'),
('1465752795XI-CLASS1ST-Y-HY', '1465752795', 'XI-CLASS', '1ST-Y-HY'),
('1465752811XI-CLASS1ST-Y-HY', '1465752811', 'XI-CLASS', '1ST-Y-HY'),
('1465752827XI-CLASS1ST-Y-HY', '1465752827', 'XI-CLASS', '1ST-Y-HY'),
('1465752851XI-CLASS1ST-Y-HY', '1465752851', 'XI-CLASS', '1ST-Y-HY'),
('1465752869XI-CLASS1ST-Y-HY', '1465752869', 'XI-CLASS', '1ST-Y-HY'),
('1465752781XI-CLASS1ST-Y-A', '1465752781', 'XI-CLASS', '1ST-Y-A'),
('1465752795XI-CLASS1ST-Y-A', '1465752795', 'XI-CLASS', '1ST-Y-A'),
('1465752811XI-CLASS1ST-Y-A', '1465752811', 'XI-CLASS', '1ST-Y-A'),
('1465752827XI-CLASS1ST-Y-A', '1465752827', 'XI-CLASS', '1ST-Y-A'),
('1465752851XI-CLASS1ST-Y-A', '1465752851', 'XI-CLASS', '1ST-Y-A'),
('1465752869XI-CLASS1ST-Y-A', '1465752869', 'XI-CLASS', '1ST-Y-A'),
('1443978386XII-CLASS5', '1443978386', 'XII-CLASS', '5'),
('1444234342XII-CLASS5', '1444234342', 'XII-CLASS', '5'),
('1444234357XII-CLASS5', '1444234357', 'XII-CLASS', '5'),
('1444234368XII-CLASS5', '1444234368', 'XII-CLASS', '5'),
('1444234382XII-CLASS5', '1444234382', 'XII-CLASS', '5'),
('1444234393XII-CLASS5', '1444234393', 'XII-CLASS', '5'),
('1465752869XI-CLASSPRETEST', '1465752869', 'XI-CLASS', 'PRETEST'),
('1465752851XI-CLASSPRETEST', '1465752851', 'XI-CLASS', 'PRETEST'),
('1465752827XI-CLASSPRETEST', '1465752827', 'XI-CLASS', 'PRETEST'),
('1465752811XI-CLASSPRETEST', '1465752811', 'XI-CLASS', 'PRETEST'),
('1465752795XI-CLASSPRETEST', '1465752795', 'XI-CLASS', 'PRETEST'),
('1465752781XI-CLASSPRETEST', '1465752781', 'XI-CLASS', 'PRETEST'),
('1465752869XI-CLASSTEST', '1465752869', 'XI-CLASS', 'TEST'),
('1465752851XI-CLASSTEST', '1465752851', 'XI-CLASS', 'TEST'),
('1465752827XI-CLASSTEST', '1465752827', 'XI-CLASS', 'TEST'),
('1465752811XI-CLASSTEST', '1465752811', 'XI-CLASS', 'TEST'),
('1465752795XI-CLASSTEST', '1465752795', 'XI-CLASS', 'TEST'),
('1465752781XI-CLASSTEST', '1465752781', 'XI-CLASS', 'TEST');

-- --------------------------------------------------------

--
-- Table structure for table `keywords`
--

CREATE TABLE `keywords` (
  `page` varchar(1000) NOT NULL,
  `title` varchar(2000) NOT NULL,
  `description` varchar(2000) NOT NULL,
  `keywordsmeta` varchar(2000) NOT NULL
) ENGINE=MyISAM DEFAULT CHARSET=latin1;

-- --------------------------------------------------------

--
-- Table structure for table `lecturetable`
--

CREATE TABLE `lecturetable` (
  `date` varchar(100) NOT NULL,
  `userid` varchar(100) NOT NULL,
  `sectionid` varchar(100) NOT NULL,
  `title` varchar(1000) NOT NULL,
  `link` varchar(1000) NOT NULL,
  `content` varchar(10000) NOT NULL,
  `visitor` varchar(100) NOT NULL,
  `displaytop` varchar(100) NOT NULL
) ENGINE=MyISAM DEFAULT CHARSET=latin1;

-- --------------------------------------------------------

--
-- Table structure for table `lib_book_catagory`
--

CREATE TABLE `lib_book_catagory` (
  `id` int(11) NOT NULL,
  `name` varchar(1023) NOT NULL,
  `sectioncode` varchar(1023) NOT NULL
) ENGINE=MyISAM DEFAULT CHARSET=latin1;

--
-- Dumping data for table `lib_book_catagory`
--

INSERT INTO `lib_book_catagory` (`id`, `name`, `sectioncode`) VALUES
(9, 'cat2', 'sdfsd'),
(8, 'cat1', 'sec1'),
(10, 'cat3', 'sdfds'),
(11, 'bangla', '400');

-- --------------------------------------------------------

--
-- Table structure for table `lib_book_info`
--

CREATE TABLE `lib_book_info` (
  `id` int(11) NOT NULL,
  `purchasedate` date NOT NULL,
  `billno` varchar(255) NOT NULL,
  `isbnno` varchar(255) NOT NULL,
  `bookno` varchar(255) NOT NULL,
  `title` varchar(1023) NOT NULL,
  `subtitle` varchar(255) NOT NULL,
  `author` varchar(1023) NOT NULL,
  `editor` varchar(255) NOT NULL,
  `translator` varchar(255) NOT NULL,
  `subject` varchar(255) NOT NULL,
  `publisher` varchar(1023) CHARACTER SET utf32 NOT NULL,
  `placeofpublisher` varchar(255) NOT NULL,
  `callno` varchar(255) NOT NULL,
  `accessionno` varchar(255) NOT NULL,
  `edition` varchar(1023) NOT NULL,
  `yearofpublication` varchar(255) NOT NULL,
  `series` varchar(255) NOT NULL,
  `totalpage` varchar(255) NOT NULL,
  `bookcategory` varchar(255) NOT NULL,
  `noofcopies` varchar(255) NOT NULL,
  `shelfno` varchar(255) NOT NULL,
  `bookposition` varchar(255) NOT NULL,
  `bookcost` varchar(255) NOT NULL,
  `language` varchar(255) NOT NULL,
  `bookcondition` varchar(255) NOT NULL,
  `img` varchar(255) NOT NULL,
  `visitor` int(11) NOT NULL
) ENGINE=MyISAM DEFAULT CHARSET=utf8;

--
-- Dumping data for table `lib_book_info`
--

INSERT INTO `lib_book_info` (`id`, `purchasedate`, `billno`, `isbnno`, `bookno`, `title`, `subtitle`, `author`, `editor`, `translator`, `subject`, `publisher`, `placeofpublisher`, `callno`, `accessionno`, `edition`, `yearofpublication`, `series`, `totalpage`, `bookcategory`, `noofcopies`, `shelfno`, `bookposition`, `bookcost`, `language`, `bookcondition`, `img`, `visitor`) VALUES
(1, '0000-00-00', '', '&#2543;&#2542;&#2538;-&#2534;&#2541;-&#2539;&#2540;&#2538;&#2542;-&#2540;', '', '&#2453;&#2494;&#2480;&#2494;&#2455;&#2494;&#2480;&#2503;&#2480; &#2480;&#2507;&#2460;&#2472;&#2494;&#2478;&#2458;&#2494;', '', '&#2486;&#2503;&#2454; &#2478;&#2497;&#2460;&#2495;&#2476;&#2497;&#2480; &#2480;&#2489;&#2478;&#2494;&#2472;', '', '', '', '', '&#2466;&#2494;&#2453;&#2494;', '', '&#2536;&#2539;&#2542;&#2536;&#2535;', '&#2537;&#2527;', '&#2536;&#2534;&#2535;&#2541;', '', '&#2537;&#2537;&#2536;', '8', '2', '1', '1', '&#2538;&#2534;&#2534;', '&#2476;&#2494;&#2434;&#2482;&#2494;', 'New', 'upload/1534508011.jpg', 2886);

-- --------------------------------------------------------

--
-- Table structure for table `lib_book_issue`
--

CREATE TABLE `lib_book_issue` (
  `id` int(11) NOT NULL,
  `usertype` varchar(255) NOT NULL,
  `userid` varchar(255) NOT NULL,
  `bookid` varchar(255) NOT NULL,
  `issuedate` date NOT NULL,
  `duedate` date NOT NULL,
  `returndate` date NOT NULL
) ENGINE=MyISAM DEFAULT CHARSET=latin1;

--
-- Dumping data for table `lib_book_issue`
--

INSERT INTO `lib_book_issue` (`id`, `usertype`, `userid`, `bookid`, `issuedate`, `duedate`, `returndate`) VALUES
(1, 'student', '17-1745-6446093', '3', '0000-00-00', '2018-04-28', '2018-04-23'),
(2, 'student', '17-1744-6446037', '4', '2018-04-01', '2018-04-30', '2018-04-17'),
(3, 'student', '15-1105-5022906', '4', '2018-04-01', '2018-04-25', '0000-00-00'),
(4, 'student', '15-1123-5022942', '3', '2018-04-01', '2018-04-02', '0000-00-00'),
(5, 'student', '15-1502-5023394', '3', '2018-04-01', '2018-04-30', '2018-04-30'),
(6, 'student', '1494864473', '3', '2018-04-01', '2018-04-30', '0000-00-00'),
(7, 'employee', '1494864473', '4', '2018-04-01', '2018-04-30', '0000-00-00'),
(8, 'employee', '1494864473', '3', '2018-04-01', '2018-04-30', '0000-00-00'),
(9, 'employee', '1443600660', '3', '2018-04-01', '2018-04-30', '0000-00-00'),
(10, 'employee', 'ARB-134', '3', '2018-04-01', '2018-04-30', '0000-00-00'),
(11, 'student', '17-1744-6446037', '5', '2018-04-01', '2018-04-30', '0000-00-00'),
(12, 'student', '17-1744-6446037', '6', '2018-04-01', '2018-04-22', '0000-00-00'),
(13, 'student', '17-1744-6446037', '5', '2018-04-01', '2018-04-30', '0000-00-00'),
(14, 'employee', '1443600660', '4', '2018-04-01', '2018-04-30', '0000-00-00'),
(15, 'student', '31', '5', '2018-04-01', '2018-04-30', '2018-04-30'),
(16, 'student', '31', '4', '2018-04-02', '2018-04-16', '0000-00-00'),
(17, 'employee', '1524318720', '3', '2018-04-01', '2018-04-30', '0000-00-00'),
(18, 'employee', '1524318720', '4', '2018-04-03', '2018-04-04', '2018-04-30');

-- --------------------------------------------------------

--
